000
CXUS51 KPBZ 010830
CF6MGW
PRELIMINARY LOCAL CLIMATOLOGICAL DATA (WS FORM: F-6)
STATION: MORGANTOWN WV
MONTH: NOVEMBER
YEAR: 2020
LATITUDE: 39 39 N
LONGITUDE: 79 55 W
TEMPERATURE IN F: :PCPN: SNOW: WIND :SUNSHINE: SKY :PK WND
================================================================================
1 2 3 4 5 6A 6B 7 8 9 10 11 12 13 14 15 16 17 18
12Z AVG MX 2MIN
DY MAX MIN AVG DEP HDD CDD WTR SNW DPTH SPD SPD DIR MIN PSBL S-S WX SPD DR
================================================================================
1 59 32 46 -4 19 0 0.15 M M 11.1 21 290 M M 6 138 39 310
2 45 33 39 -10 26 0 0.00 M M 9.1 15 290 M M 5 23 290
3 59 34 47 -2 18 0 0.00 M M 6.5 14 210 M M 0 20 200
4 70 37 54 5 11 0 0.00 M M 3.1 9 210 M M 0 8 14 200
5 68 38 53 5 12 0 0.00 M M 3.6 14 210 M M 0 19 200
6 69 42 56 8 9 0 0.00 M M 1.5 9 180 M M 0 8 14 210
7 75 37 56 8 9 0 0.00 M M 0.6 6 300 M M 0 1 8 320
8 78 40 59 11 6 0 0.00 M M 1.7 8 350 M M 0 10 350
9 77 43 60 13 5 0 0.00 M M 1.5 7 320 M M 0 18 10 270
10 79 50 65 18 0 0 0.00 M M 3.6 15 170 M M 0 21 170
11 70 56 63 16 2 0 1.07 M M 4.9 15 180 M M 9 1 22 160
12 56 36 46 0 19 0 0.00 M M 4.7 15 350 M M 5 18 20 350
13 54 36 45 -1 20 0 0.00 M M 3.7 10 230 M M 4 1 15 230
14 54 30 42 -4 23 0 0.00 M M 2.0 12 160 M M 0 1 17 140
15 67 47 57 12 8 0 0.20 M M 11.3 25 220 M M 7 1 38 230
16 52 38 45 0 20 0 0.01 M M 7.6 17 270 M M 3 34 270
17 47 33 40 -4 25 0 0.05 M M 7.5 17 330 M M 8 8 29 330
18 42 31 37 -7 28 0 0.00 M M 4.5 9 200 M M 5 14 240
19 65 29 47 3 18 0 0.00 M M 7.3 14 210 M M 0 24 210
20 66 53 60 17 5 0 0.00 M M 8.3 17 230 M M 2 26 230
21 60 46 53 10 12 0 T M M 4.9 10 10 M M 10 18 13 350
22 64 46 55 12 10 0 0.32 M M 6.9 15 150 M M 5 1 22 160
23 51 32 42 0 23 0 0.01 M M 4.9 13 290 M M 9 1 20 280
24 48 28 38 -4 27 0 0.00 M M 3.4 12 160 M M 4 1 14 150
25 65 38 52 10 13 0 0.10 M M 5.4 15 160 M M 6 1 20 170
26 63 50 57 16 8 0 0.25 M M 6.3 18 170 M M 9 1 26 290
27 53 44 49 8 16 0 0.00 M M 1.3 10 220 M M 10 14 210
28 50 31 41 1 24 0 0.00 M M 3.5 12 290 M M 4 17 290
29 58 28 43 3 22 0 0.00 M M 0.7 8 160 M M 0 10 150
30 51 33 42 2 23 0 0.41 M M 6.0 14 230 M M 9 1 21 220
================================================================================
SM 1815 1151 461 0 2.57 M 147.4 M 120
================================================================================
AV 60.5 38.4 4.9 FASTST M M 4 MAX(MPH)
MISC ----> 25 220 39 310
================================================================================
NOTES:
# LAST OF SEVERAL OCCURRENCES
COLUMN 17 PEAK WIND IN M.P.H.
PRELIMINARY LOCAL CLIMATOLOGICAL DATA (WS FORM: F-6) , PAGE 2
STATION: MORGANTOWN WV
MONTH: NOVEMBER
YEAR: 2020
LATITUDE: 39 39 N
LONGITUDE: 79 55 W
[TEMPERATURE DATA] [PRECIPITATION DATA] SYMBOLS USED IN COLUMN 16
AVERAGE MONTHLY: 49.4 TOTAL FOR MONTH: 2.57 1 = FOG OR MIST
DPTR FM NORMAL: 4.5 DPTR FM NORMAL: -0.89 2 = FOG REDUCING VISIBILITY
HIGHEST: 79 ON 10 GRTST 24HR 1.07 ON 11-11 TO 1/4 MILE OR LESS
LOWEST: 28 ON 29,24 3 = THUNDER
SNOW, ICE PELLETS, HAIL 4 = ICE PELLETS
TOTAL MONTH: M 5 = HAIL
GRTST 24HR M ON M 6 = FREEZING RAIN OR DRIZZLE
GRTST DEPTH: M ON M 7 = DUSTSTORM OR SANDSTORM:
VSBY 1/2 MILE OR LESS
8 = SMOKE OR HAZE
[NO. OF DAYS WITH] [WEATHER - DAYS WITH] 9 = BLOWING SNOW
X = TORNADO
MAX 32 OR BELOW: 0 0.01 INCH OR MORE: 10
MAX 90 OR ABOVE: 0 0.10 INCH OR MORE: 7
MIN 32 OR BELOW: 8 0.50 INCH OR MORE: 1
MIN 0 OR BELOW: 0 1.00 INCH OR MORE: 1
[HDD (BASE 65) ]
TOTAL THIS MO. 461 CLEAR (SCALE 0-3) 12
DPTR FM NORMAL -145 PTCLDY (SCALE 4-7) 11
TOTAL FM JUL 1 810 CLOUDY (SCALE 8-10) 7
DPTR FM NORMAL -237
[CDD (BASE 65) ]
TOTAL THIS MO. 0
DPTR FM NORMAL -1 [PRESSURE DATA]
TOTAL FM JAN 1 1134 HIGHEST SLP 30.63 ON 18
DPTR FM NORMAL 320 LOWEST SLP 29.38 ON 30
[REMARKS]
#FINAL-11-20#