000
CXUS56 KMFR 011030
CF6MHS
PRELIMINARY LOCAL CLIMATOLOGICAL DATA (WS FORM: F-6)
STATION: MT SHASTA CITY CA
MONTH: DECEMBER
YEAR: 2023
LATITUDE: 41 19 N
LONGITUDE: 122 19 W
TEMPERATURE IN F: :PCPN: SNOW: WIND :SUNSHINE: SKY :PK WND
================================================================================
1 2 3 4 5 6A 6B 7 8 9 10 11 12 13 14 15 16 17 18
12Z AVG MX 2MIN
DY MAX MIN AVG DEP HDD CDD WTR SNW DPTH SPD SPD DIR MIN PSBL S-S WX SPD DR
================================================================================
1 37 31 34 -2 31 0 0.17 M M 0.7 6 90 M M 10 12 11 130
2 44 35 40 4 25 0 0.08 M M 3.1 9 90 M M 10 1 16 80
3 48 44 46 10 19 0 0.01 M M 3.6 9 120 M M 10 1 17 120
4 54 38 46 10 19 0 T M M 0.0 5 140 M M 7 1 11 220
5 60 37 49 13 16 0 0.00 M M 2.1 8 130 M M 3 1 19 140
6 53 38 46 11 19 0 0.64 M M 4.2 16 70 M M 9 18 32 70
7 39 30 35 0 30 0 0.06 M M 2.7 9 100 M M 8 12 19 80
8 42 26 34 -1 31 0 0.00 M M 0.7 8 310 M M 5 18 18 350
9 44 23 34 -1 31 0 0.00 M M 1.6 7 300 M M 1 18 18 330
10 48 25 37 2 28 0 0.00 M M 1.2 7 320 M M 1 18 16 310
11 51 31 41 6 24 0 0.00 M M 1.7 9 280 M M 2 1 16 290
12 51 28 40 5 25 0 0.00 M M 1.0 8 300 M M 1 18 14 310
13 48 25 37 3 28 0 0.00 M M 1.6 7 300 M M 0 18 11 300
14 53 29 41 7 24 0 0.00 M M 0.5 8 130 M M 0 18 14 140
15 57 28 43 9 22 0 0.00 M M 2.3 5 50 M M 0 8 M M
16 61 27 44 10 21 0 0.00 M M 0.6 5 99 M M 0 8 M M
17 50 28 39 5 26 0 T M M 0.1 6 300 M M 3 8 12 140
18 44 38 41 7 24 0 1.67 M M 2.4 10 120 M M 10 1 22 150
19 50 44 47 13 18 0 1.82 M M 3.9 14 90 M M 10 1 26 140
20 54 35 45 11 20 0 0.28 M M 0.5 6 210 M M 5 18 14 230
21 54 32 43 9 22 0 0.00 M M 0.8 8 300 M M 0 1 14 290
22 45 30 38 4 27 0 T M M 3.9 14 320 M M 4 1 28 300
23 40 25 33 -1 32 0 0.00 M M 1.5 9 300 M M 0 18 17 310
24 46 25 36 2 29 0 T M M 0.4 8 300 M M 5 18 14 290
25 48 34 41 7 24 0 0.00 M M 0.3 6 70 M M 9 1 9 130
26 54 30 42 7 23 0 0.00 M M 1.1 8 130 M M 1 1 17 130
27 46 39 43 8 22 0 0.85 M M 6.2 12 100 M M 10 18 23 130
28 49 42 46 11 19 0 0.06 M M 1.9 9 130 M M 10 1 19 150
29 50 38 44 9 21 0 1.28 M M 3.5 13 130 M M 10 1 28 150
30 47 37 42 7 23 0 0.04 M M 0.7 7 140 M M 9 12 14 130
31 46 31 39 4 26 0 0.04 M M 0.1 5 210 M M 8 12 9 150
================================================================================
SM 1513 1003 749 0 7.00 M 54.9 M 161
================================================================================
AV 48.8 32.4 1.8 FASTST M M 5 MAX(MPH)
MISC ----> 16 70 32 70
================================================================================
NOTES:
# LAST OF SEVERAL OCCURRENCES
COLUMN 17 PEAK WIND IN M.P.H.
PRELIMINARY LOCAL CLIMATOLOGICAL DATA (WS FORM: F-6) , PAGE 2
STATION: MT SHASTA CITY CA
MONTH: DECEMBER
YEAR: 2023
LATITUDE: 41 19 N
LONGITUDE: 122 19 W
[TEMPERATURE DATA] [PRECIPITATION DATA] SYMBOLS USED IN COLUMN 16
AVERAGE MONTHLY: 40.6 TOTAL FOR MONTH: 7.00 1 = FOG OR MIST
DPTR FM NORMAL: 5.7 DPTR FM NORMAL: 0.39 2 = FOG REDUCING VISIBILITY
HIGHEST: 61 ON 16 GRTST 24HR 2.13 ON 18-19 TO 1/4 MILE OR LESS
LOWEST: 23 ON 9 3 = THUNDER
SNOW, ICE PELLETS, HAIL 4 = ICE PELLETS
TOTAL MONTH: M 5 = HAIL
GRTST 24HR M ON M 6 = FREEZING RAIN OR DRIZZLE
GRTST DEPTH: M ON M 7 = DUSTSTORM OR SANDSTORM:
VSBY 1/2 MILE OR LESS
8 = SMOKE OR HAZE
[NO. OF DAYS WITH] [WEATHER - DAYS WITH] 9 = BLOWING SNOW
X = TORNADO
MAX 32 OR BELOW: 0 0.01 INCH OR MORE: 13
MAX 90 OR ABOVE: 0 0.10 INCH OR MORE: 7
MIN 32 OR BELOW: 18 0.50 INCH OR MORE: 5
MIN 0 OR BELOW: 0 1.00 INCH OR MORE: 3
[HDD (BASE 65) ]
TOTAL THIS MO. 749 CLEAR (SCALE 0-3) 12
DPTR FM NORMAL -185 PTCLDY (SCALE 4-7) 8
TOTAL FM JUL 1 1908 CLOUDY (SCALE 8-10) 11
DPTR FM NORMAL -372
[CDD (BASE 65) ]
TOTAL THIS MO. 0
DPTR FM NORMAL 0 [PRESSURE DATA]
TOTAL FM JAN 1 505 HIGHEST SLP 30.51 ON 9
DPTR FM NORMAL 196 LOWEST SLP 29.65 ON 19
[REMARKS]
#FINAL-12-23#