000
CXUS52 KMFL 011130
CF6MIA
PRELIMINARY LOCAL CLIMATOLOGICAL DATA (WS FORM: F-6)
STATION: MIAMI
MONTH: FEBRUARY
YEAR: 2021
LATITUDE: 25 49 N
LONGITUDE: 80 17 W
TEMPERATURE IN F: :PCPN: SNOW: WIND :SUNSHINE: SKY :PK WND
================================================================================
1 2 3 4 5 6A 6B 7 8 9 10 11 12 13 14 15 16 17 18
12Z AVG MX 2MIN
DY MAX MIN AVG DEP HDD CDD WTR SNW DPTH SPD SPD DIR MIN PSBL S-S WX SPD DR
================================================================================
1 76 57 67 -2 0 2 0.02 0.0 M 12.1 23 280 M M 4 35 270
2 65 52 59 -10 6 0 0.00 0.0 0 11.5 21 290 M M 3 29 260
3 67 50 59 -10 6 0 0.00 M 0 7.4 15 310 M M 0 24 280
4 72 49 61 -8 4 0 0.00 0.0 M 6.1 14 130 M M 4 22 140
5 78 56 67 -2 0 2 0.00 0.0 M 6.8 16 120 M M 3 22 180
6 82 71 77 8 0 12 0.98 0.0 M 7.4 20 150 M M 8 1 26 170
7 86 72 79 9 0 14 0.00 0.0 M 8.1 21 220 M M 7 1 29 200
8 85 72 79 9 0 14 0.00 M M 6.0 16 150 M M 5 138 24 150
9 83 70 77 7 0 12 0.00 M M 6.9 16 130 M M 4 1 22 130
10 83 70 77 7 0 12 0.00 M M 9.1 16 110 M M 5 21 150
11 81 73 77 7 0 12 0.00 0.0 M 10.0 18 120 M M 4 26 120
12 84 72 78 8 0 13 0.00 M M 8.4 17 120 M M 5 23 120
13 83 75 79 9 0 14 T M M 9.9 21 120 M M 7 29 140
14 86 76 81 11 0 16 0.00 M M 9.7 20 150 M M 6 31 180
15 86 75 81 11 0 16 0.22 M M 9.3 20 140 M M 5 1 27 170
16 83 72 78 8 0 13 1.24 0.0 0 7.4 18 200 M M 8 13 25 200
17 83 72 78 8 0 13 0.02 0.0 0 8.3 17 150 M M 7 1 25 130
18 85 75 80 9 0 15 0.00 0.0 M 10.8 20 160 M M 5 31 130
19 85 67 76 5 0 11 0.21 0.0 M 9.2 20 160 M M 6 8 25 180
20 76 62 69 -2 0 4 0.00 0.0 M 9.8 18 50 M M 6 27 50
21 76 64 70 -1 0 5 0.01 0.0 M 15.0 26 90 M M 5 34 80
22 81 70 76 5 0 11 T 0.0 M 11.7 22 90 M M 5 28 140
23 85 71 78 7 0 13 0.06 0.0 M 6.1 15 50 M M 7 1 22 280
24 80 70 75 4 0 10 0.13 0.0 0 5.7 15 100 M M 6 1 20 140
25 86 68 77 6 0 12 T 0.0 0 4.2 12 110 M M 4 1 18 180
26 84 71 78 7 0 13 0.01 0.0 0 8.0 16 100 M M 4 21 130
27 83 75 79 8 0 14 0.00 0.0 0 14.2 21 100 M M 6 28 130
28 84 75 80 9 0 15 T 0.0 M 13.8 24 100 M M 5 31 110
================================================================================
SM 2268 1902 16 288 2.90 0.0 252.9 M 144
================================================================================
AV 81.0 67.9 9.0 FASTST M M 5 MAX(MPH)
MISC ----> 26 90 35 270
================================================================================
NOTES:
# LAST OF SEVERAL OCCURRENCES
COLUMN 17 PEAK WIND IN M.P.H.
PRELIMINARY LOCAL CLIMATOLOGICAL DATA (WS FORM: F-6) , PAGE 2
STATION: MIAMI
MONTH: FEBRUARY
YEAR: 2021
LATITUDE: 25 49 N
LONGITUDE: 80 17 W
[TEMPERATURE DATA] [PRECIPITATION DATA] SYMBOLS USED IN COLUMN 16
AVERAGE MONTHLY: 74.5 TOTAL FOR MONTH: 2.90 1 = FOG OR MIST
DPTR FM NORMAL: 4.3 DPTR FM NORMAL: 0.65 2 = FOG REDUCING VISIBILITY
HIGHEST: 86 ON 25,15 GRTST 24HR 1.46 ON 15-16 TO 1/4 MILE OR LESS
LOWEST: 49 ON 4 3 = THUNDER
SNOW, ICE PELLETS, HAIL 4 = ICE PELLETS
TOTAL MONTH: 0.0 INCH 5 = HAIL
GRTST 24HR 0.0 6 = FREEZING RAIN OR DRIZZLE
GRTST DEPTH: 0 7 = DUSTSTORM OR SANDSTORM:
VSBY 1/2 MILE OR LESS
8 = SMOKE OR HAZE
[NO. OF DAYS WITH] [WEATHER - DAYS WITH] 9 = BLOWING SNOW
X = TORNADO
MAX 32 OR BELOW: 0 0.01 INCH OR MORE: 10
MAX 90 OR ABOVE: 0 0.10 INCH OR MORE: 5
MIN 32 OR BELOW: 0 0.50 INCH OR MORE: 2
MIN 0 OR BELOW: 0 1.00 INCH OR MORE: 1
[HDD (BASE 65) ]
TOTAL THIS MO. 16 CLEAR (SCALE 0-3) 1
DPTR FM NORMAL -10 PTCLDY (SCALE 4-7) 25
TOTAL FM JUL 1 64 CLOUDY (SCALE 8-10) 2
DPTR FM NORMAL -54
[CDD (BASE 65) ]
TOTAL THIS MO. 288
DPTR FM NORMAL 117 [PRESSURE DATA]
TOTAL FM JAN 1 421 HIGHEST SLP 30.28 ON 21
DPTR FM NORMAL 99 LOWEST SLP 29.81 ON 1
[REMARKS]
#FINAL-02-21#