000
CXUS53 KEAX 010736
CF6MKC
PRELIMINARY LOCAL CLIMATOLOGICAL DATA (WS FORM: F-6)
STATION: DOWNTOWN KANSAS CITY MO
MONTH: APRIL
YEAR: 2022
LATITUDE: 39 7 N
LONGITUDE: 94 36 W
TEMPERATURE IN F: :PCPN: SNOW: WIND :SUNSHINE: SKY :PK WND
================================================================================
1 2 3 4 5 6A 6B 7 8 9 10 11 12 13 14 15 16 17 18
12Z AVG MX 2MIN
DY MAX MIN AVG DEP HDD CDD WTR SNW DPTH SPD SPD DIR MIN PSBL S-S WX SPD DR
================================================================================
1 61 27 44 -8 21 0 0.00 M M 5.3 15 150 M M 1 21 130
2 62 46 54 2 11 0 T M M 8.4 22 340 M M 2 31 300
3 71 44 58 5 7 0 0.01 M M 7.7 17 160 M M 4 24 150
4 61 42 52 -1 13 0 0.00 M M 5.6 13 350 M M 1 12 17 340
5 71 47 59 6 6 0 0.08 M M 9.8 29 320 M M 8 41 320
6 63 40 52 -2 13 0 0.02 M M 14.0 33 280 M M 4 50 300
7 48 36 42 -12 23 0 0.01 M M 15.7 31 310 M M 6 1 48 300
8 52 35 44 -10 21 0 0.00 M M 13.1 23 320 M M 7 34 280
9 64 28 46 -9 19 0 0.00 M M 6.1 17 160 M M 0 24 150
10 81 53 67 12 0 2 0.00 M M 12.4 31 190 M M 0 46 220
11 67 49 58 3 7 0 0.01 M M 6.3 13 110 M M 3 19 110
12 85 51 68 12 0 3 0.00 M M 17.7 37 180 M M 4 1 55 170
13 72 34 53 -3 12 0 0.20 M M 10.7 37 260 M M 6 13 59 280
14 62 34 48 -8 17 0 0.00 M M 11.2 25 230 M M 0 37 250
15 62 44 53 -3 12 0 0.00 M M 8.9 18 20 M M 1 26 190
16 55 38 47 -10 18 0 0.00 M M 10.4 18 10 M M 1 26 20
17 48 35 42 -15 23 0 0.16 M M 9.2 16 60 M M 10 1 25 80
18 57 34 46 -11 19 0 0.00 M M 8.5 21 350 M M 4 31 330
19 58 35 47 -11 18 0 T M M 8.8 18 120 M M 4 28 140
20 59 49 54 -4 11 0 T M M 6.9 16 130 M M 10 1238 25 120
21 77 43 60 2 5 0 0.00 M M 7.5 20 100 M M 7 123 28 100
22 84 67 76 18 0 11 0.00 M M 16.4 29 190 M M 8 39 190
23 76 56 66 7 0 1 0.19 M M 19.0 35 190 M M 4 13 53 190
24 68 50 59 0 6 0 T M M 9.4 20 330 M M 3 29 330
25 61 42 52 -7 13 0 0.00 M M 9.8 20 330 M M 1 28 340
26 68 36 52 -8 13 0 0.00 M M 4.7 15 160 M M 0 21 170
27 78 51 65 5 0 0 0.00 M M 13.2 24 200 M M 1 34 200
28 73 59 66 6 0 1 T M M 12.3 21 190 M M 6 30 190
29 77 56 67 6 0 2 0.86 M M 10.9 39 210 M M 9 13 50 200
30 62 53 58 -3 7 0 T M M 14.7 28 230 M M 6 3 41 220
================================================================================
SM 1983 1314 315 20 1.54 M 314.6 M 121
================================================================================
AV 66.1 43.8 10.5 FASTST M M 4 MAX(MPH)
MISC ----> 39 210 59 280
================================================================================
NOTES:
# LAST OF SEVERAL OCCURRENCES
COLUMN 17 PEAK WIND IN M.P.H.
PRELIMINARY LOCAL CLIMATOLOGICAL DATA (WS FORM: F-6) , PAGE 2
STATION: DOWNTOWN KANSAS CITY MO
MONTH: APRIL
YEAR: 2022
LATITUDE: 39 7 N
LONGITUDE: 94 36 W
[TEMPERATURE DATA] [PRECIPITATION DATA] SYMBOLS USED IN COLUMN 16
AVERAGE MONTHLY: 55.0 TOTAL FOR MONTH: 1.54 1 = FOG OR MIST
DPTR FM NORMAL: -1.6 DPTR FM NORMAL: -2.35 2 = FOG REDUCING VISIBILITY
HIGHEST: 85 ON 12 GRTST 24HR 0.86 ON 29-29 TO 1/4 MILE OR LESS
LOWEST: 27 ON 1 3 = THUNDER
SNOW, ICE PELLETS, HAIL 4 = ICE PELLETS
TOTAL MONTH: M 5 = HAIL
GRTST 24HR M ON M 6 = FREEZING RAIN OR DRIZZLE
GRTST DEPTH: M ON M 7 = DUSTSTORM OR SANDSTORM:
VSBY 1/2 MILE OR LESS
8 = SMOKE OR HAZE
[NO. OF DAYS WITH] [WEATHER - DAYS WITH] 9 = BLOWING SNOW
X = TORNADO
MAX 32 OR BELOW: 0 0.01 INCH OR MORE: 9
MAX 90 OR ABOVE: 0 0.10 INCH OR MORE: 4
MIN 32 OR BELOW: 2 0.50 INCH OR MORE: 1
MIN 0 OR BELOW: 0 1.00 INCH OR MORE: 0
[HDD (BASE 65) ]
TOTAL THIS MO. 315 CLEAR (SCALE 0-3) 12
DPTR FM NORMAL 35 PTCLDY (SCALE 4-7) 14
TOTAL FM JUL 1 4221 CLOUDY (SCALE 8-10) 4
DPTR FM NORMAL -308
[CDD (BASE 65) ]
TOTAL THIS MO. 20
DPTR FM NORMAL -7 [PRESSURE DATA]
TOTAL FM JAN 1 20 HIGHEST SLP M ON M
DPTR FM NORMAL -13 LOWEST SLP 29.33 ON 12
[REMARKS]
#FINAL-04-22#