000
CXUS54 KFWD 010730
CF6MKN
PRELIMINARY LOCAL CLIMATOLOGICAL DATA (WS FORM: F-6)
STATION: COMANCHE
MONTH: MARCH
YEAR: 2023
LATITUDE: 31 55 N
LONGITUDE: 98 36 W
TEMPERATURE IN F: :PCPN: SNOW: WIND :SUNSHINE: SKY :PK WND
================================================================================
1 2 3 4 5 6A 6B 7 8 9 10 11 12 13 14 15 16 17 18
12Z AVG MX 2MIN
DY MAX MIN AVG DEP HDD CDD WTR SNW DPTH SPD SPD DIR MIN PSBL S-S WX SPD DR
================================================================================
1 70 58 64 M 1 0 0.00 M M 5.3 14 190 M M 4 17 300
2 81 51 66 M 0 1 0.42 M M 13.8 22 170 M M 5 3 32 170
3 68 41 55 M 10 0 0.08 M M 11.7 29 250 M M 1 43 250
4 78 44 61 M 4 0 0.00 M M 8.6 18 220 M M 0 29 220
5 80 51 66 M 0 1 0.00 M M 11.3 21 190 M M 0 25 190
6 85 58 72 M 0 7 0.00 M M 10.8 17 210 M M 0 24 200
7 83 56 70 M 0 5 0.00 M M 5.8 13 200 M M 0 1 16 210
8 64 46 55 M 10 0 0.00 M M 9.0 15 350 M M 4 1 21 350
9 70 48 59 M 6 0 0.04 M M 5.6 13 350 M M 2 12 20 360
10 72 49 61 M 4 0 0.00 M M 7.6 15 20 M M 5 23 20
11 89 55 72 M 0 7 0.00 M M 13.0 25 220 M M 0 35 220
12 66 49 58 M 7 0 M M M 11.9 16 350 M M 0 24 350
13 63 39 51 M 14 0 0.00 M M 7.7 14 50 M M 1 18 50
14 55 40 48 M 17 0 0.02 M M 5.9 9 150 M M 6 M M
15 72 44 58 M 7 0 0.00 M M 13.4 21 180 M M 4 28 180
16 84 41 63 M 2 0 0.02 M M 17.2 28 350 M M 0 36 350
17 55 37 46 M 19 0 0.05 M M 13.5 23 350 M M 2 33 360
18 58 37 48 M 17 0 0.00 M M 5.3 13 350 M M 2 20 20
19 64 30 47 M 18 0 0.00 M M 4.5 13 110 M M 0 8 18 110
20 60 38 49 M 16 0 0.00 M M 14.4 28 190 M M 2 37 190
21 82 51 67 M 0 2 0.00 M M 15.6 23 210 M M 0 35 210
22 89 64 77 M 0 12 0.00 M M 13.0 18 200 M M 0 26 180
23 84 66 75 M 0 10 0.00 M M 13.9 21 200 M M 0 26 200
24 77 56 67 M 0 2 0.66 M M 11.2 20 270 M M 0 3 32 270
25 76 49 63 M 2 0 0.00 M M 9.0 16 310 M M 0 23 310
26 78 45 62 M 3 0 0.00 M M 5.6 13 350 M M 0 M M
27 71 46 59 M 6 0 0.24 M M 5.5 13 360 M M 0 3 21 330
28 62 43 53 M 12 0 0.01 M M 9.8 17 360 M M 0 25 350
29 72 46 59 M 6 0 0.10 M M 7.1 15 150 M M 2 20 150
30 73 58 66 M 0 1 0.00 M M 13.5 22 180 M M 0 18 30 160
31 82 60 71 M 0 6 0.00 M M 15.0 25 190 M M 0 1 38 190
================================================================================
SM 2263 1496 181 54 1.64 M 315.7 M 40
================================================================================
AV 73.0 48.3 10.2 FASTST M M 1 MAX(MPH)
MISC ----> 29 250 43 250
================================================================================
NOTES:
# LAST OF SEVERAL OCCURRENCES
COLUMN 17 PEAK WIND IN M.P.H.
PRELIMINARY LOCAL CLIMATOLOGICAL DATA (WS FORM: F-6) , PAGE 2
STATION: COMANCHE
MONTH: MARCH
YEAR: 2023
LATITUDE: 31 55 N
LONGITUDE: 98 36 W
[TEMPERATURE DATA] [PRECIPITATION DATA] SYMBOLS USED IN COLUMN 16
AVERAGE MONTHLY: 60.6 TOTAL FOR MONTH: 1.64 1 = FOG OR MIST
DPTR FM NORMAL: 0.0 DPTR FM NORMAL: -1.26 2 = FOG REDUCING VISIBILITY
HIGHEST: 89 ON 22,11 GRTST 24HR 0.66 ON 24-24 TO 1/4 MILE OR LESS
LOWEST: 30 ON 19 3 = THUNDER
SNOW, ICE PELLETS, HAIL 4 = ICE PELLETS
TOTAL MONTH: M 5 = HAIL
GRTST 24HR M ON M 6 = FREEZING RAIN OR DRIZZLE
GRTST DEPTH: M ON M 7 = DUSTSTORM OR SANDSTORM:
VSBY 1/2 MILE OR LESS
8 = SMOKE OR HAZE
[NO. OF DAYS WITH] [WEATHER - DAYS WITH] 9 = BLOWING SNOW
X = TORNADO
MAX 32 OR BELOW: 0 0.01 INCH OR MORE: 10
MAX 90 OR ABOVE: 0 0.10 INCH OR MORE: 4
MIN 32 OR BELOW: 1 0.50 INCH OR MORE: 1
MIN 0 OR BELOW: 0 1.00 INCH OR MORE: 0
[HDD (BASE 65) ]
TOTAL THIS MO. 181 CLEAR (SCALE 0-3) 25
DPTR FM NORMAL M PTCLDY (SCALE 4-7) 6
TOTAL FM JUL 1 1656 CLOUDY (SCALE 8-10) 0
DPTR FM NORMAL M
[CDD (BASE 65) ]
TOTAL THIS MO. 54
DPTR FM NORMAL M [PRESSURE DATA]
TOTAL FM JAN 1 99 HIGHEST SLP M ON M
DPTR FM NORMAL M LOWEST SLP M ON M
[REMARKS]
#FINAL-03-23#