000
CXUS52 KMLB 010622
CF6MLB
PRELIMINARY LOCAL CLIMATOLOGICAL DATA (WS FORM: F-6)
STATION: MELBOURNE
MONTH: OCTOBER
YEAR: 2022
LATITUDE: 28 6 N
LONGITUDE: 80 39 W
TEMPERATURE IN F: :PCPN: SNOW: WIND :SUNSHINE: SKY :PK WND
================================================================================
1 2 3 4 5 6A 6B 7 8 9 10 11 12 13 14 15 16 17 18
12Z AVG MX 2MIN
DY MAX MIN AVG DEP HDD CDD WTR SNW DPTH SPD SPD DIR MIN PSBL S-S WX SPD DR
================================================================================
1 81 66 74 -7 0 9 0.00 0.0 0 6.0 13 60 M M 3 18 40
2 86 67 77 -3 0 12 0.00 0.0 0 6.0 17 320 M M 3 22 320
3 83 65 74 -6 0 9 0.00 0.0 0 9.5 20 20 M M 1 24 360
4 81 64 73 -7 0 8 T 0.0 0 11.7 22 360 M M 4 28 360
5 81 65 73 -7 0 8 0.00 0.0 0 8.0 14 50 M M 4 17 50
6 81 64 73 -7 0 8 0.00 0.0 0 5.6 14 50 M M 0 17 30
7 83 62 73 -7 0 8 0.00 0.0 0 6.1 15 30 M M 0 20 40
8 83 64 74 -5 0 9 0.00 0.0 0 9.4 20 30 M M 2 24 30
9 86 73 80 1 0 15 0.00 0.0 0 10.5 17 30 M M 4 21 30
10 86 74 80 1 0 15 T 0.0 0 8.6 18 30 M M 8 3 22 40
11 86 73 80 1 0 15 0.00 0.0 0 7.4 14 30 M M 3 18 30
12 84 75 80 1 0 15 0.00 0.0 0 4.9 13 240 M M 3 16 100
13 84 73 79 1 0 14 0.00 0.0 0 5.2 13 240 M M 3 15 250
14 86 72 79 1 0 14 0.00 0.0 0 7.1 17 40 M M 2 20 30
15 85 71 78 0 0 13 0.95 0.0 0 10.6 22 70 M M 5 13 25 70
16 83 74 79 1 0 14 0.00 0.0 0 8.4 14 70 M M 2 17 60
17 85 70 78 0 0 13 0.48 0.0 0 6.2 16 190 M M 4 13 22 180
18 85 70 78 1 0 13 0.20 0.0 0 7.1 17 220 M M 5 1 22 210
19 70 56 63 -14 2 0 0.00 0.0 0 12.5 20 350 M M 3 27 330
20 74 56 65 -12 0 0 0.00 0.0 0 11.2 18 360 M M 6 23 340
21 76 61 69 -7 0 4 0.00 0.0 0 11.4 20 360 M M 3 27 360
22 81 58 70 -6 0 5 0.00 0.0 0 9.4 18 30 M M 0 23 10
23 82 64 73 -3 0 8 0.23 0.0 0 9.3 17 360 M M 1 1 26 360
24 83 67 75 -1 0 10 T 0.0 0 7.3 16 50 M M 3 21 50
25 82 63 73 -3 0 8 0.00 0.0 0 5.7 13 40 M M 1 16 30
26 85 62 74 -1 0 9 0.00 0.0 0 6.4 14 260 M M 1 21 230
27 83 68 76 1 0 11 0.00 0.0 0 4.9 13 100 M M 2 15 100
28 83 69 76 1 0 11 0.00 0.0 0 6.4 17 40 M M 2 12 20 10
29 84 69 77 3 0 12 0.02 0.0 0 8.4 17 50 M M 2 1 22 40
30 83 74 79 5 0 14 T 0.0 0 8.7 16 70 M M 3 21 70
31 84 69 77 3 0 12 0.00 0.0 0 4.8 14 60 M M 1 16 60
================================================================================
SM 2559 2078 2 316 1.88 0.0 244.7 M 84
================================================================================
AV 82.5 67.0 7.9 FASTST M M 3 MAX(MPH)
MISC ----> # 22 360 28 360
================================================================================
NOTES:
# LAST OF SEVERAL OCCURRENCES
COLUMN 17 PEAK WIND IN M.P.H.
PRELIMINARY LOCAL CLIMATOLOGICAL DATA (WS FORM: F-6) , PAGE 2
STATION: MELBOURNE
MONTH: OCTOBER
YEAR: 2022
LATITUDE: 28 6 N
LONGITUDE: 80 39 W
[TEMPERATURE DATA] [PRECIPITATION DATA] SYMBOLS USED IN COLUMN 16
AVERAGE MONTHLY: 74.8 TOTAL FOR MONTH: 1.88 1 = FOG OR MIST
DPTR FM NORMAL: -2.7 DPTR FM NORMAL: -2.98 2 = FOG REDUCING VISIBILITY
HIGHEST: 86 ON 14,11 GRTST 24HR 0.95 ON 15-15 TO 1/4 MILE OR LESS
LOWEST: 56 ON 20,19 3 = THUNDER
SNOW, ICE PELLETS, HAIL 4 = ICE PELLETS
TOTAL MONTH: 0.0 INCH 5 = HAIL
GRTST 24HR 0.0 6 = FREEZING RAIN OR DRIZZLE
GRTST DEPTH: 0 7 = DUSTSTORM OR SANDSTORM:
VSBY 1/2 MILE OR LESS
8 = SMOKE OR HAZE
[NO. OF DAYS WITH] [WEATHER - DAYS WITH] 9 = BLOWING SNOW
X = TORNADO
MAX 32 OR BELOW: 0 0.01 INCH OR MORE: 5
MAX 90 OR ABOVE: 0 0.10 INCH OR MORE: 4
MIN 32 OR BELOW: 0 0.50 INCH OR MORE: 1
MIN 0 OR BELOW: 0 1.00 INCH OR MORE: 0
[HDD (BASE 65) ]
TOTAL THIS MO. 2 CLEAR (SCALE 0-3) 20
DPTR FM NORMAL -2 PTCLDY (SCALE 4-7) 11
TOTAL FM JUL 1 2 CLOUDY (SCALE 8-10) 0
DPTR FM NORMAL 2
[CDD (BASE 65) ]
TOTAL THIS MO. 316
DPTR FM NORMAL -77 [PRESSURE DATA]
TOTAL FM JAN 1 3531 HIGHEST SLP M ON M
DPTR FM NORMAL -7 LOWEST SLP 29.76 ON 18
[REMARKS]
#FINAL-10-22#