000
CXUS52 KMLB 012055 RRA
CF6MLB
PRELIMINARY LOCAL CLIMATOLOGICAL DATA (WS FORM: F-6)
STATION: MELBOURNE
MONTH: JANUARY
YEAR: 2024
LATITUDE: 28 6 N
LONGITUDE: 80 39 W
TEMPERATURE IN F: :PCPN: SNOW: WIND :SUNSHINE: SKY :PK WND
================================================================================
1 2 3 4 5 6A 6B 7 8 9 10 11 12 13 14 15 16 17 18
12Z AVG MX 2MIN
DY MAX MIN AVG DEP HDD CDD WTR SNW DPTH SPD SPD DIR MIN PSBL S-S WX SPD DR
================================================================================
1 70 44 57 -6 8 0 0.00 0.0 0 5.2 18 290 M M 2 1 25 280
2 63 49 56 -6 9 0 0.00 0.0 0 9.2 16 10 M M 1 21 330
3 70 46 58 -4 7 0 0.01 0.0 0 5.3 15 140 M M 3 21 130
4 64 51 58 -4 7 0 0.01 0.0 0 11.0 21 10 M M 6 1 26 360
5 73 48 61 -1 4 0 0.00 0.0 0 11.5 18 140 M M 3 31 140
6 76 67 72 10 0 7 0.66 0.0 0 11.9 21 200 M M 5 1 33 210
7 67 53 60 -2 5 0 0.15 0.0 0 6.9 25 310 M M 6 1 31 300
8 70 56 63 1 2 0 0.00 0.0 0 12.7 22 140 M M 2 34 150
9 81 60 71 9 0 6 0.48 0.0 0 18.2 31 280 M M 6 13 44 190
10 66 50 58 -4 7 0 0.00 0.0 0 7.9 20 250 M M 3 28 230
11 62 46 54 -8 11 0 0.08 0.0 0 4.8 14 360 M M 5 1 18 360
12 82 59 71 9 0 6 0.54 0.0 0 9.7 29 210 M M 9 1 44 190
13 73 52 63 1 2 0 0.30 0.0 0 10.9 22 290 M M 6 13 30 290
14 62 50 56 -6 9 0 0.26 0.0 0 5.4 14 340 M M 5 1 18 330
15 74 59 67 6 0 2 1.65 0.0 0 4.1 17 170 M M 9 123 22 170
16 75 63 69 8 0 4 0.89 0.0 0 9.4 25 250 M M 6 13 39 240
17 64 48 56 -5 9 0 0.00 0.0 0 11.3 18 10 M M 2 26 360
18 73 49 61 0 4 0 0.27 0.0 0 6.2 21 290 M M 9 1 25 290
19 77 57 67 6 0 2 0.03 0.0 0 7.4 20 340 M M 7 12 24 340
20 58 46 52 -9 13 0 0.00 0.0 0 12.2 18 20 M M 0 1 25 360
21 64 40 52 -9 13 0 0.00 0.0 0 14.0 26 350 M M 3 33 350
22 69 60 65 4 0 0 T 0.0 0 13.2 20 100 M M 9 27 90
23 76 65 71 9 0 6 T 0.0 0 10.7 20 110 M M 9 18 30 120
24 77 68 73 11 0 8 0.00 0.0 0 9.6 18 130 M M 3 28 140
25 79 69 74 12 0 9 0.00 0.0 0 9.2 20 130 M M 2 29 130
26 79 65 72 10 0 7 0.01 0.0 0 4.3 13 130 M M 3 1 18 120
27 80 68 74 12 0 9 0.17 0.0 0 7.3 21 170 M M 5 1 26 170
28 76 52 64 2 1 0 0.01 0.0 0 13.3 24 280 M M 4 1 29 280
29 62 47 55 -7 10 0 0.00 0.0 0 9.3 21 310 M M 1 28 310
30 71 46 59 -3 6 0 0.00 0.0 0 7.2 13 270 M M 0 16 150
31 74 46 60 -2 5 0 0.00 0.0 0 11.6 24 280 M M 0 32 300
================================================================================
SM 2207 1679 132 66 5.52 0.0 290.9 M 134
================================================================================
AV 71.2 54.2 9.4 FASTST M M 4 MAX(MPH)
MISC ----> 31 280 # 44 190
================================================================================
NOTES:
# LAST OF SEVERAL OCCURRENCES
COLUMN 17 PEAK WIND IN M.P.H.
PRELIMINARY LOCAL CLIMATOLOGICAL DATA (WS FORM: F-6) , PAGE 2
STATION: MELBOURNE
MONTH: JANUARY
YEAR: 2024
LATITUDE: 28 6 N
LONGITUDE: 80 39 W
[TEMPERATURE DATA] [PRECIPITATION DATA] SYMBOLS USED IN COLUMN 16
AVERAGE MONTHLY: 62.7 TOTAL FOR MONTH: 5.52 1 = FOG OR MIST
DPTR FM NORMAL: 1.0 DPTR FM NORMAL: 2.89 2 = FOG REDUCING VISIBILITY
HIGHEST: 82 ON 12 GRTST 24HR 1.65 ON 15-15 TO 1/4 MILE OR LESS
LOWEST: 40 ON 21 3 = THUNDER
SNOW, ICE PELLETS, HAIL 4 = ICE PELLETS
TOTAL MONTH: 0.0 INCH 5 = HAIL
GRTST 24HR 0.0 6 = FREEZING RAIN OR DRIZZLE
GRTST DEPTH: 0 7 = DUSTSTORM OR SANDSTORM:
VSBY 1/2 MILE OR LESS
8 = SMOKE OR HAZE
[NO. OF DAYS WITH] [WEATHER - DAYS WITH] 9 = BLOWING SNOW
X = TORNADO
MAX 32 OR BELOW: 0 0.01 INCH OR MORE: 16
MAX 90 OR ABOVE: 0 0.10 INCH OR MORE: 10
MIN 32 OR BELOW: 0 0.50 INCH OR MORE: 4
MIN 0 OR BELOW: 0 1.00 INCH OR MORE: 1
[HDD (BASE 65) ]
TOTAL THIS MO. 132 CLEAR (SCALE 0-3) 12
DPTR FM NORMAL -30 PTCLDY (SCALE 4-7) 14
TOTAL FM JUL 1 218 CLOUDY (SCALE 8-10) 5
DPTR FM NORMAL -89
[CDD (BASE 65) ]
TOTAL THIS MO. 66
DPTR FM NORMAL 4 [PRESSURE DATA]
TOTAL FM JAN 1 66 HIGHEST SLP M ON M
DPTR FM NORMAL 4 LOWEST SLP 29.69 ON 9
[REMARKS]
#FINAL-01-24#