000
CXUS52 KMLB 011208
CLMMLB
CLIMATE REPORT
NATIONAL WEATHER SERVICE MELBOURNE FL
808 AM EDT MON MAY 01 2023
...................................
...THE MELBOURNE CLIMATE SUMMARY FOR THE MONTH OF APRIL 2023...
CLIMATE NORMAL PERIOD 1991 TO 2020
CLIMATE RECORD PERIOD 1939 TO 2023
WEATHER OBSERVED NORMAL DEPART LAST YEAR`S
VALUE DATE(S) VALUE FROM VALUE
NORMAL
..............................................................
TEMPERATURE (F)
MONTHLY RECORD
HOTTEST 77.1 2015
COLDEST 65.7 1987
DAILY RECORD
HIGH 97 04/15/1999
04/25/1967
LOW 35 04/08/1971
APRIL 2023
HIGHEST 92 04/01 90
LOWEST 55 04/18 46
AVG. MAXIMUM 83.5 82.3 1.2 80.5
AVG. MINIMUM 68.1 63.9 4.2 66.0
MEAN 75.8 73.1 2.7 73.3
DAYS MAX >= 90 1 1.5 -0.5 1
DAYS MAX <= 32 0 0.0 0.0 0
DAYS MIN <= 32 0 0.0 0.0 0
DAYS MIN <= 0 0 0.0 0.0 0
PRECIPITATION (INCHES)
MONTHLY RECORD
MAXIMUM 8.15 1951
MINIMUM 0.01 1987
DAILY RECORD
MAXIMUM 4.46 04/01/2022
APRIL 2023
TOTALS 4.72 2.29 2.43 5.82
DAYS >= .01 18 6.4 11.6 5
DAYS >= .10 8 3.8 4.2 3
DAYS >= .50 4 1.6 2.4 2
DAYS >= 1.00 0 0.4 -0.4 2
GREATEST
24 HR. TOTAL 0.91 04/16 TO 04/17
SNOWFALL (INCHES)
TOTALS T MM MM 0.0
SINCE 7/1 T MM MM MM
DAYS >= TRACE 1 0
DEGREE DAYS
HEATING TOTAL 0 9 -9 9
SINCE 7/1 242 385 -143 MM
COOLING TOTAL 331 252 79 266
SINCE 1/1 851 585 266 MM
..............................................................
WIND (MPH)
AVERAGE WIND SPEED 11.1
HIGHEST WIND SPEED/DIRECTION 44/290 DATE 04/27
HIGHEST GUST SPEED/DIRECTION 58/300 DATE 04/27
SKY COVER
POSSIBLE SUNSHINE (PERCENT) MM
AVERAGE SKY COVER 0.36
NUMBER OF DAYS FAIR 18
NUMBER OF DAYS PC 9
NUMBER OF DAYS CLOUDY 3
AVERAGE RH (PERCENT) 72
WEATHER CONDITIONS. NUMBER OF DAYS WITH
THUNDERSTORM 11 MIXED PRECIP 0
HEAVY RAIN 4 RAIN 7
LIGHT RAIN 17 LT FREEZING RAIN 0
HAIL 1 LIGHT SNOW 0
SLEET 0 FOG 11
FOG W/VIS <= 1/4 MILE 2 HAZE 4
- INDICATES NEGATIVE NUMBERS.
R INDICATES RECORD WAS SET OR TIED.
MM INDICATES DATA IS MISSING.
T INDICATES TRACE AMOUNT.
$$