000
CXUS54 KSHV 011300
CF6MLU
PRELIMINARY LOCAL CLIMATOLOGICAL DATA (WS FORM: F-6)
STATION: MONROE
MONTH: JULY
YEAR: 2022
LATITUDE: 32 30 N
LONGITUDE: 92 2 W
TEMPERATURE IN F: :PCPN: SNOW: WIND :SUNSHINE: SKY :PK WND
================================================================================
1 2 3 4 5 6A 6B 7 8 9 10 11 12 13 14 15 16 17 18
12Z AVG MX 2MIN
DY MAX MIN AVG DEP HDD CDD WTR SNW DPTH SPD SPD DIR MIN PSBL S-S WX SPD DR
================================================================================
1 91 73 82 0 0 17 0.00 0.0 0 4.8 21 220 M M 4 27 210
2 87 75 81 -1 0 16 0.82 0.0 0 3.5 21 270 M M 5 138 28 270
3 90 75 83 1 0 18 T 0.0 0 3.9 10 240 M M 3 13 240
4 98 77 88 6 0 23 0.00 0.0 0 4.0 13 240 M M 2 15 260
5 99 78 89 7 0 24 0.00 0.0 0 5.0 13 270 M M 1 15 270
6 96 75 86 4 0 21 0.10 0.0 0 3.7 17 210 M M 2 138 20 210
7 96 74 85 3 0 20 0.00 0.0 0 3.7 9 220 M M 2 1 12 220
8 98 77 88 6 0 23 0.00 0.0 0 4.4 10 260 M M 1 13 180
9 102 79 91 8 0 26 0.18 0.0 0 7.1 17 40 M M 2 138 23 40
10 89 75 82 -1 0 17 0.33 0.0 0 5.4 13 30 M M 6 13 17 40
11 96 72 84 1 0 19 0.00 0.0 0 3.9 13 40 M M 2 1 16 30
12 97 72 85 2 0 20 0.00 0.0 0 3.0 13 40 M M 1 1 17 40
13 101 75 88 5 0 23 0.14 0.0 0 3.3 22 230 M M 2 13 29 220
14 94 74 84 1 0 19 0.00 0.0 0 2.9 8 60 M M 2 1 11 120
15 96 73 85 2 0 20 0.00 0.0 0 2.4 9 70 M M 2 13 70
16 98 74 86 3 0 21 0.00 0.0 0 3.5 13 280 M M 1 16 270
17 99 77 88 5 0 23 0.00 0.0 0 5.7 13 280 M M 2 16 280
18 99 80 90 7 0 25 0.00 0.0 0 8.0 17 200 M M 2 8 23 190
19 99 80 90 7 0 25 0.00 0.0 0 11.7 20 240 M M 1 29 200
20 100 80 90 7 0 25 0.00 0.0 0 10.3 20 260 M M 0 30 250
21 100 80 90 7 0 25 0.00 0.0 0 11.0 23 260 M M 0 3 27 260
22 97 71 84 1 0 19 0.60 0.0 0 4.5 24 90 M M 2 13 34 50
23 97 73 85 2 0 20 0.00 0.0 0 3.9 12 190 M M 2 12 15 190
24 98 76 87 4 0 22 0.00 0.0 0 5.2 14 260 M M 1 17 220
25 99 76 88 5 0 23 0.00 0.0 0 5.7 14 260 M M 1 18 190
26 99 75 87 4 0 22 0.00 0.0 0 6.0 14 200 M M 2 21 180
27 98 76 87 4 0 22 0.00 0.0 0 6.3 23 190 M M 2 28 210
28 99 75 87 4 0 22 0.00 0.0 0 6.9 25 200 M M 2 3 33 210
29 98 76 87 4 0 22 0.27 0.0 0 5.4 25 200 M M 3 138 32 200
30 96 76 86 3 0 21 0.01 0.0 0 5.8 23 210 M M 2 3 32 180
31 95 76 86 3 0 21 0.00 0.0 0 4.3 12 70 M M 1 15 60
================================================================================
SM 3001 2345 0 664 2.45 0.0 165.2 M 61
================================================================================
AV 96.8 75.6 5.3 FASTST M M 2 MAX(MPH)
MISC ----> # 25 200 34 50
================================================================================
NOTES:
# LAST OF SEVERAL OCCURRENCES
COLUMN 17 PEAK WIND IN M.P.H.
PRELIMINARY LOCAL CLIMATOLOGICAL DATA (WS FORM: F-6) , PAGE 2
STATION: MONROE
MONTH: JULY
YEAR: 2022
LATITUDE: 32 30 N
LONGITUDE: 92 2 W
[TEMPERATURE DATA] [PRECIPITATION DATA] SYMBOLS USED IN COLUMN 16
AVERAGE MONTHLY: 86.2 TOTAL FOR MONTH: 2.45 1 = FOG OR MIST
DPTR FM NORMAL: 3.4 DPTR FM NORMAL: -1.49 2 = FOG REDUCING VISIBILITY
HIGHEST: 102 ON 9 GRTST 24HR 0.82 ON 2- 2 TO 1/4 MILE OR LESS
LOWEST: 71 ON 22 3 = THUNDER
SNOW, ICE PELLETS, HAIL 4 = ICE PELLETS
TOTAL MONTH: 0.0 INCH 5 = HAIL
GRTST 24HR 0.0 6 = FREEZING RAIN OR DRIZZLE
GRTST DEPTH: 0 7 = DUSTSTORM OR SANDSTORM:
VSBY 1/2 MILE OR LESS
8 = SMOKE OR HAZE
[NO. OF DAYS WITH] [WEATHER - DAYS WITH] 9 = BLOWING SNOW
X = TORNADO
MAX 32 OR BELOW: 0 0.01 INCH OR MORE: 8
MAX 90 OR ABOVE: 29 0.10 INCH OR MORE: 7
MIN 32 OR BELOW: 0 0.50 INCH OR MORE: 2
MIN 0 OR BELOW: 0 1.00 INCH OR MORE: 0
[HDD (BASE 65) ]
TOTAL THIS MO. 0 CLEAR (SCALE 0-3) 27
DPTR FM NORMAL 0 PTCLDY (SCALE 4-7) 4
TOTAL FM JUL 1 0 CLOUDY (SCALE 8-10) 0
DPTR FM NORMAL 0
[CDD (BASE 65) ]
TOTAL THIS MO. 664
DPTR FM NORMAL 111 [PRESSURE DATA]
TOTAL FM JAN 1 1704 HIGHEST SLP 30.18 ON 30
DPTR FM NORMAL 268 LOWEST SLP 29.81 ON 20
[REMARKS]
#FINAL-07-22#