000
CXUS55 KBOU 011000
CF6MNH
PRELIMINARY LOCAL CLIMATOLOGICAL DATA (WS FORM: F-6)
STATION: ELBERT 6W CO
MONTH: JANUARY
YEAR: 2021
LATITUDE: 39 13 N
LONGITUDE: 104 38 W
TEMPERATURE IN F: :PCPN: SNOW: WIND :SUNSHINE: SKY :PK WND
================================================================================
1 2 3 4 5 6A 6B 7 8 9 10 11 12 13 14 15 16 17 18
12Z AVG MX 2MIN
DY MAX MIN AVG DEP HDD CDD WTR SNW DPTH SPD SPD DIR MIN PSBL S-S WX SPD DR
================================================================================
1 32 18 25 M 40 0 0.00 M M 8.3 13 180 M M 3 M M
2 45 14 30 M 35 0 0.00 M M 9.1 14 340 M M 0 21 350
3 46 16 31 M 34 0 0.00 M M 6.8 12 310 M M 0 M M
4 45 19 32 M 33 0 0.00 M M 12.5 20 180 M M 0 21 190
5 50 21 36 M 29 0 0.00 M M 13.3 24 320 M M 2 32 320
6 36 14 25 M 40 0 0.00 M M 5.9 10 310 M M 0 M M
7 45 19 32 M 33 0 0.00 M M 5.3 12 260 M M 1 M M
8 36 14 25 M 40 0 0.00 M M 6.2 12 160 M M 0 M M
9 27 19 23 M 42 0 0.01 M M 4.5 10 160 M M 8 M M
10 30 10 20 M 45 0 0.00 M M 5.3 9 240 M M 4 1 M M
11 39 10 25 M 40 0 0.00 M M 5.7 10 200 M M 0 M M
12 50 14 32 M 33 0 0.00 M M 6.7 14 210 M M 0 M M
13 55 32 44 M 21 0 0.00 M M 10.5 21 300 M M 0 36 310
14 37 10 24 M 41 0 0.00 M M 17.4 37 330 M M 1 48 330
15 36 9 23 M 42 0 0.00 M M 8.0 16 350 M M 0 22 350
16 37 21 29 M 36 0 0.00 M M 5.8 13 360 M M 2 20 360
17 43 19 31 M 34 0 0.00 M M 5.4 10 230 M M 3 M M
18 32 19 26 M 39 0 0.00 M M 7.7 16 10 M M 8 23 350
19 32 16 24 M 41 0 0.00 M M 6.8 15 180 M M 1 22 180
20 54 23 39 M 26 0 0.00 M M 10.7 22 230 M M 0 29 230
21 45 27 36 M 29 0 0.00 M M 8.3 15 170 M M 0 17 20
22 46 19 33 M 32 0 0.00 M M 9.2 16 180 M M 0 22 180
23 46 19 33 M 32 0 0.00 M M 9.2 18 260 M M 2 1 28 270
24 32 18 25 M 40 0 0.00 M M 11.2 20 170 M M 5 1 24 190
25 28 9 19 M 46 0 0.02 M M 8.2 18 290 M M 8 1 16 290
26 19 7 13 M 52 0 0.00 M M 7.1 12 290 M M 9 18 M M
27 36 3 20 M 45 0 0.00 M M 10.6 18 220 M M 0 25 220
28 50 32 41 M 24 0 0.00 M M 10.7 20 220 M M 0 28 220
29 54 28 41 M 24 0 0.00 M M 11.5 23 250 M M 0 28 230
30 43 23 33 M 32 0 0.00 M M 10.5 23 330 M M 1 30 330
31 45 16 31 M 34 0 0.00 M M 5.6 13 200 M M 0 18 200
================================================================================
SM 1251 538 1114 0 0.03 M 263.9 M 58
================================================================================
AV 40.4 17.4 8.5 FASTST M M 2 MAX(MPH)
MISC ----> 37 330 48 330
================================================================================
NOTES:
# LAST OF SEVERAL OCCURRENCES
COLUMN 17 PEAK WIND IN M.P.H.
PRELIMINARY LOCAL CLIMATOLOGICAL DATA (WS FORM: F-6) , PAGE 2
STATION: ELBERT 6W CO
MONTH: JANUARY
YEAR: 2021
LATITUDE: 39 13 N
LONGITUDE: 104 38 W
[TEMPERATURE DATA] [PRECIPITATION DATA] SYMBOLS USED IN COLUMN 16
AVERAGE MONTHLY: 28.9 TOTAL FOR MONTH: 0.03 1 = FOG OR MIST
DPTR FM NORMAL: 0.0 DPTR FM NORMAL: M 2 = FOG REDUCING VISIBILITY
HIGHEST: 55 ON 13 GRTST 24HR 0.16 ON 9- 9 TO 1/4 MILE OR LESS
LOWEST: 3 ON 27 3 = THUNDER
SNOW, ICE PELLETS, HAIL 4 = ICE PELLETS
TOTAL MONTH: M 5 = HAIL
GRTST 24HR M ON M 6 = FREEZING RAIN OR DRIZZLE
GRTST DEPTH: M ON M 7 = DUSTSTORM OR SANDSTORM:
VSBY 1/2 MILE OR LESS
8 = SMOKE OR HAZE
[NO. OF DAYS WITH] [WEATHER - DAYS WITH] 9 = BLOWING SNOW
X = TORNADO
MAX 32 OR BELOW: 8 0.01 INCH OR MORE: 2
MAX 90 OR ABOVE: 0 0.10 INCH OR MORE: 0
MIN 32 OR BELOW: 31 0.50 INCH OR MORE: 0
MIN 0 OR BELOW: 0 1.00 INCH OR MORE: 0
[HDD (BASE 65) ]
TOTAL THIS MO. 1114 CLEAR (SCALE 0-3) 25
DPTR FM NORMAL M PTCLDY (SCALE 4-7) 4
TOTAL FM JUL 1 3944 CLOUDY (SCALE 8-10) 2
DPTR FM NORMAL M
[CDD (BASE 65) ]
TOTAL THIS MO. 0
DPTR FM NORMAL M [PRESSURE DATA]
TOTAL FM JAN 1 0 HIGHEST SLP M ON M
DPTR FM NORMAL M LOWEST SLP M ON M
[REMARKS]
#FINAL-01-21#