000
CXUS56 KSTO 020553
CF6MOD
PRELIMINARY LOCAL CLIMATOLOGICAL DATA (WS FORM: F-6)
STATION: MODESTO CA
MONTH: FEBRUARY
YEAR: 2020
LATITUDE: 37 37 N
LONGITUDE: 120 57 W
TEMPERATURE IN F: :PCPN: SNOW: WIND :SUNSHINE: SKY :PK WND
================================================================================
1 2 3 4 5 6A 6B 7 8 9 10 11 12 13 14 15 16 17 18
12Z AVG MX 2MIN
DY MAX MIN AVG DEP HDD CDD WTR SNW DPTH SPD SPD DIR MIN PSBL S-S WX SPD DR
================================================================================
1 68 38 53 3 12 0 0.00 0.0 0 1.0 7 320 M M 3 128 8 320
2 60 40 50 0 15 0 0.00 0.0 0 11.4 30 320 M M 4 12 35 290
3 55 37 46 -5 19 0 0.00 0.0 0 17.0 26 340 M M 0 35 340
4 54 30 42 -9 23 0 0.00 0.0 0 6.3 14 310 M M 0 17 310
5 59 30 45 -6 20 0 0.00 0.0 0 2.0 8 320 M M 0 10 50
6 63 34 49 -2 16 0 0.00 0.0 0 4.3 9 310 M M 0 1 12 300
7 67 35 51 0 14 0 0.00 0.0 0 1.9 7 340 M M 0 18 9 330
8 63 37 50 -2 15 0 0.00 0.0 0 6.8 23 300 M M 0 18 28 300
9 67 42 55 3 10 0 0.00 0.0 0 15.8 31 10 M M 0 44 30
10 70 42 56 4 9 0 0.00 0.0 0 11.5 21 310 M M 0 28 310
11 66 36 51 -1 14 0 0.00 0.0 0 2.3 8 330 M M 0 18 11 330
12 68 37 53 1 12 0 0.00 0.0 0 2.9 9 310 M M 0 8 11 320
13 68 37 53 0 12 0 0.00 0.0 0 3.8 14 330 M M 0 18 18 330
14 63 42 53 0 12 0 0.00 0.0 0 6.1 16 330 M M 0 1 19 330
15 69 37 53 0 12 0 0.00 0.0 0 1.8 10 320 M M 0 18 12 320
16 67 42 55 2 10 0 0.00 0.0 0 5.7 18 310 M M 0 18 23 310
17 70 48 59 5 6 0 0.00 0.0 0 11.3 20 330 M M 0 25 330
18 67 43 55 1 10 0 0.00 0.0 0 6.0 12 310 M M 0 14 360
19 69 34 52 -2 13 0 0.00 0.0 0 2.4 13 320 M M 0 17 330
20 71 36 54 0 11 0 0.00 0.0 0 3.2 12 310 M M 0 1 14 310
21 69 45 57 3 8 0 0.00 0.0 0 7.6 16 350 M M 1 20 360
22 74 49 62 7 3 0 T 0.0 0 7.4 20 310 M M 4 24 310
23 65 43 54 -1 11 0 0.00 0.0 0 5.9 14 290 M M 0 17 300
24 73 47 60 5 5 0 0.00 0.0 0 10.7 20 320 M M 0 25 320
25 72 40 56 1 9 0 0.00 0.0 0 2.0 10 330 M M 0 13 320
26 78 43 61 6 4 0 0.00 0.0 0 3.5 10 310 M M 0 1 12 310
27 78 45 62 6 3 0 0.00 0.0 0 2.3 9 320 M M 0 18 11 340
28 80 47 64 8 1 0 0.00 0.0 0 4.1 10 310 M M 0 13 180
29 70 50 60 4 5 0 0.00 0.0 0 8.3 21 310 M M 1 26 330
================================================================================
SM 1963 1166 314 0 T 0.0 175.3 M 13
================================================================================
AV 67.7 40.2 6.0 FASTST M M 0 MAX(MPH)
MISC ----> # 31 10 # 44 30
================================================================================
NOTES:
# LAST OF SEVERAL OCCURRENCES
COLUMN 17 PEAK WIND IN M.P.H.
PRELIMINARY LOCAL CLIMATOLOGICAL DATA (WS FORM: F-6) , PAGE 2
STATION: MODESTO CA
MONTH: FEBRUARY
YEAR: 2020
LATITUDE: 37 37 N
LONGITUDE: 120 57 W
[TEMPERATURE DATA] [PRECIPITATION DATA] SYMBOLS USED IN COLUMN 16
AVERAGE MONTHLY: 54.0 TOTAL FOR MONTH: T 1 = FOG OR MIST
DPTR FM NORMAL: 0.9 DPTR FM NORMAL: -2.38 2 = FOG REDUCING VISIBILITY
HIGHEST: 80 ON 28 GRTST 24HR T ON 22-22 TO 1/4 MILE OR LESS
LOWEST: 30 ON 5, 4 3 = THUNDER
SNOW, ICE PELLETS, HAIL 4 = ICE PELLETS
TOTAL MONTH: 0.0 INCH 5 = HAIL
GRTST 24HR 0.0 6 = FREEZING RAIN OR DRIZZLE
GRTST DEPTH: 0 7 = DUSTSTORM OR SANDSTORM:
VSBY 1/2 MILE OR LESS
8 = SMOKE OR HAZE
[NO. OF DAYS WITH] [WEATHER - DAYS WITH] 9 = BLOWING SNOW
X = TORNADO
MAX 32 OR BELOW: 0 0.01 INCH OR MORE: 0
MAX 90 OR ABOVE: 0 0.10 INCH OR MORE: 0
MIN 32 OR BELOW: 2 0.50 INCH OR MORE: 0
MIN 0 OR BELOW: 0 1.00 INCH OR MORE: 0
[HDD (BASE 65) ]
TOTAL THIS MO. 314 CLEAR (SCALE 0-3) 26
DPTR FM NORMAL -22 PTCLDY (SCALE 4-7) 3
TOTAL FM JUL 1 1620 CLOUDY (SCALE 8-10) 0
DPTR FM NORMAL -157
[CDD (BASE 65) ]
TOTAL THIS MO. 0
DPTR FM NORMAL 0 [PRESSURE DATA]
TOTAL FM JAN 1 0 HIGHEST SLP M ON M
DPTR FM NORMAL 0 LOWEST SLP 29.92 ON 22
[REMARKS]
#FINAL-02-20#