268
CXUS53 KBIS 010830
CF6MOT
PRELIMINARY LOCAL CLIMATOLOGICAL DATA (WS FORM: F-6)
STATION: MINOT ND
MONTH: MARCH
YEAR: 2021
LATITUDE: 48 15 N
LONGITUDE: 101 16 W
TEMPERATURE IN F: :PCPN: SNOW: WIND :SUNSHINE: SKY :PK WND
================================================================================
1 2 3 4 5 6A 6B 7 8 9 10 11 12 13 14 15 16 17 18
12Z AVG MX 2MIN
DY MAX MIN AVG DEP HDD CDD WTR SNW DPTH SPD SPD DIR MIN PSBL S-S WX SPD DR
================================================================================
1 43 -5 19 -3 46 0 M M M 10.7 23 170 M M 4 18 31 160
2 45 27 36 14 29 0 0.00 M M 13.6 24 230 M M 1 35 240
3 54 24 39 17 26 0 0.00 M M 4.1 12 120 M M 2 1 15 120
4 56 22 39 16 26 0 0.00 M M 3.9 9 30 M M 0 128 12 50
5 54 28 41 18 24 0 0.00 M M 6.9 16 100 M M 6 12 20 100
6 60 30 45 21 20 0 0.00 M M 13.6 29 130 M M 0 18 37 110
7 54 30 42 18 23 0 0.00 M M 14.7 32 280 M M 0 40 280
8 64 30 47 23 18 0 0.00 M M 10.3 17 130 M M 3 25 190
9 46 30 38 13 27 0 T M M 13.1 22 310 M M 8 1 28 300
10 43 25 34 9 31 0 0.00 M M 8.9 17 320 M M 4 23 330
11 32 13 23 -3 42 0 T M M 12.5 24 300 M M 5 33 290
12 58 12 35 9 30 0 0.00 M M 10.2 23 210 M M 0 31 220
13 61 26 44 17 21 0 0.00 M M 8.2 14 220 M M 0 19 230
14 52 21 37 10 28 0 0.00 M M 10.2 23 120 M M 0 30 90
15 39 23 31 3 34 0 0.00 M M 7.9 16 110 M M 7 20 120
16 41 31 36 8 29 0 0.00 M M 3.2 12 130 M M 10 8 15 110
17 49 24 37 9 28 0 T M M 9.1 16 320 M M 4 1 22 300
18 52 20 36 7 29 0 0.00 M M 11.9 25 160 M M 0 33 160
19 65 30 48 18 17 0 0.00 M M 14.5 22 170 M M 0 32 160
20 67 31 49 19 16 0 0.00 M M 10.1 23 290 M M 1 31 170
21 59 27 43 13 22 0 0.00 M M 15.0 31 300 M M 4 42 300
22 60 20 40 9 25 0 T M M 10.5 26 170 M M 6 37 170
23 55 25 40 8 25 0 0.00 M M 10.6 28 340 M M 8 36 340
24 45 23 34 2 31 0 0.00 M M 7.8 18 110 M M 7 28 120
25 60 28 44 11 21 0 0.00 M M 11.6 25 180 M M 8 36 180
26 46 28 37 4 28 0 0.00 M M 10.7 22 300 M M 6 30 290
27 44 24 34 0 31 0 0.00 M M 11.2 23 310 M M 6 32 320
28 64 17 41 7 24 0 0.00 M M 10.4 28 180 M M 2 38 160
29 56 23 40 5 25 0 T M M 22.6 43 260 M M 4 67 260
30 29 15 22 -13 43 0 T M M 29.6 45 280 M M 7 66 270
31 41 10 26 -10 39 0 0.00 M M 8.8 15 280 M M 0 20 290
================================================================================
SM 1594 712 858 0 T M 346.4 M 113
================================================================================
AV 51.4 23.0 11.2 FASTST M M 4 MAX(MPH)
MISC ----> 45 280 67 260
================================================================================
NOTES:
# LAST OF SEVERAL OCCURRENCES
COLUMN 17 PEAK WIND IN M.P.H.
PRELIMINARY LOCAL CLIMATOLOGICAL DATA (WS FORM: F-6) , PAGE 2
STATION: MINOT ND
MONTH: MARCH
YEAR: 2021
LATITUDE: 48 15 N
LONGITUDE: 101 16 W
[TEMPERATURE DATA] [PRECIPITATION DATA] SYMBOLS USED IN COLUMN 16
AVERAGE MONTHLY: 37.2 TOTAL FOR MONTH: T 1 = FOG OR MIST
DPTR FM NORMAL: 8.9 DPTR FM NORMAL: -0.84 2 = FOG REDUCING VISIBILITY
HIGHEST: 67 ON 20 GRTST 24HR T ON 28- 1 TO 1/4 MILE OR LESS
LOWEST: -5 ON 1 3 = THUNDER
SNOW, ICE PELLETS, HAIL 4 = ICE PELLETS
TOTAL MONTH: M 5 = HAIL
GRTST 24HR M ON M 6 = FREEZING RAIN OR DRIZZLE
GRTST DEPTH: M ON M 7 = DUSTSTORM OR SANDSTORM:
VSBY 1/2 MILE OR LESS
8 = SMOKE OR HAZE
[NO. OF DAYS WITH] [WEATHER - DAYS WITH] 9 = BLOWING SNOW
X = TORNADO
MAX 32 OR BELOW: 2 0.01 INCH OR MORE: 0
MAX 90 OR ABOVE: 0 0.10 INCH OR MORE: 0
MIN 32 OR BELOW: 31 0.50 INCH OR MORE: 0
MIN 0 OR BELOW: 1 1.00 INCH OR MORE: 0
[HDD (BASE 65) ]
TOTAL THIS MO. 858 CLEAR (SCALE 0-3) 14
DPTR FM NORMAL -281 PTCLDY (SCALE 4-7) 16
TOTAL FM JUL 1 6876 CLOUDY (SCALE 8-10) 1
DPTR FM NORMAL -835
[CDD (BASE 65) ]
TOTAL THIS MO. 0
DPTR FM NORMAL 0 [PRESSURE DATA]
TOTAL FM JAN 1 0 HIGHEST SLP 30.52 ON 14
DPTR FM NORMAL 0 LOWEST SLP 29.06 ON 29
[REMARKS]
#FINAL-03-21#