000
CXUS51 KPHI 020243
CLMMPO
CLIMATE REPORT
NATIONAL WEATHER SERVICE MOUNT HOLLY NJ
1043 PM EDT SAT JUL 01 2023
...................................
...THE MOUNT POCONO PA CLIMATE SUMMARY FOR THE MONTH OF JUNE 2023...
CLIMATE NORMAL PERIOD: 1991 TO 2020
CLIMATE RECORD PERIOD: 1901 TO 2023
WEATHER OBSERVED NORMAL DEPART LAST YEAR`S
VALUE DATE(S) VALUE FROM VALUE
NORMAL
..............................................................
TEMPERATURE (F)
RECORD
HIGH 92 06/26/1952
06/09/1933
06/24/1914
LOW 25 06/06/1914
HIGHEST 88 MM MM 81
LOWEST 34 MM MM 39
AVG. MAXIMUM 71.1 73.0 -1.9 72.1
AVG. MINIMUM 50.3 53.4 -3.1 51.2
MEAN 60.7 63.2 -2.5 61.6
DAYS MAX >= 90 0 0.1 -0.1 0
DAYS MAX <= 32 0 0.0 0.0 0
DAYS MIN <= 32 0 0.0 0.0 0
DAYS MIN <= 0 0 0.0 0.0 0
PRECIPITATION (INCHES)
RECORD
MAXIMUM 12.10 2006
MINIMUM 0.00 1926
TOTALS 4.12 4.69 -0.57 7.11
DAILY AVG. 0.14 0.16 -0.02 0.24
DAYS >= .01 10 15.2 -5.2 11
DAYS >= .10 8 8.9 -0.9 9
DAYS >= .50 3 2.9 0.1 5
DAYS >= 1.00 1 1.4 -0.4 4
GREATEST
24 HR. TOTAL 1.34 06/12 TO 06/12 3.13
DEGREE DAYS
HEATING TOTAL 138 107 31 119
SINCE 7/1 6421 7248 -827 MM
COOLING TOTAL 14 53 -39 27
SINCE 1/1 15 68 -53 MM
..............................................................
WIND (MPH)
AVERAGE WIND SPEED 7.7
HIGHEST WIND SPEED/DIRECTION 28/310 DATE 06/06
28/290 06/17
HIGHEST GUST SPEED/DIRECTION 38/340 DATE 06/06
38/280 06/17
SKY COVER
POSSIBLE SUNSHINE (PERCENT) MM
AVERAGE SKY COVER 0.62
NUMBER OF DAYS FAIR 7
NUMBER OF DAYS PC 12
NUMBER OF DAYS CLOUDY 11
AVERAGE RH (PERCENT) 75
WEATHER CONDITIONS. NUMBER OF DAYS WITH
THUNDERSTORM 8 MIXED PRECIP 0
HEAVY RAIN 5 RAIN 8
LIGHT RAIN 13 FREEZING RAIN 0
LT FREEZING RAIN 0 HEAVY SNOW 0
SNOW 0 LIGHT SNOW 0
SLEET 0 FOG 18
FOG W/VIS <= 1/4 MILE 6 HAZE 8
- INDICATES NEGATIVE NUMBERS.
R INDICATES RECORD WAS SET OR TIED.
MM INDICATES DATA IS MISSING.
T INDICATES TRACE AMOUNT.
$$