000
CXUS51 KBTV 010700
CF6MPV
PRELIMINARY LOCAL CLIMATOLOGICAL DATA (WS FORM: F-6)
STATION: MONTPELIER VT
MONTH: MAY
YEAR: 2021
LATITUDE: 44 12 N
LONGITUDE: 72 34 W
TEMPERATURE IN F: :PCPN: SNOW: WIND :SUNSHINE: SKY :PK WND
================================================================================
1 2 3 4 5 6A 6B 7 8 9 10 11 12 13 14 15 16 17 18
12Z AVG MX 2MIN
DY MAX MIN AVG DEP HDD CDD WTR SNW DPTH SPD SPD DIR MIN PSBL S-S WX SPD DR
================================================================================
1 49 33 41 -7 24 0 0.01 M M 11.5 29 300 M M 6 1 36 300
2 61 39 50 1 15 0 T M M 8.2 18 300 M M 3 27 300
3 51 42 47 -2 18 0 0.02 M M 2.3 12 340 M M 8 14 350
4 52 42 47 -2 18 0 0.03 M M 3.4 10 170 M M 10 1 14 210
5 51 45 48 -2 17 0 0.57 M M 6.7 16 310 M M 10 1 24 160
6 53 35 44 -6 21 0 0.01 M M 11.9 23 310 M M 6 1 31 310
7 60 28 44 -7 21 0 0.00 M M 2.8 14 160 M M 3 19 20
8 55 39 47 -4 18 0 0.00 M M 4.1 14 310 M M 9 22 310
9 57 38 48 -3 17 0 T M M 5.1 15 310 M M 6 19 310
10 60 42 51 -1 14 0 0.11 M M 4.7 14 310 M M 10 1 18 320
11 52 35 44 -8 21 0 0.02 M M 6.5 22 310 M M 8 12 29 320
12 57 39 48 -4 17 0 T M M 7.8 23 310 M M 9 28 310
13 65 35 50 -3 15 0 0.00 M M 4.8 15 330 M M 2 23 260
14 71 38 55 2 10 0 0.00 M M 5.5 20 330 M M 2 29 340
15 73 37 55 2 10 0 0.00 M M 2.4 10 290 M M 3 15 270
16 70 41 56 2 9 0 0.01 M M 3.5 17 160 M M 4 3 21 150
17 74 39 57 3 8 0 T M M 1.4 9 210 M M 4 12 13 70
18 74 48 61 7 4 0 T M M 5.8 20 300 M M 3 8 27 320
19 80 48 64 10 1 0 0.00 M M 4.1 14 330 M M 2 19 10
20 86 48 67 12 0 2 0.00 M M 4.1 13 180 M M 1 8 17 170
21 89 58 74 19 0 9 0.00 M M 3.3 14 340 M M 3 17 310
22 83 63 73 18 0 8 T M M 4.9 16 270 M M 4 22 310
23 76 43 60 4 5 0 0.02 M M 7.3 20 330 M M 7 1 29 300
24 71 37 54 -2 11 0 0.00 M M 2.9 13 310 M M 1 12 22 290
25 81 50 66 10 0 1 0.00 M M 8.0 17 210 M M 1 25 210
26 87 66 77 21 0 12 0.58 M M 7.7 18 290 M M 3 13 28 200
27 67 43 55 -2 10 0 T M M 10.8 20 330 M M 3 29 330
28 53 38 46 -11 19 0 0.00 M M 2.5 10 330 M M 7 13 340
29 61 42 52 -5 13 0 0.00 M M 3.2 13 190 M M 5 17 140
30 56 40 48 -10 17 0 0.22 M M 1.2 7 90 M M 8 1 M M
31 55 42 49 -9 16 0 0.10 M M 4.7 13 290 M M 8 12 16 290
================================================================================
SM 2030 1313 369 32 1.70 M 163.1 M 159
================================================================================
AV 65.5 42.4 5.3 FASTST M M 5 MAX(MPH)
MISC ----> 29 300 36 300
================================================================================
NOTES:
# LAST OF SEVERAL OCCURRENCES
COLUMN 17 PEAK WIND IN M.P.H.
PRELIMINARY LOCAL CLIMATOLOGICAL DATA (WS FORM: F-6) , PAGE 2
STATION: MONTPELIER VT
MONTH: MAY
YEAR: 2021
LATITUDE: 44 12 N
LONGITUDE: 72 34 W
[TEMPERATURE DATA] [PRECIPITATION DATA] SYMBOLS USED IN COLUMN 16
AVERAGE MONTHLY: 53.9 TOTAL FOR MONTH: 1.70 1 = FOG OR MIST
DPTR FM NORMAL: 0.6 DPTR FM NORMAL: -1.82 2 = FOG REDUCING VISIBILITY
HIGHEST: 89 ON 21 GRTST 24HR 0.58 ON 26-26 TO 1/4 MILE OR LESS
LOWEST: 28 ON 7 3 = THUNDER
SNOW, ICE PELLETS, HAIL 4 = ICE PELLETS
TOTAL MONTH: M 5 = HAIL
GRTST 24HR M ON M 6 = FREEZING RAIN OR DRIZZLE
GRTST DEPTH: M ON M 7 = DUSTSTORM OR SANDSTORM:
VSBY 1/2 MILE OR LESS
8 = SMOKE OR HAZE
[NO. OF DAYS WITH] [WEATHER - DAYS WITH] 9 = BLOWING SNOW
X = TORNADO
MAX 32 OR BELOW: 0 0.01 INCH OR MORE: 12
MAX 90 OR ABOVE: 0 0.10 INCH OR MORE: 5
MIN 32 OR BELOW: 1 0.50 INCH OR MORE: 2
MIN 0 OR BELOW: 0 1.00 INCH OR MORE: 0
[HDD (BASE 65) ]
TOTAL THIS MO. 369 CLEAR (SCALE 0-3) 10
DPTR FM NORMAL 0 PTCLDY (SCALE 4-7) 15
TOTAL FM JUL 1 7613 CLOUDY (SCALE 8-10) 6
DPTR FM NORMAL -599
[CDD (BASE 65) ]
TOTAL THIS MO. 32
DPTR FM NORMAL 24 [PRESSURE DATA]
TOTAL FM JAN 1 32 HIGHEST SLP M ON M
DPTR FM NORMAL 23 LOWEST SLP 29.58 ON 1
[REMARKS]
#FINAL-05-21#