000
CXUS53 KMPX 021556
CF6MPX
PRELIMINARY LOCAL CLIMATOLOGICAL DATA (WS FORM: F-6)
STATION: CHANHASSEN MN
MONTH: FEBRUARY
YEAR: 2021
LATITUDE: 44 50 N
LONGITUDE: 93 34 W
TEMPERATURE IN F: :PCPN: SNOW: WIND :SUNSHINE: SKY :PK WND
================================================================================
1 2 3 4 5 6A 6B 7 8 9 10 11 12 13 14 15 16 17 18
12Z AVG MX 2MIN
DY MAX MIN AVG DEP HDD CDD WTR SNW DPTH SPD SPD DIR MIN PSBL S-S WX SPD DR
================================================================================
1 26 18 22 6 43 0 0.00 0.0 8 M M M M M M M M
2 22 16 19 3 46 0 T T 8 M M M M M M M M
3 34 13 24 8 41 0 0.01 0.0 8 M M M M M M M M
4 31 5 18 2 47 0 0.32 1.9 8 M M M M M M M M
5 9 0 5 -11 60 0 T T 9 M M M M M M M M
6 0 -14 -7 -23 72 0 0.00 0.0 8 M M M M M M M M
7 -5 -19 -12 -29 77 0 0.01 T 8 M M M M M M M M
8 -2 -16 -9 -26 74 0 T 0.1 8 M M M M M M M M
9 7 -13 -3 -20 68 0 0.02 0.3 8 M M M M M M M M
10 6 -9 -1 -19 66 0 0.00 0.0 8 M M M M M M M M
11 -2 -15 -8 -26 73 0 0.01 0.3 8 M M M M M M M M
12 -6 -16 -11 -29 76 0 T T 8 M M M M M M M M
13 -5 -15 -10 -28 75 0 0.00 0.0 8 M M M M M M M M
14 -6 -21 -13 -32 78 0 0.00 0.0 8 M M M M M M M M
15 -3 -23 -13 -32 78 0 0.00 0.0 8 M M M M M M M M
16 9 -18 -4 -23 69 0 0.00 0.0 8 M M M M M M M M
17 8 -11 -1 -21 66 0 0.04 0.7 8 M M M M M M M M
18 15 5 10 -10 55 0 T 0.2 9 M M M M M M M M
19 17 -5 6 -14 59 0 T T 9 M M M M M M M M
20 24 -7 9 -12 56 0 0.00 0.0 8 M M M M M M M M
21 27 18 23 2 42 0 0.06 1.2 8 M M M M M M M M
22 39 21 30 8 35 0 0.00 0.0 9 M M M M M M M M
23 40 29 35 13 30 0 T T 8 M M M M M M M M
24 37 26 32 10 33 0 0.01 T 8 M M M M M M M M
25 36 21 29 6 36 0 0.00 0.0 7 M M M M M M M M
26 38 27 33 10 32 0 0.00 0.0 7 M M M M M M M M
27 44 23 34 10 31 0 T T 6 M M M M M M M M
28 38 19 29 5 36 0 0.14 1.3 5 M M M M M M M M
================================================================================
SM 478 39 1554 0 0.62 6.0 M M M
================================================================================
AV 17.1 1.4 M FASTST M M M MAX(MPH)
MISC ----> M M M M
================================================================================
NOTES:
# LAST OF SEVERAL OCCURRENCES
COLUMN 17 PEAK WIND IN M.P.H.
PRELIMINARY LOCAL CLIMATOLOGICAL DATA (WS FORM: F-6) , PAGE 2
STATION: CHANHASSEN MN
MONTH: FEBRUARY
YEAR: 2021
LATITUDE: 44 50 N
LONGITUDE: 93 34 W
[TEMPERATURE DATA] [PRECIPITATION DATA] SYMBOLS USED IN COLUMN 16
AVERAGE MONTHLY: 9.2 TOTAL FOR MONTH: 0.62 1 = FOG OR MIST
DPTR FM NORMAL: -9.9 DPTR FM NORMAL: -0.32 2 = FOG REDUCING VISIBILITY
HIGHEST: 44 ON 27 GRTST 24HR 0.32 ON 4- 4 TO 1/4 MILE OR LESS
LOWEST: -23 ON 15 3 = THUNDER
SNOW, ICE PELLETS, HAIL 4 = ICE PELLETS
TOTAL MONTH: 6.4 INCHES 5 = HAIL
GRTST 24HR 1.9 ON 4- 4 6 = FREEZING RAIN OR DRIZZLE
GRTST DEPTH: 9 ON 22,19 7 = DUSTSTORM OR SANDSTORM:
VSBY 1/2 MILE OR LESS
8 = SMOKE OR HAZE
[NO. OF DAYS WITH] [WEATHER - DAYS WITH] 9 = BLOWING SNOW
X = TORNADO
MAX 32 OR BELOW: 20 0.01 INCH OR MORE: 9
MAX 90 OR ABOVE: 0 0.10 INCH OR MORE: 2
MIN 32 OR BELOW: 28 0.50 INCH OR MORE: 0
MIN 0 OR BELOW: 15 1.00 INCH OR MORE: 0
[HDD (BASE 65) ]
TOTAL THIS MO. 1554 CLEAR (SCALE 0-3) 0
DPTR FM NORMAL 270 PTCLDY (SCALE 4-7) 0
TOTAL FM JUL 1 5985 CLOUDY (SCALE 8-10) 28
DPTR FM NORMAL -30
[CDD (BASE 65) ]
TOTAL THIS MO. 0
DPTR FM NORMAL 0 [PRESSURE DATA]
TOTAL FM JAN 1 0 HIGHEST SLP M ON M
DPTR FM NORMAL 0 LOWEST SLP M ON M
[REMARKS]
#FINAL-02-21#