000
CXUS53 KMPX 011356
CF6MPX
PRELIMINARY LOCAL CLIMATOLOGICAL DATA (WS FORM: F-6)
STATION: CHANHASSEN MN
MONTH: APRIL
YEAR: 2020
LATITUDE: 44 50 N
LONGITUDE: 93 34 W
TEMPERATURE IN F: :PCPN: SNOW: WIND :SUNSHINE: SKY :PK WND
================================================================================
1 2 3 4 5 6A 6B 7 8 9 10 11 12 13 14 15 16 17 18
12Z AVG MX 2MIN
DY MAX MIN AVG DEP HDD CDD WTR SNW DPTH SPD SPD DIR MIN PSBL S-S WX SPD DR
================================================================================
1 55 35 45 6 20 0 0.00 0.0 0 M M M M M M M M
2 58 34 46 6 19 0 0.03 0.0 0 M M M M M M M M
3 34 23 29 -11 36 0 0.02 T 0 M M M M M M M M
4 44 18 31 -10 34 0 0.00 0.0 0 M M M M M M M M
5 56 23 40 -1 25 0 T 0.0 0 M M M M M M M M
6 58 42 50 8 15 0 0.00 0.0 0 M M M M M M M M
7 68 48 58 16 7 0 0.01 0.0 0 M M M M M M M M
8 53 35 44 1 21 0 0.00 0.0 0 M M M M M M M M
9 39 27 33 -11 32 0 0.01 T 0 M M M M M M M M
10 49 26 38 -6 27 0 0.00 0.0 0 M M M M M M M M
11 59 28 44 0 21 0 0.00 0.0 0 M M M M M M M M
12 40 26 33 -12 32 0 0.49 6.4 T M M M M M M M M
13 34 22 28 -18 37 0 0.02 0.3 4 M M M M M M M M
14 29 18 24 -22 41 0 T T T M M M M M M M M
15 34 17 26 -20 39 0 T T T M M M M M M M M
16 46 23 35 -12 30 0 0.00 0.0 T M M M M M M M M
17 49 27 38 -9 27 0 0.00 0.0 0 M M M M M M M M
18 66 35 51 3 14 0 0.00 0.0 0 M M M M M M M M
19 49 32 41 -7 24 0 0.00 0.0 0 M M M M M M M M
20 58 34 46 -3 19 0 0.01 0.0 0 M M M M M M M M
21 45 29 37 -12 28 0 T 0.0 0 M M M M M M M M
22 67 42 55 5 10 0 T 0.0 0 M M M M M M M M
23 60 37 49 -1 16 0 0.00 0.0 0 M M M M M M M M
24 66 43 55 4 10 0 0.01 0.0 0 M M M M M M M M
25 69 37 53 2 12 0 0.00 0.0 0 M M M M M M M M
26 67 44 56 5 9 0 0.04 0.0 0 M M M M M M M M
27 73 50 62 10 3 0 0.08 0.0 0 M M M M M M M M
28 58 44 51 -1 14 0 1.12 0.0 0 M M M M M M M M
29 61 42 52 -1 13 0 0.00 0.0 0 M M M M M M M M
30 67 40 54 1 11 0 0.00 0.0 0 M M M M M M M M
================================================================================
SM 1611 981 646 0 1.84 6.7 M M M
================================================================================
AV 53.7 32.7 M FASTST M M M MAX(MPH)
MISC ----> M M M M
================================================================================
NOTES:
# LAST OF SEVERAL OCCURRENCES
COLUMN 17 PEAK WIND IN M.P.H.
PRELIMINARY LOCAL CLIMATOLOGICAL DATA (WS FORM: F-6) , PAGE 2
STATION: CHANHASSEN MN
MONTH: APRIL
YEAR: 2020
LATITUDE: 44 50 N
LONGITUDE: 93 34 W
[TEMPERATURE DATA] [PRECIPITATION DATA] SYMBOLS USED IN COLUMN 16
AVERAGE MONTHLY: 43.2 TOTAL FOR MONTH: 1.84 1 = FOG OR MIST
DPTR FM NORMAL: -3.3 DPTR FM NORMAL: -1.16 2 = FOG REDUCING VISIBILITY
HIGHEST: 73 ON 27 GRTST 24HR 1.12 ON 28-28 TO 1/4 MILE OR LESS
LOWEST: 17 ON 15 3 = THUNDER
SNOW, ICE PELLETS, HAIL 4 = ICE PELLETS
TOTAL MONTH: 6.7 INCHES 5 = HAIL
GRTST 24HR 6.4 ON 12-12 6 = FREEZING RAIN OR DRIZZLE
GRTST DEPTH: 4 ON 13 7 = DUSTSTORM OR SANDSTORM:
VSBY 1/2 MILE OR LESS
8 = SMOKE OR HAZE
[NO. OF DAYS WITH] [WEATHER - DAYS WITH] 9 = BLOWING SNOW
X = TORNADO
MAX 32 OR BELOW: 1 0.01 INCH OR MORE: 11
MAX 90 OR ABOVE: 0 0.10 INCH OR MORE: 2
MIN 32 OR BELOW: 14 0.50 INCH OR MORE: 1
MIN 0 OR BELOW: 0 1.00 INCH OR MORE: 1
[HDD (BASE 65) ]
TOTAL THIS MO. 646 CLEAR (SCALE 0-3) 0
DPTR FM NORMAL 88 PTCLDY (SCALE 4-7) 0
TOTAL FM JUL 1 7614 CLOUDY (SCALE 8-10) 30
DPTR FM NORMAL -7
[CDD (BASE 65) ]
TOTAL THIS MO. 0
DPTR FM NORMAL -3 [PRESSURE DATA]
TOTAL FM JAN 1 0 HIGHEST SLP M ON M
DPTR FM NORMAL -3 LOWEST SLP M ON M
[REMARKS]
#FINAL-04-20#