000
CXUS51 KLWX 010815
CF6MRB
PRELIMINARY LOCAL CLIMATOLOGICAL DATA (WS FORM: F-6)
STATION: MARTINSBURG WV
MONTH: MAY
YEAR: 2022
LATITUDE: 39 24 N
LONGITUDE: 77 58 W
TEMPERATURE IN F: :PCPN: SNOW: WIND :SUNSHINE: SKY :PK WND
================================================================================
1 2 3 4 5 6A 6B 7 8 9 10 11 12 13 14 15 16 17 18
12Z AVG MX 2MIN
DY MAX MIN AVG DEP HDD CDD WTR SNW DPTH SPD SPD DIR MIN PSBL S-S WX SPD DR
================================================================================
1 62 43 53 -6 12 0 0.43 M M 3.8 13 270 M M 6 138 15 270
2 79 46 63 4 2 0 0.17 M M 4.2 21 280 M M 4 1238 29 280
3 67 51 59 0 6 0 0.38 M M 5.6 13 240 M M 3 138 19 110
4 79 59 69 9 0 4 0.52 M M 8.6 21 290 M M 6 1 26 260
5 67 56 62 2 3 0 0.00 M M 4.6 15 30 M M 7 19 10
6 60 50 55 -5 10 0 1.00 M M 6.0 14 70 M M 10 1 19 70
7 50 44 47 -13 18 0 1.29 M M 10.7 23 30 M M 10 1 28 30
8 58 38 48 -12 17 0 0.00 M M 6.7 18 20 M M 8 25 40
9 71 33 52 -9 13 0 0.00 M M 3.8 14 40 M M 0 1 19 20
10 74 39 57 -4 8 0 0.00 M M 4.1 14 10 M M 0 19 360
11 78 42 60 -1 5 0 0.00 M M 4.4 15 10 M M 1 32 360
12 76 48 62 0 3 0 0.00 M M 3.8 12 40 M M 5 1 18 80
13 74 63 69 7 0 4 0.18 M M 4.9 13 140 M M 9 1 18 140
14 76 58 67 5 0 2 0.03 M M 2.4 10 150 M M 6 123 18 120
15 82 57 70 8 0 5 1.08 M M 2.4 24 280 M M 6 123 37 290
16 79 54 67 5 0 2 T M M 7.6 31 280 M M 4 12 39 280
17 80 51 66 3 0 1 0.00 M M 10.3 24 270 M M 1 33 280
18 71 47 59 -4 6 0 0.24 M M 3.9 16 310 M M 4 1 20 320
19 81 56 69 6 0 4 0.45 M M 6.3 22 290 M M 5 1 31 260
20 82 56 69 5 0 4 0.03 M M 2.0 14 20 M M 2 13 18 30
21 89 64 77 13 0 12 T M M 5.5 15 230 M M 2 138 21 210
22 91 65 78 14 0 13 T M M 8.0 24 280 M M 2 3 32 300
23 69 56 63 -1 2 0 0.07 M M 7.2 15 10 M M 4 21 10
24 62 54 58 -6 7 0 0.03 M M 2.8 9 100 M M 10 18 13 100
25 68 51 60 -5 5 0 0.00 M M 4.0 10 140 M M 9 12 16 110
26 74 54 64 -1 1 0 0.00 M M 7.1 17 140 M M 6 8 25 130
27 75 60 68 3 0 3 1.31 M M 4.6 20 230 M M 6 13 35 240
28 76 58 67 1 0 2 T M M 5.9 16 270 M M 8 21 280
29 80 54 67 1 0 2 0.00 M M 2.4 9 140 M M 1 1 13 150
30 88 58 73 7 0 8 0.00 M M 2.3 8 150 M M 0 1 13 130
31 93 62 78 12 0 13 0.00 M M 3.6 13 310 M M 0 1 17 320
================================================================================
SM 2311 1627 118 79 7.21 M 159.5 M 145
================================================================================
AV 74.5 52.5 5.1 FASTST M M 5 MAX(MPH)
MISC ----> 31 280 39 280
================================================================================
NOTES:
# LAST OF SEVERAL OCCURRENCES
COLUMN 17 PEAK WIND IN M.P.H.
PRELIMINARY LOCAL CLIMATOLOGICAL DATA (WS FORM: F-6) , PAGE 2
STATION: MARTINSBURG WV
MONTH: MAY
YEAR: 2022
LATITUDE: 39 24 N
LONGITUDE: 77 58 W
[TEMPERATURE DATA] [PRECIPITATION DATA] SYMBOLS USED IN COLUMN 16
AVERAGE MONTHLY: 63.5 TOTAL FOR MONTH: 7.21 1 = FOG OR MIST
DPTR FM NORMAL: 1.0 DPTR FM NORMAL: 3.16 2 = FOG REDUCING VISIBILITY
HIGHEST: 93 ON 31 GRTST 24HR 1.76 ON 6- 7 TO 1/4 MILE OR LESS
LOWEST: 33 ON 9 3 = THUNDER
SNOW, ICE PELLETS, HAIL 4 = ICE PELLETS
TOTAL MONTH: M 5 = HAIL
GRTST 24HR M ON M 6 = FREEZING RAIN OR DRIZZLE
GRTST DEPTH: M ON M 7 = DUSTSTORM OR SANDSTORM:
VSBY 1/2 MILE OR LESS
8 = SMOKE OR HAZE
[NO. OF DAYS WITH] [WEATHER - DAYS WITH] 9 = BLOWING SNOW
X = TORNADO
MAX 32 OR BELOW: 0 0.01 INCH OR MORE: 15
MAX 90 OR ABOVE: 2 0.10 INCH OR MORE: 11
MIN 32 OR BELOW: 0 0.50 INCH OR MORE: 5
MIN 0 OR BELOW: 0 1.00 INCH OR MORE: 4
[HDD (BASE 65) ]
TOTAL THIS MO. 118 CLEAR (SCALE 0-3) 10
DPTR FM NORMAL -23 PTCLDY (SCALE 4-7) 16
TOTAL FM JUL 1 4576 CLOUDY (SCALE 8-10) 5
DPTR FM NORMAL -352
[CDD (BASE 65) ]
TOTAL THIS MO. 79
DPTR FM NORMAL 15 [PRESSURE DATA]
TOTAL FM JAN 1 85 HIGHEST SLP 30.38 ON 10
DPTR FM NORMAL 8 LOWEST SLP 29.51 ON 7
[REMARKS]
#FINAL-05-22#