697
CXUS54 KMAF 011110
CF6MRF
PRELIMINARY LOCAL CLIMATOLOGICAL DATA (WS FORM: F-6)
STATION: MARFA
MONTH: AUGUST
YEAR: 2020
LATITUDE: 30 22 N
LONGITUDE: 104 1 W
TEMPERATURE IN F: :PCPN: SNOW: WIND :SUNSHINE: SKY :PK WND
================================================================================
1 2 3 4 5 6A 6B 7 8 9 10 11 12 13 14 15 16 17 18
12Z AVG MX 2MIN
DY MAX MIN AVG DEP HDD CDD WTR SNW DPTH SPD SPD DIR MIN PSBL S-S WX SPD DR
================================================================================
1 93 59 76 M 0 11 M M M 7.0 18 50 M M 1 38 40
2 94 59 77 M 0 12 M M M 6.0 15 120 M M 2 16 80
3 88 62 75 M 0 10 T M M 8.3 22 360 M M 3 3 36 340
4 93 57 75 M 0 10 T M M 7.0 28 350 M M 0 35 40
5 97 58 78 M 0 13 M M M 6.7 13 120 M M 1 24 80
6 98 61 80 M 0 15 M M M 8.9 15 120 M M 1 20 190
7 94 60 77 M 0 12 M M M 6.8 16 360 M M 0 20 120
8 93 60 77 M 0 12 M M M 7.0 16 150 M M 0 21 130
9 94 59 77 M 0 12 0.16 M M 6.5 18 70 M M 2 3 25 70
10 95 63 79 M 0 14 M M M 4.5 15 210 M M 1 3 30 230
11 96 63 80 M 0 15 T M M 6.9 23 360 M M 1 3 38 320
12 99 58 79 M 0 14 M M M 6.7 15 70 M M 0 M M
13 99 58 79 M 0 14 M M M 7.8 18 120 M M 0 24 90
14 100 58 79 M 0 14 M M M 6.3 14 130 M M 0 24 130
15 95 68 82 M 0 17 M M M 6.2 15 60 M M 1 17 40
16 92 65 79 M 0 14 T M M 10.0 23 30 M M 2 37 40
17 88 61 75 M 0 10 T M M 10.0 22 10 M M 2 30 10
18 87 58 73 M 0 8 M M M 9.1 16 30 M M 2 26 10
19 92 57 75 M 0 10 M M M 7.6 15 50 M M 1 23 30
20 95 57 76 M 0 11 M M M 6.9 15 180 M M 1 18 170
21 98 60 79 M 0 14 M M M 5.1 12 70 M M 0 8 M M
22 96 64 80 M 0 15 M M M 9.3 16 60 M M 1 24 60
23 92 59 76 M 0 11 M M M 7.9 16 40 M M 0 26 90
24 89 55 72 M 0 7 M M M 7.9 17 100 M M 0 23 30
25 88 57 73 M 0 8 M M M 7.4 13 110 M M 2 16 110
26 89 55 72 M 0 7 M M M 7.0 14 140 M M 2 24 120
27 94 57 76 M 0 11 M M M 5.1 9 120 M M 1 M M
28 98 60 79 M 0 14 M M M 6.4 12 60 M M 0 8 17 290
29 97 62 80 M 0 15 M M M 6.9 15 110 M M 2 16 170
30 95 63 79 M 0 14 M M M 6.2 22 350 M M 1 33 10
31 92 70 81 M 0 16 0.03 M M 9.3 20 270 M M 3 25 270
================================================================================
SM 2910 1863 0 380 0.19 M 224.5 M 33
================================================================================
AV 93.9 60.1 7.2 FASTST M M 1 MAX(MPH)
MISC ----> 28 350 # 38 40
================================================================================
NOTES:
# LAST OF SEVERAL OCCURRENCES
COLUMN 17 PEAK WIND IN M.P.H.
PRELIMINARY LOCAL CLIMATOLOGICAL DATA (WS FORM: F-6) , PAGE 2
STATION: MARFA
MONTH: AUGUST
YEAR: 2020
LATITUDE: 30 22 N
LONGITUDE: 104 1 W
[TEMPERATURE DATA] [PRECIPITATION DATA] SYMBOLS USED IN COLUMN 16
AVERAGE MONTHLY: 77.0 TOTAL FOR MONTH: 0.19 1 = FOG OR MIST
DPTR FM NORMAL: 0.0 DPTR FM NORMAL: M 2 = FOG REDUCING VISIBILITY
HIGHEST: 100 ON 14 GRTST 24HR 0.16 ON 9- 9 TO 1/4 MILE OR LESS
LOWEST: 55 ON 26,24 3 = THUNDER
SNOW, ICE PELLETS, HAIL 4 = ICE PELLETS
TOTAL MONTH: M 5 = HAIL
GRTST 24HR M ON M 6 = FREEZING RAIN OR DRIZZLE
GRTST DEPTH: M ON M 7 = DUSTSTORM OR SANDSTORM:
VSBY 1/2 MILE OR LESS
8 = SMOKE OR HAZE
[NO. OF DAYS WITH] [WEATHER - DAYS WITH] 9 = BLOWING SNOW
X = TORNADO
MAX 32 OR BELOW: 0 0.01 INCH OR MORE: 2
MAX 90 OR ABOVE: 25 0.10 INCH OR MORE: 1
MIN 32 OR BELOW: 0 0.50 INCH OR MORE: 0
MIN 0 OR BELOW: 0 1.00 INCH OR MORE: 0
[HDD (BASE 65) ]
TOTAL THIS MO. 0 CLEAR (SCALE 0-3) 31
DPTR FM NORMAL M PTCLDY (SCALE 4-7) 0
TOTAL FM JUL 1 0 CLOUDY (SCALE 8-10) 0
DPTR FM NORMAL M
[CDD (BASE 65) ]
TOTAL THIS MO. 380
DPTR FM NORMAL M [PRESSURE DATA]
TOTAL FM JAN 1 1190 HIGHEST SLP M ON M
DPTR FM NORMAL M LOWEST SLP M ON M
[REMARKS]
#FINAL-08-20#