000
CXUS55 KMSO 042127
CF6MSO
PRELIMINARY LOCAL CLIMATOLOGICAL DATA (WS FORM: F-6)
STATION: MISSOULA MT
MONTH: AUGUST
YEAR: 2023
LATITUDE: 46 55 N
LONGITUDE: 114 5 W
TEMPERATURE IN F: :PCPN: SNOW: WIND :SUNSHINE: SKY :PK WND
================================================================================
1 2 3 4 5 6A 6B 7 8 9 10 11 12 13 14 15 16 17 18
12Z AVG MX 2MIN
DY MAX MIN AVG DEP HDD CDD WTR SNW DPTH SPD SPD DIR MIN PSBL S-S WX SPD DR
================================================================================
1 97 55 76 6 0 11 0.00 0.0 0 3.7 15 330 M M 0 20 330
2 99 56 78 8 0 13 0.00 0.0 0 3.1 12 140 M M 0 8 17 140
3 97 58 78 8 0 13 0.00 0.0 0 4.6 17 30 M M 0 8 24 10
4 79 57 68 -2 0 3 0.00 0.0 0 5.3 17 170 M M 0 8 21 170
5 72 62 67 -3 0 2 0.08 0.0 0 6.9 18 130 M M 8 8 23 130
6 69 59 64 -6 1 0 0.21 0.0 0 4.3 12 300 M M 9 18 15 300
7 84 58 71 1 0 6 0.00 0.0 0 4.8 15 170 M M 5 18 19 210
8 84 56 70 0 0 5 0.00 0.0 0 6.1 18 320 M M 2 8 28 310
9 83 52 68 -1 0 3 0.03 0.0 0 3.3 21 310 M M 2 31 310
10 81 51 66 -3 0 1 0.00 0.0 0 7.0 23 320 M M 3 1 30 310
11 89 47 68 -1 0 3 0.00 0.0 0 4.6 21 300 M M 0 32 260
12 87 50 69 1 0 4 0.00 0.0 0 5.1 18 330 M M 3 25 330
13 89 56 73 5 0 8 0.00 0.0 0 4.7 15 110 M M 0 21 130
14 98 53 76 8 0 11 0.00 0.0 0 1.9 9 280 M M 0 13 220
15 103 57 80 12 0 15 0.00 0.0 0 4.8 21 290 M M 0 27 290
16 100 57 79 11 0 14 0.00 0.0 0 4.2 17 280 M M 1 8 21 290
17 101 58 80 13 0 15 0.00 0.0 0 4.1 23 290 M M 0 8 29 290
18 86 60 73 6 0 8 0.00 0.0 0 6.5 26 270 M M 2 35 280
19 90 47 69 2 0 4 T 0.0 0 6.5 22 120 M M 0 8 32 100
20 76 64 70 4 0 5 0.03 0.0 0 12.4 23 100 M M 4 3 30 110
21 68 61 65 -1 0 0 0.40 0.0 0 4.3 21 290 M M 9 1 32 280
22 82 61 72 6 0 7 0.52 0.0 0 3.7 36 270 M M 6 123 52 330
23 78 58 68 3 0 3 0.13 0.0 0 5.0 16 280 M M 7 1 23 270
24 83 49 66 1 0 1 0.00 0.0 0 3.7 15 20 M M 0 22 20
25 81 51 66 1 0 1 0.06 0.0 0 7.1 28 60 M M 1 36 60
26 90 51 71 7 0 6 0.00 0.0 0 3.0 14 360 M M 0 18 10
27 91 52 72 8 0 7 0.00 0.0 0 3.8 17 10 M M 0 23 10
28 93 53 73 9 0 8 0.00 0.0 0 3.1 14 270 M M 0 18 10
29 94 54 74 10 0 9 0.57 0.0 0 3.9 35 270 M M 3 13 51 270
30 64 56 60 -3 5 0 0.32 0.0 0 6.6 22 270 M M 10 1 33 250
31 77 53 65 2 0 0 0.00 0.0 0 4.3 14 310 M M 4 19 310
================================================================================
SM 2665 1712 6 186 2.35 0.0 152.4 M 79
================================================================================
AV 86.0 55.2 4.9 FASTST M M 3 MAX(MPH)
MISC ----> 36 270 52 330
================================================================================
NOTES:
# LAST OF SEVERAL OCCURRENCES
COLUMN 17 PEAK WIND IN M.P.H.
PRELIMINARY LOCAL CLIMATOLOGICAL DATA (WS FORM: F-6) , PAGE 2
STATION: MISSOULA MT
MONTH: AUGUST
YEAR: 2023
LATITUDE: 46 55 N
LONGITUDE: 114 5 W
[TEMPERATURE DATA] [PRECIPITATION DATA] SYMBOLS USED IN COLUMN 16
AVERAGE MONTHLY: 70.6 TOTAL FOR MONTH: 2.35 1 = FOG OR MIST
DPTR FM NORMAL: 3.4 DPTR FM NORMAL: 1.52 2 = FOG REDUCING VISIBILITY
HIGHEST: 103 ON 15 GRTST 24HR 0.89 ON 29-30 TO 1/4 MILE OR LESS
LOWEST: 47 ON 19,11 3 = THUNDER
SNOW, ICE PELLETS, HAIL 4 = ICE PELLETS
TOTAL MONTH: 0.0 INCH 5 = HAIL
GRTST 24HR 0.0 6 = FREEZING RAIN OR DRIZZLE
GRTST DEPTH: 0 7 = DUSTSTORM OR SANDSTORM:
VSBY 1/2 MILE OR LESS
8 = SMOKE OR HAZE
[NO. OF DAYS WITH] [WEATHER - DAYS WITH] 9 = BLOWING SNOW
X = TORNADO
MAX 32 OR BELOW: 0 0.01 INCH OR MORE: 10
MAX 90 OR ABOVE: 12 0.10 INCH OR MORE: 6
MIN 32 OR BELOW: 0 0.50 INCH OR MORE: 2
MIN 0 OR BELOW: 0 1.00 INCH OR MORE: 0
[HDD (BASE 65) ]
TOTAL THIS MO. 6 CLEAR (SCALE 0-3) 22
DPTR FM NORMAL -41 PTCLDY (SCALE 4-7) 6
TOTAL FM JUL 1 6 CLOUDY (SCALE 8-10) 3
DPTR FM NORMAL -83
[CDD (BASE 65) ]
TOTAL THIS MO. 186
DPTR FM NORMAL 71 [PRESSURE DATA]
TOTAL FM JAN 1 525 HIGHEST SLP 30.22 ON 13
DPTR FM NORMAL 233 LOWEST SLP 29.64 ON 18
[REMARKS]
#FINAL-08-23#