000
CXUS55 KMSO 062035
CLMMSO
CLIMATE REPORT
NATIONAL WEATHER SERVICE MISSOULA MT
135 PM MST TUE FEB 06 2024
...................................
...THE MISSOULA MT CLIMATE SUMMARY FOR THE MONTH OF JANUARY 2024...
CLIMATE NORMAL PERIOD 1991 TO 2020
CLIMATE RECORD PERIOD 1893 TO 2024
WEATHER OBSERVED NORMAL DEPART LAST YEAR`S
VALUE DATE(S) VALUE FROM VALUE
NORMAL
..............................................................
TEMPERATURE (F)
RECORD
HIGH 60 01/01/1939
LOW -33 01/26/1957
HIGHEST 47 01/31 MM MM 43
LOWEST -22 01/13 MM MM -11
AVG. MAXIMUM 28.0 31.6 -3.6 31.6
AVG. MINIMUM 15.4 18.0 -2.6 18.1
MEAN 21.7 24.8 -3.1 24.9
DAYS MAX >= 90 0 0.0 0.0 0
DAYS MAX <= 32 16 13.6 2.4 12
DAYS MIN <= 32 31 29.8 1.2 31
DAYS MIN <= 0 5 2.6 2.4 2
PRECIPITATION (INCHES)
RECORD
MAXIMUM 3.14 1907
MINIMUM T 1908
TOTALS 0.60 0.96 -0.36 1.09
DAILY AVG. 0.02 0.03 -0.01 0.04
DAYS >= .01 12 12.5 -0.5 13
DAYS >= .10 2 3.3 -1.3 4
DAYS >= .50 0 0.1 -0.1 0
DAYS >= 1.00 0 0.0 0.0 0
GREATEST
24 HR. TOTAL 0.28 01/17 TO 01/17 0.47
SNOWFALL (INCHES)
TOTALS 9.5 9.9 -0.4 7.7
SINCE 7/1 18.1 27.9 -9.8 MM
DAYS >= TRACE 16 9.7 6.3 19
DAYS >= 1.0 2 3.3 -1.3 4
GREATEST
SNOW DEPTH 7 01/18 5
24 HR TOTAL MM MM
DEGREE DAYS
HEATING TOTAL 1337 1246 91
SINCE 7/1 4048 4464 -416
COOLING TOTAL 0 0 0
SINCE 1/1 0 0 0
..............................................................
WIND (MPH)
AVERAGE WIND SPEED 3.0
HIGHEST WIND SPEED/DIRECTION 32/310 DATE 01/11
HIGHEST GUST SPEED/DIRECTION 47/290 DATE 01/11
SKY COVER
POSSIBLE SUNSHINE (PERCENT) MM
AVERAGE SKY COVER 0.81
NUMBER OF DAYS FAIR 3
NUMBER OF DAYS PC 2
NUMBER OF DAYS CLOUDY 26
AVERAGE RH (PERCENT) 79
WEATHER CONDITIONS. NUMBER OF DAYS WITH
THUNDERSTORM 0 MIXED PRECIP 0
HEAVY RAIN 0 RAIN 0
LIGHT RAIN 3 FREEZING RAIN 0
LT FREEZING RAIN 1 HAIL 0
HEAVY SNOW 1 SNOW 3
LIGHT SNOW 15 SLEET 0
FOG 20 FOG W/VIS <= 1/4 MILE 10
HAZE 15
- INDICATES NEGATIVE NUMBERS.
R INDICATES RECORD WAS SET OR TIED.
MM INDICATES DATA IS MISSING.
T INDICATES TRACE AMOUNT.
$$