000
CXUS51 KBTV 110242
CF6MSS
PRELIMINARY LOCAL CLIMATOLOGICAL DATA (WS FORM: F-6)
STATION: MASSENA NY
MONTH: APRIL
YEAR: 2021
LATITUDE: 44 55 N
LONGITUDE: 74 51 W
TEMPERATURE IN F: :PCPN: SNOW: WIND :SUNSHINE: SKY :PK WND
================================================================================
1 2 3 4 5 6A 6B 7 8 9 10 11 12 13 14 15 16 17 18
12Z AVG MX 2MIN
DY MAX MIN AVG DEP HDD CDD WTR SNW DPTH SPD SPD DIR MIN PSBL S-S WX SPD DR
================================================================================
1 38 24 31 -5 34 0 0.14 M M 11.5 22 300 M M 8 1 28 320
2 37 20 29 -7 36 0 T M M 10.6 20 290 M M 3 33 290
3 49 17 33 -4 32 0 0.00 M M 8.1 20 220 M M 2 25 210
4 56 33 45 8 20 0 0.00 M M 5.2 17 280 M M 5 21 280
5 57 36 47 9 18 0 0.00 M M 8.9 18 300 M M 0 24 310
6 59 28 44 6 21 0 0.00 M M 2.7 10 270 M M 0 16 340
7 62 30 46 7 19 0 0.00 M M 7.7 18 40 M M 0 24 30
8 71 38 55 16 10 0 0.00 M M 9.6 18 40 M M 0 1 24 50
9 76 41 59 19 6 0 0.00 M M 4.5 14 290 M M 4 17 260
10 78 43 61 21 4 0 0.00 M M 2.1 9 10 M M 1 12 20
11 64 45 55 14 10 0 0.00 M M 17.7 28 50 M M 1 36 50
12 67 45 56 15 9 0 0.00 M M 16.8 29 50 M M 5 37 40
13 65 45 55 13 10 0 0.00 M M 4.1 14 60 M M 5 17 60
14 69 40 55 13 10 0 0.00 M M 2.9 20 290 M M 5 18 23 280
15 49 40 45 2 20 0 0.49 M M 5.1 16 210 M M 10 1 20 210
16 47 38 43 0 22 0 0.17 M M 11.6 22 40 M M 10 1 27 50
17 54 39 47 3 18 0 0.00 M M 4.1 12 30 M M 8 14 40
18 59 42 51 7 14 0 0.00 M M 3.6 18 230 M M 8 26 230
19 63 37 50 5 15 0 0.00 M M 8.0 20 200 M M 2 24 200
20 53 38 46 1 19 0 0.05 M M 14.3 30 230 M M 9 40 230
21 38 27 33 -13 32 0 0.12 M M 7.9 17 360 M M 10 1 21 360
22 42 26 34 -12 31 0 0.01 M M 13.6 29 280 M M 8 37 300
23 59 36 48 1 17 0 0.00 M M 14.6 29 270 M M 4 34 270
24 67 38 53 6 12 0 0.00 M M 10.8 23 200 M M 1 30 230
25 59 35 47 -1 18 0 T M M 9.0 26 290 M M 8 3 34 300
26 51 31 41 -7 24 0 0.00 M M 12.1 23 290 M M 5 30 290
27 59 32 46 -3 19 0 0.00 M M 2.7 10 300 M M 4 14 280
28 62 47 55 6 10 0 0.34 M M 4.9 14 30 M M 9 1 18 50
29 59 47 53 3 12 0 0.01 M M 3.8 12 50 M M 9 1 14 50
30 53 33 43 -7 22 0 0.99 M M 10.7 28 290 M M 10 1 36 280
================================================================================
SM 1722 1071 544 0 2.32 M 249.2 M 154
================================================================================
AV 57.4 35.7 8.3 FASTST M M 5 MAX(MPH)
MISC ----> 30 230 40 230
================================================================================
NOTES:
# LAST OF SEVERAL OCCURRENCES
COLUMN 17 PEAK WIND IN M.P.H.
PRELIMINARY LOCAL CLIMATOLOGICAL DATA (WS FORM: F-6) , PAGE 2
STATION: MASSENA NY
MONTH: APRIL
YEAR: 2021
LATITUDE: 44 55 N
LONGITUDE: 74 51 W
[TEMPERATURE DATA] [PRECIPITATION DATA] SYMBOLS USED IN COLUMN 16
AVERAGE MONTHLY: 46.6 TOTAL FOR MONTH: 2.32 1 = FOG OR MIST
DPTR FM NORMAL: 3.7 DPTR FM NORMAL: -0.59 2 = FOG REDUCING VISIBILITY
HIGHEST: 78 ON 10 GRTST 24HR 1.00 ON 29-30 TO 1/4 MILE OR LESS
LOWEST: 17 ON 3 3 = THUNDER
SNOW, ICE PELLETS, HAIL 4 = ICE PELLETS
TOTAL MONTH: M 5 = HAIL
GRTST 24HR M ON M 6 = FREEZING RAIN OR DRIZZLE
GRTST DEPTH: M ON M 7 = DUSTSTORM OR SANDSTORM:
VSBY 1/2 MILE OR LESS
8 = SMOKE OR HAZE
[NO. OF DAYS WITH] [WEATHER - DAYS WITH] 9 = BLOWING SNOW
X = TORNADO
MAX 32 OR BELOW: 0 0.01 INCH OR MORE: 9
MAX 90 OR ABOVE: 0 0.10 INCH OR MORE: 6
MIN 32 OR BELOW: 9 0.50 INCH OR MORE: 1
MIN 0 OR BELOW: 0 1.00 INCH OR MORE: 0
[HDD (BASE 65) ]
TOTAL THIS MO. 544 CLEAR (SCALE 0-3) 10
DPTR FM NORMAL -119 PTCLDY (SCALE 4-7) 11
TOTAL FM JUL 1 6621 CLOUDY (SCALE 8-10) 9
DPTR FM NORMAL -981
[CDD (BASE 65) ]
TOTAL THIS MO. 0
DPTR FM NORMAL -1 [PRESSURE DATA]
TOTAL FM JAN 1 0 HIGHEST SLP 30.36 ON 3
DPTR FM NORMAL -1 LOWEST SLP 29.35 ON 30
[REMARKS]
#FINAL-04-21#