000
CXUS55 KGJT 010910
CF6MTJ
PRELIMINARY LOCAL CLIMATOLOGICAL DATA (WS FORM: F-6)
STATION: MONTROSE CO
MONTH: SEPTEMBER
YEAR: 2023
LATITUDE: 38 30 N
LONGITUDE: 107 53 W
TEMPERATURE IN F: :PCPN: SNOW: WIND :SUNSHINE: SKY :PK WND
================================================================================
1 2 3 4 5 6A 6B 7 8 9 10 11 12 13 14 15 16 17 18
12Z AVG MX 2MIN
DY MAX MIN AVG DEP HDD CDD WTR SNW DPTH SPD SPD DIR MIN PSBL S-S WX SPD DR
================================================================================
1 87 63 75 7 0 10 0.04 M M 6.3 17 100 M M 1 3 23 300
2 83 59 71 3 0 6 T M M 7.0 23 160 M M 3 3 29 160
3 85 60 73 5 0 8 T M M 7.9 22 260 M M 3 31 270
4 81 55 68 1 0 3 0.00 M M 11.4 25 220 M M 1 39 190
5 82 49 66 -1 0 1 0.00 M M 7.4 12 150 M M 0 17 350
6 89 50 70 3 0 5 0.00 M M 8.3 21 250 M M 0 26 260
7 87 51 69 3 0 4 0.00 M M 6.7 13 130 M M 0 19 290
8 88 50 69 3 0 4 0.00 M M 6.7 15 140 M M 0 17 130
9 87 50 69 3 0 4 0.00 M M 6.6 16 130 M M 0 19 130
10 85 59 72 7 0 7 T M M 8.4 29 250 M M 5 3 40 250
11 79 54 67 2 0 2 0.00 M M 7.0 14 140 M M 2 18 340
12 78 54 66 1 0 1 0.00 M M 7.3 28 150 M M 2 35 140
13 75 56 66 2 0 1 0.01 M M 6.1 21 110 M M 5 3 27 110
14 74 48 61 -3 4 0 T M M 6.4 21 250 M M 3 28 240
15 68 48 58 -6 7 0 0.17 M M 6.5 20 40 M M 6 3 27 40
16 75 42 59 -4 6 0 0.00 M M 4.7 14 140 M M 0 16 150
17 79 45 62 -1 3 0 0.00 M M 6.0 14 130 M M 2 16 120
18 72 49 61 -2 4 0 T M M 7.3 25 170 M M 2 3 31 170
19 76 46 61 -1 4 0 T M M 6.4 17 150 M M 1 22 160
20 79 44 62 0 3 0 0.00 M M 8.8 25 220 M M 0 37 230
21 80 49 65 4 0 0 T M M 11.4 25 240 M M 1 3 36 250
22 78 50 64 3 1 0 0.00 M M 9.2 25 240 M M 0 35 230
23 72 44 58 -3 7 0 0.00 M M 6.0 14 140 M M 0 8 17 30
24 74 43 59 -1 6 0 0.00 M M 6.6 15 140 M M 0 19 330
25 77 39 58 -2 7 0 0.00 M M 6.8 14 140 M M 0 17 330
26 81 42 62 3 3 0 0.00 M M 7.7 13 130 M M 0 17 350
27 83 44 64 5 1 0 0.00 M M 6.8 12 150 M M 0 15 360
28 83 46 65 7 0 0 0.00 M M 9.2 20 240 M M 0 31 240
29 83 47 65 7 0 0 0.00 M M 8.1 14 130 M M 0 20 170
30 85 48 67 9 0 2 T M M 11.8 37 150 M M 1 8 50 150
================================================================================
SM 2405 1484 56 58 0.22 M 226.8 M 38
================================================================================
AV 80.2 49.5 7.6 FASTST M M 1 MAX(MPH)
MISC ----> 37 150 50 150
================================================================================
NOTES:
# LAST OF SEVERAL OCCURRENCES
COLUMN 17 PEAK WIND IN M.P.H.
PRELIMINARY LOCAL CLIMATOLOGICAL DATA (WS FORM: F-6) , PAGE 2
STATION: MONTROSE CO
MONTH: SEPTEMBER
YEAR: 2023
LATITUDE: 38 30 N
LONGITUDE: 107 53 W
[TEMPERATURE DATA] [PRECIPITATION DATA] SYMBOLS USED IN COLUMN 16
AVERAGE MONTHLY: 64.8 TOTAL FOR MONTH: 0.22 1 = FOG OR MIST
DPTR FM NORMAL: 1.6 DPTR FM NORMAL: -0.95 2 = FOG REDUCING VISIBILITY
HIGHEST: 89 ON 6 GRTST 24HR 0.17 ON 15-15 TO 1/4 MILE OR LESS
LOWEST: 39 ON 25 3 = THUNDER
SNOW, ICE PELLETS, HAIL 4 = ICE PELLETS
TOTAL MONTH: M 5 = HAIL
GRTST 24HR M ON M 6 = FREEZING RAIN OR DRIZZLE
GRTST DEPTH: M ON M 7 = DUSTSTORM OR SANDSTORM:
VSBY 1/2 MILE OR LESS
8 = SMOKE OR HAZE
[NO. OF DAYS WITH] [WEATHER - DAYS WITH] 9 = BLOWING SNOW
X = TORNADO
MAX 32 OR BELOW: 0 0.01 INCH OR MORE: 3
MAX 90 OR ABOVE: 0 0.10 INCH OR MORE: 1
MIN 32 OR BELOW: 0 0.50 INCH OR MORE: 0
MIN 0 OR BELOW: 0 1.00 INCH OR MORE: 0
[HDD (BASE 65) ]
TOTAL THIS MO. 56 CLEAR (SCALE 0-3) 25
DPTR FM NORMAL -46 PTCLDY (SCALE 4-7) 5
TOTAL FM JUL 1 56 CLOUDY (SCALE 8-10) 0
DPTR FM NORMAL -51
[CDD (BASE 65) ]
TOTAL THIS MO. 58
DPTR FM NORMAL 9 [PRESSURE DATA]
TOTAL FM JAN 1 788 HIGHEST SLP M ON M
DPTR FM NORMAL 90 LOWEST SLP 29.64 ON 30
[REMARKS]
#FINAL-09-23#