000
CXUS53 KGRB 300737
CF6MTW
PRELIMINARY LOCAL CLIMATOLOGICAL DATA (WS FORM: F-6)
STATION: MANITOWOC AWOS
MONTH: SEPTEMBER
YEAR: 2021
LATITUDE: 44 7 N
LONGITUDE: 87 40 W
TEMPERATURE IN F: :PCPN: SNOW: WIND :SUNSHINE: SKY :PK WND
================================================================================
1 2 3 4 5 6A 6B 7 8 9 10 11 12 13 14 15 16 17 18
12Z AVG MX 2MIN
DY MAX MIN AVG DEP HDD CDD WTR SNW DPTH SPD SPD DIR MIN PSBL S-S WX SPD DR
================================================================================
1 72 56 64 M 1 0 M M M 6.7 12 60 M M 1 M M
2 71 54 63 M 2 0 M M M 3.7 9 130 M M 1 8 M M
3 71 56 64 M 1 0 T M M 3.8 10 170 M M 5 M M
4 69 60 65 M 0 0 0.01 M M 6.1 12 300 M M 8 1 M M
5 75 59 67 M 0 2 M M M 8.8 17 290 M M 3 22 290
6 73 51 62 M 3 0 M M M 6.9 14 280 M M 1 M M
7 76 61 69 M 0 4 T M M 7.9 14 130 M M 3 13 M M
8 72 54 63 M 2 0 M M M 9.8 18 300 M M 1 30 300
9 72 51 62 M 3 0 M M M 4.6 10 170 M M 4 8 M M
10 74 54 64 M 1 0 M M M 6.8 15 160 M M 1 1 M M
11 83 57 70 M 0 5 M M M 6.4 16 220 M M 1 22 220
12 70 54 62 M 3 0 M M M 3.3 8 70 M M 6 M M
13 69 54 62 M 3 0 M M M 4.2 10 130 M M 3 13 M M
14 74 61 68 M 0 3 M M M 11.5 23 280 M M 5 1 31 300
15 72 52 62 M 3 0 M M M 5.1 10 140 M M 0 M M
16 73 49 61 M 4 0 M M M 9.4 21 170 M M 0 29 170
17 81 53 67 M 0 2 M M M 7.7 15 320 M M 1 22 270
18 67 49 58 M 7 0 M M M 3.6 9 120 M M 0 8 M M
19 74 49 62 M 3 0 M M M 6.7 16 170 M M 0 12 M M
20 73 61 67 M 0 2 M M M 12.4 22 170 M M 6 123 32 170
21 70 55 63 M 2 0 M M M 9.4 16 300 M M 7 13 24 320
22 62 51 57 M 8 0 M M M 10.9 20 350 M M 1 28 360
23 61 45 53 M 12 0 M M M 9.7 24 340 M M 2 31 350
24 72 43 58 M 7 0 M M M 10.5 21 180 M M 3 31 160
25 65 47 56 M 9 0 M M M 10.8 20 280 M M 3 30 280
26 74 51 63 M 2 0 M M M 4.7 13 230 M M 2 1 M M
27 68 50 59 M 6 0 M M M 5.9 15 10 M M 1 21 10
28 64 47 56 M 9 0 M M M 4.2 9 140 M M 0 M M
29 68 45 57 M 8 0 M M M 2.8 8 110 M M 1 12 M M
================================================================================
SM 2065 1529 99 18 0.01 M 204.5 M 70
================================================================================
AV 71.2 52.7 7.1 FASTST M M 2 MAX(MPH)
MISC ----> 24 340 32 170
================================================================================
NOTES:
# LAST OF SEVERAL OCCURRENCES
COLUMN 17 PEAK WIND IN M.P.H.
PRELIMINARY LOCAL CLIMATOLOGICAL DATA (WS FORM: F-6) , PAGE 2
STATION: MANITOWOC AWOS
MONTH: SEPTEMBER
YEAR: 2021
LATITUDE: 44 7 N
LONGITUDE: 87 40 W
[TEMPERATURE DATA] [PRECIPITATION DATA] SYMBOLS USED IN COLUMN 16
AVERAGE MONTHLY: 62.0 TOTAL FOR MONTH: 0.01 1 = FOG OR MIST
DPTR FM NORMAL: 0.0 DPTR FM NORMAL: 0.01 2 = FOG REDUCING VISIBILITY
HIGHEST: 83 ON 11 GRTST 24HR 0.01 ON 3- 4 TO 1/4 MILE OR LESS
LOWEST: 43 ON 24 3 = THUNDER
SNOW, ICE PELLETS, HAIL 4 = ICE PELLETS
TOTAL MONTH: M 5 = HAIL
GRTST 24HR M ON M 6 = FREEZING RAIN OR DRIZZLE
GRTST DEPTH: M ON M 7 = DUSTSTORM OR SANDSTORM:
VSBY 1/2 MILE OR LESS
8 = SMOKE OR HAZE
[NO. OF DAYS WITH] [WEATHER - DAYS WITH] 9 = BLOWING SNOW
X = TORNADO
MAX 32 OR BELOW: 0 0.01 INCH OR MORE: 1
MAX 90 OR ABOVE: 0 0.10 INCH OR MORE: 0
MIN 32 OR BELOW: 0 0.50 INCH OR MORE: 0
MIN 0 OR BELOW: 0 1.00 INCH OR MORE: 0
[HDD (BASE 65) ]
TOTAL THIS MO. 99 CLEAR (SCALE 0-3) 20
DPTR FM NORMAL M PTCLDY (SCALE 4-7) 9
TOTAL FM JUL 1 137 CLOUDY (SCALE 8-10) 0
DPTR FM NORMAL M
[CDD (BASE 65) ]
TOTAL THIS MO. 18
DPTR FM NORMAL M [PRESSURE DATA]
TOTAL FM JAN 1 464 HIGHEST SLP M ON M
DPTR FM NORMAL 464 LOWEST SLP 29.64 ON 14
[REMARKS]