000
CXUS55 KBOI 011002
CF6MUO
PRELIMINARY LOCAL CLIMATOLOGICAL DATA (WS FORM: F-6)
STATION: MOUNTAIN HOME AFB
MONTH: JULY
YEAR: 2022
LATITUDE: 43 2 N
LONGITUDE: 115 52 W
TEMPERATURE IN F: :PCPN: SNOW: WIND :SUNSHINE: SKY :PK WND
================================================================================
1 2 3 4 5 6A 6B 7 8 9 10 11 12 13 14 15 16 17 18
12Z AVG MX 2MIN
DY MAX MIN AVG DEP HDD CDD WTR SNW DPTH SPD SPD DIR MIN PSBL S-S WX SPD DR
================================================================================
1 94 55 75 3 0 10 0.00 M M 5.9 14 340 M M 0 17 340
2 95 56 76 3 0 11 T M M 5.6 16 20 M M 3 M M
3 88 65 77 4 0 12 T M M 8.8 29 300 M M 5 36 290
4 83 59 71 -2 0 6 T M M 9.9 17 350 M M 4 25 350
5 91 58 75 2 0 10 T M M 6.7 12 290 M M 4 M M
6 93 60 77 3 0 12 T M M 9.9 17 330 M M 2 21 330
7 95 60 78 4 0 13 0.00 M M 7.9 14 350 M M 2 21 340
8 95 61 78 4 0 13 0.00 M M 9.3 14 360 M M 0 18 340
9 94 62 78 3 0 13 0.00 M M 9.7 18 360 M M 0 24 360
10 89 64 77 2 0 12 0.00 M M 15.8 23 10 M M 0 35 350
11 92 62 77 2 0 12 0.00 M M 8.8 18 320 M M 0 M M
12 100 57 79 4 0 14 0.00 M M 5.6 9 70 M M 0 M M
13 77 69 73 -3 0 8 0.00 M M 12.8 17 130 M M 1 29 130
14 103 65 84 8 0 19 0.00 M M 5.4 12 320 M M 1 M M
15 101 69 85 9 0 20 0.00 M M 8.5 16 360 M M 1 23 350
16 104 59 82 6 0 17 0.00 M M 5.2 13 120 M M 1 M M
17 100 65 83 6 0 18 T M M 7.8 18 120 M M 5 8 35 120
18 91 63 77 0 0 12 0.00 M M 14.6 23 360 M M 0 37 300
19 98 52 75 -2 0 10 0.00 M M 5.4 10 10 M M 0 M M
20 M M M M M M M M M M M M M M M M M
21 101 57 79 2 0 14 T M M 5.2 16 360 M M 1 16 360
22 96 60 78 1 0 13 0.00 M M 9.1 22 10 M M 0 31 340
23 96 56 76 -1 0 11 0.00 M M 9.1 15 10 M M 0 22 10
24 93 56 75 -3 0 10 0.00 M M 12.9 21 330 M M 0 30 340
25 96 57 77 -1 0 12 0.00 M M 8.4 17 330 M M 0 23 330
26 100 60 80 2 0 15 0.00 M M 9.3 16 310 M M 0 30 320
27 100 71 86 8 0 21 0.00 M M 11.3 18 350 M M 1 26 350
28 102 69 86 8 0 21 0.00 M M 10.5 21 330 M M 1 21 350
29 101 67 84 6 0 19 0.00 M M 7.8 18 350 M M 1 25 350
30 103 64 84 6 0 19 0.00 0.0 0 6.6 18 330 M M 0 33 340
31 104 61 83 5 0 18 T 0.0 0 5.5 13 120 M M 0 M M
================================================================================
SM 2875 1839 0 415 T 0.0 259.2 M 33
================================================================================
AV 95.8 61.3 8.6 FASTST M M 1 MAX(MPH)
MISC ----> 29 300 37 300
================================================================================
NOTES:
# LAST OF SEVERAL OCCURRENCES
COLUMN 17 PEAK WIND IN M.P.H.
PRELIMINARY LOCAL CLIMATOLOGICAL DATA (WS FORM: F-6) , PAGE 2
STATION: MOUNTAIN HOME AFB
MONTH: JULY
YEAR: 2022
LATITUDE: 43 2 N
LONGITUDE: 115 52 W
[TEMPERATURE DATA] [PRECIPITATION DATA] SYMBOLS USED IN COLUMN 16
AVERAGE MONTHLY: 78.6 TOTAL FOR MONTH: T 1 = FOG OR MIST
DPTR FM NORMAL: 2.8 DPTR FM NORMAL: -0.21 2 = FOG REDUCING VISIBILITY
HIGHEST: 104 ON 31,16 GRTST 24HR T ON 2- 2 TO 1/4 MILE OR LESS
LOWEST: 52 ON 19 3 = THUNDER
SNOW, ICE PELLETS, HAIL 4 = ICE PELLETS
TOTAL MONTH: 0.0 INCH 5 = HAIL
GRTST 24HR 0.0 6 = FREEZING RAIN OR DRIZZLE
GRTST DEPTH: 0 7 = DUSTSTORM OR SANDSTORM:
VSBY 1/2 MILE OR LESS
8 = SMOKE OR HAZE
[NO. OF DAYS WITH] [WEATHER - DAYS WITH] 9 = BLOWING SNOW
X = TORNADO
MAX 32 OR BELOW: 0 0.01 INCH OR MORE: 0
MAX 90 OR ABOVE: 26 0.10 INCH OR MORE: 0
MIN 32 OR BELOW: 0 0.50 INCH OR MORE: 0
MIN 0 OR BELOW: 0 1.00 INCH OR MORE: 0
[HDD (BASE 65) ]
TOTAL THIS MO. 0 CLEAR (SCALE 0-3) 25
DPTR FM NORMAL -6 PTCLDY (SCALE 4-7) 5
TOTAL FM JUL 1 0 CLOUDY (SCALE 8-10) 1
DPTR FM NORMAL -6
[CDD (BASE 65) ]
TOTAL THIS MO. 415
DPTR FM NORMAL 74 [PRESSURE DATA]
TOTAL FM JAN 1 536 HIGHEST SLP M ON M
DPTR FM NORMAL 25 LOWEST SLP M ON M
[REMARKS]
#FINAL-07-22#