000
CXUS54 KFWD 010831
CF6MWL
PRELIMINARY LOCAL CLIMATOLOGICAL DATA (WS FORM: F-6)
STATION: MINERAL WELLS
MONTH: FEBRUARY
YEAR: 2023
LATITUDE: 32 46 N
LONGITUDE: 98 4 W
TEMPERATURE IN F: :PCPN: SNOW: WIND :SUNSHINE: SKY :PK WND
================================================================================
1 2 3 4 5 6A 6B 7 8 9 10 11 12 13 14 15 16 17 18
12Z AVG MX 2MIN
DY MAX MIN AVG DEP HDD CDD WTR SNW DPTH SPD SPD DIR MIN PSBL S-S WX SPD DR
================================================================================
1 30 27 29 -18 36 0 0.33 M M 7.1 13 340 M M 8 16 17 330
2 34 28 31 -16 34 0 0.24 M M 5.9 13 330 M M 9 126 15 330
3 53 25 39 -8 26 0 0.00 M M 4.8 8 10 M M 1 12 11 360
4 60 27 44 -4 21 0 0.00 M M 8.6 21 190 M M 3 12 29 180
5 75 39 57 9 8 0 0.00 M M 8.2 15 140 M M 0 18 160
6 78 48 63 15 2 0 0.00 M M 13.8 28 170 M M 1 1 37 170
7 62 43 53 5 12 0 0.21 M M 10.7 17 330 M M 10 1 25 10
8 47 33 40 -8 25 0 0.63 M M 10.3 23 300 M M 8 13 30 300
9 64 29 47 -1 18 0 0.00 M M 7.2 16 350 M M 2 12 21 350
10 47 30 39 -10 26 0 0.00 M M 13.9 25 340 M M 6 34 350
11 57 26 42 -7 23 0 0.00 M M 6.0 16 350 M M 0 21 350
12 70 27 49 0 16 0 0.00 M M 6.8 18 210 M M 0 25 220
13 65 39 52 3 13 0 T M M 10.6 33 150 M M 1 49 150
14 71 48 60 11 5 0 0.57 M M 15.0 32 230 M M 4 1 47 220
15 79 42 61 11 4 0 0.00 M M 12.7 29 310 M M 0 39 320
16 50 32 41 -9 24 0 0.00 M M 17.5 28 330 M M 3 35 310
17 53 26 40 -10 25 0 0.00 M M 5.7 15 340 M M 0 20 360
18 54 25 40 -10 25 0 T M M 8.2 22 150 M M 0 28 160
19 73 39 56 5 9 0 0.00 M M 9.2 17 210 M M 1 25 210
20 87 58 73 22 0 8 0.00 M M 10.6 22 230 M M 0 29 240
21 91 55 73 22 0 8 0.00 M M 12.0 25 160 M M 0 37 160
22 81 56 69 18 0 4 0.50 M M 13.7 31 250 M M 4 13 43 250
23 57 41 49 -3 16 0 0.00 M M 10.4 20 350 M M 2 30 20
24 45 38 42 -10 23 0 T M M 10.4 16 350 M M 10 21 340
25 49 35 42 -10 23 0 T M M 4.7 13 130 M M 10 18 15 330
26 79 46 63 11 2 0 0.12 M M 12.6 31 280 M M 7 1238 44 150
27 76 47 62 9 3 0 0.00 M M 10.5 26 270 M M 6 8 39 280
28 86 37 62 9 3 0 0.00 M M 5.5 18 190 M M 0 23 170
================================================================================
SM 1773 1046 422 20 2.60 M 272.6 M 96
================================================================================
AV 63.3 37.4 9.7 FASTST M M 3 MAX(MPH)
MISC ----> 33 150 49 150
================================================================================
NOTES:
# LAST OF SEVERAL OCCURRENCES
COLUMN 17 PEAK WIND IN M.P.H.
PRELIMINARY LOCAL CLIMATOLOGICAL DATA (WS FORM: F-6) , PAGE 2
STATION: MINERAL WELLS
MONTH: FEBRUARY
YEAR: 2023
LATITUDE: 32 46 N
LONGITUDE: 98 4 W
[TEMPERATURE DATA] [PRECIPITATION DATA] SYMBOLS USED IN COLUMN 16
AVERAGE MONTHLY: 50.3 TOTAL FOR MONTH: 2.60 1 = FOG OR MIST
DPTR FM NORMAL: 0.6 DPTR FM NORMAL: 0.41 2 = FOG REDUCING VISIBILITY
HIGHEST: 91 ON 21 GRTST 24HR 0.84 ON 7- 8 TO 1/4 MILE OR LESS
LOWEST: 25 ON 18, 3 3 = THUNDER
SNOW, ICE PELLETS, HAIL 4 = ICE PELLETS
TOTAL MONTH: M 5 = HAIL
GRTST 24HR M ON M 6 = FREEZING RAIN OR DRIZZLE
GRTST DEPTH: M ON M 7 = DUSTSTORM OR SANDSTORM:
VSBY 1/2 MILE OR LESS
8 = SMOKE OR HAZE
[NO. OF DAYS WITH] [WEATHER - DAYS WITH] 9 = BLOWING SNOW
X = TORNADO
MAX 32 OR BELOW: 1 0.01 INCH OR MORE: 7
MAX 90 OR ABOVE: 1 0.10 INCH OR MORE: 7
MIN 32 OR BELOW: 11 0.50 INCH OR MORE: 3
MIN 0 OR BELOW: 0 1.00 INCH OR MORE: 0
[HDD (BASE 65) ]
TOTAL THIS MO. 422 CLEAR (SCALE 0-3) 16
DPTR FM NORMAL -13 PTCLDY (SCALE 4-7) 7
TOTAL FM JUL 1 1809 CLOUDY (SCALE 8-10) 5
DPTR FM NORMAL -227
[CDD (BASE 65) ]
TOTAL THIS MO. 20
DPTR FM NORMAL 13 [PRESSURE DATA]
TOTAL FM JAN 1 26 HIGHEST SLP 30.61 ON 3
DPTR FM NORMAL 24 LOWEST SLP 29.40 ON 22
[REMARKS]
#FINAL-02-23#