000
CXUS54 KLZK 011130
CF6MWT
PRELIMINARY LOCAL CLIMATOLOGICAL DATA (WS FORM: F-6)
STATION: MOUNT IDA
MONTH: OCTOBER
YEAR: 2021
LATITUDE: 34 32 N
LONGITUDE: 93 35 W
TEMPERATURE IN F: :PCPN: SNOW: WIND :SUNSHINE: SKY :PK WND
================================================================================
1 2 3 4 5 6A 6B 7 8 9 10 11 12 13 14 15 16 17 18
12Z AVG MX 2MIN
DY MAX MIN AVG DEP HDD CDD WTR SNW DPTH SPD SPD DIR MIN PSBL S-S WX SPD DR
================================================================================
1 81 67 74 6 0 9 0.06 0.0 0 1.6 12 130 M M 8 1 15 140
2 86 70 78 11 0 13 1.15 0.0 0 1.0 9 260 M M 7 1 17 270
3 85 60 73 6 0 8 0.00 0.0 0 1.4 9 290 M M 4 12 15 320
4 85 56 71 4 0 6 0.00 0.0 0 0.4 4 99 M M 2 1 M M
5 84 52 68 2 0 3 0.00 0.0 0 0.9 9 130 M M 1 13 120
6 80 58 69 3 0 4 0.02 0.0 0 0.6 8 140 M M 5 1 11 160
7 87 58 73 7 0 8 0.00 0.0 0 0.7 8 150 M M 4 12 12 300
8 89 56 73 8 0 8 0.00 0.0 0 1.7 10 190 M M 0 1 17 180
9 89 69 79 14 0 14 0.00 0.0 0 3.0 9 220 M M 0 16 220
10 86 71 79 15 0 14 T 0.0 0 6.6 15 150 M M 5 30 140
11 80 55 68 4 0 3 1.08 0.0 0 3.7 14 140 M M 3 1 26 170
12 76 50 63 -1 2 0 0.05 0.0 0 1.5 10 140 M M 4 1 14 140
13 84 74 79 16 0 14 0.00 0.0 0 5.9 14 220 M M 5 23 210
14 79 63 71 8 0 6 0.11 0.0 0 2.5 10 330 M M 8 12 17 330
15 80 49 65 3 0 0 0.07 0.0 0 2.5 15 320 M M 7 1 28 320
16 71 43 57 -5 8 0 0.00 0.0 M 1.9 12 320 M M 0 19 360
17 75 38 57 -5 8 0 0.00 0.0 M 0.8 6 180 M M 0 10 350
18 73 42 58 -3 7 0 0.00 0.0 M 2.3 8 140 M M 0 14 130
19 75 42 59 -2 6 0 0.00 0.0 0 1.7 9 150 M M 0 14 150
20 81 51 66 5 0 1 0.00 0.0 0 1.0 9 270 M M 3 18 280
21 80 49 65 5 0 0 T 0.0 0 1.9 12 320 M M 2 1 18 300
22 78 45 62 2 3 0 0.00 0.0 0 0.5 8 150 M M 1 11 200
23 81 49 65 5 0 0 0.00 0.0 0 1.4 13 210 M M 5 23 210
24 86 69 78 19 0 13 0.27 0.0 0 3.9 13 200 M M 3 1 23 250
25 79 51 65 6 0 0 0.00 0.0 0 1.8 8 340 M M 1 1 14 300
26 71 50 61 2 4 0 0.00 0.0 0 3.2 10 130 M M 4 15 140
27 67 55 61 3 4 0 0.60 0.0 0 4.0 12 130 M M 9 1 18 140
28 57 51 54 -4 11 0 0.02 0.0 0 8.4 18 340 M M 9 1 36 330
29 55 50 53 -5 12 0 0.00 0.0 0 7.3 16 330 M M 9 29 350
30 70 40 55 -2 10 0 0.00 0.0 0 1.9 12 330 M M 1 1 17 340
31 79 35 57 0 8 0 0.00 0.0 0 0.8 7 320 M M 0 11 320
================================================================================
SM 2429 1668 83 124 3.43 0.0 76.8 M 110
================================================================================
AV 78.4 53.8 2.5 FASTST M M 4 MAX(MPH)
MISC ----> 18 340 36 330
================================================================================
NOTES:
# LAST OF SEVERAL OCCURRENCES
COLUMN 17 PEAK WIND IN M.P.H.
PRELIMINARY LOCAL CLIMATOLOGICAL DATA (WS FORM: F-6) , PAGE 2
STATION: MOUNT IDA
MONTH: OCTOBER
YEAR: 2021
LATITUDE: 34 32 N
LONGITUDE: 93 35 W
[TEMPERATURE DATA] [PRECIPITATION DATA] SYMBOLS USED IN COLUMN 16
AVERAGE MONTHLY: 66.1 TOTAL FOR MONTH: 3.43 1 = FOG OR MIST
DPTR FM NORMAL: 3.9 DPTR FM NORMAL: -1.01 2 = FOG REDUCING VISIBILITY
HIGHEST: 89 ON 9, 8 GRTST 24HR 1.21 ON 1- 2 TO 1/4 MILE OR LESS
LOWEST: 35 ON 31 3 = THUNDER
SNOW, ICE PELLETS, HAIL 4 = ICE PELLETS
TOTAL MONTH: 0.0 INCH 5 = HAIL
GRTST 24HR 0.0 6 = FREEZING RAIN OR DRIZZLE
GRTST DEPTH: 0 7 = DUSTSTORM OR SANDSTORM:
VSBY 1/2 MILE OR LESS
8 = SMOKE OR HAZE
[NO. OF DAYS WITH] [WEATHER - DAYS WITH] 9 = BLOWING SNOW
X = TORNADO
MAX 32 OR BELOW: 0 0.01 INCH OR MORE: 10
MAX 90 OR ABOVE: 0 0.10 INCH OR MORE: 5
MIN 32 OR BELOW: 0 0.50 INCH OR MORE: 3
MIN 0 OR BELOW: 0 1.00 INCH OR MORE: 2
[HDD (BASE 65) ]
TOTAL THIS MO. 83 CLEAR (SCALE 0-3) 16
DPTR FM NORMAL -73 PTCLDY (SCALE 4-7) 12
TOTAL FM JUL 1 85 CLOUDY (SCALE 8-10) 3
DPTR FM NORMAL -82
[CDD (BASE 65) ]
TOTAL THIS MO. 124
DPTR FM NORMAL 55 [PRESSURE DATA]
TOTAL FM JAN 1 1994 HIGHEST SLP 30.33 ON 17
DPTR FM NORMAL 75 LOWEST SLP 29.38 ON 28
[REMARKS]
#FINAL-10-21#