473
CXUS51 KOKX 010702
CF6NYC
PRELIMINARY LOCAL CLIMATOLOGICAL DATA (WS FORM: F-6)
STATION: CENTRAL PARK NY
MONTH: SEPTEMBER
YEAR: 2020
LATITUDE: 40 46 N
LONGITUDE: 73 58 W
TEMPERATURE IN F: :PCPN: SNOW: WIND :SUNSHINE: SKY :PK WND
================================================================================
1 2 3 4 5 6A 6B 7 8 9 10 11 12 13 14 15 16 17 18
12Z AVG MX 2MIN
DY MAX MIN AVG DEP HDD CDD WTR SNW DPTH SPD SPD DIR MIN PSBL S-S WX SPD DR
================================================================================
1 77 66 72 -1 0 7 0.23 0.0 0 3.9 12 110 M M 8 1 17 90
2 79 69 74 2 0 9 0.14 0.0 0 2.9 8 140 M M 7 1 13 140
3 85 70 78 6 0 13 0.71 0.0 0 3.0 10 290 M M 5 1 15 290
4 85 69 77 5 0 12 0.00 0.0 0 4.5 12 280 M M 1 1 18 280
5 80 65 73 1 0 8 0.00 0.0 0 3.7 10 310 M M 1 16 220
6 82 66 74 3 0 9 0.00 0.0 0 3.5 9 160 M M 1 19 150
7 79 66 73 2 0 8 0.00 0.0 0 2.5 12 140 M M 0 20 140
8 84 68 76 5 0 11 0.00 0.0 0 2.1 8 140 M M 3 13 150
9 81 69 75 5 0 10 0.00 0.0 0 2.5 7 170 M M 2 1 11 140
10 82 73 78 8 0 13 1.20 0.0 0 2.7 10 230 M M 8 1 15 220
11 76 64 70 0 0 5 T 0.0 0 5.5 14 20 M M 6 1 23 20
12 74 61 68 -2 0 3 0.00 0.0 0 5.3 12 50 M M 6 18 110
13 74 61 68 -1 0 3 0.00 0.0 0 2.9 10 140 M M 9 18 140
14 75 59 67 -2 0 2 0.00 0.0 0 5.0 15 360 M M 2 23 340
15 66 54 60 -8 5 0 0.00 0.0 0 3.8 15 20 M M 0 25 30
16 71 56 64 -4 1 0 0.00 0.0 0 2.7 9 250 M M 1 19 230
17 75 64 70 2 0 5 0.00 0.0 0 2.0 10 250 M M 3 14 250
18 70 55 63 -4 2 0 0.00 0.0 0 8.2 16 20 M M 4 27 10
19 63 50 57 -10 8 0 0.00 0.0 0 7.0 17 50 M M 0 27 20
20 65 50 58 -8 7 0 0.00 0.0 0 6.4 15 50 M M 0 21 50
21 65 49 57 -9 8 0 0.00 0.0 0 4.6 15 60 M M 0 23 40
22 71 48 60 -6 5 0 0.00 0.0 0 3.8 13 300 M M 0 19 290
23 79 57 68 3 0 3 0.00 0.0 0 5.1 15 300 M M 0 24 290
24 75 62 69 4 0 4 0.00 0.0 0 2.7 9 260 M M 0 15 230
25 77 62 70 6 0 5 0.00 0.0 0 2.0 7 220 M M 0 18 12 160
26 74 65 70 6 0 5 0.00 0.0 0 3.0 9 140 M M 5 8 16 160
27 79 67 73 9 0 8 0.03 0.0 0 2.6 9 130 M M 9 1 13 140
28 77 69 73 10 0 8 0.02 0.0 0 3.0 9 140 M M 3 1 16 190
29 74 67 71 8 0 6 0.47 0.0 0 3.7 10 140 M M 8 1 22 210
30 71 60 66 4 0 1 1.14 0.0 0 6.2 17 270 M M 5 1 27 160
================================================================================
SM 2265 1861 36 158 3.94 0.0 116.8 M 97
================================================================================
AV 75.5 62.0 3.9 FASTST M M 3 MAX(MPH)
MISC ----> # 17 50 # 27 10
================================================================================
NOTES:
# LAST OF SEVERAL OCCURRENCES
COLUMN 17 PEAK WIND IN M.P.H.
PRELIMINARY LOCAL CLIMATOLOGICAL DATA (WS FORM: F-6) , PAGE 2
STATION: CENTRAL PARK NY
MONTH: SEPTEMBER
YEAR: 2020
LATITUDE: 40 46 N
LONGITUDE: 73 58 W
[TEMPERATURE DATA] [PRECIPITATION DATA] SYMBOLS USED IN COLUMN 16
AVERAGE MONTHLY: 68.8 TOTAL FOR MONTH: 3.94 1 = FOG OR MIST
DPTR FM NORMAL: 0.8 DPTR FM NORMAL: -0.34 2 = FOG REDUCING VISIBILITY
HIGHEST: 85 ON 4, 3 GRTST 24HR 1.20 ON 10-10 TO 1/4 MILE OR LESS
LOWEST: 48 ON 22 3 = THUNDER
SNOW, ICE PELLETS, HAIL 4 = ICE PELLETS
TOTAL MONTH: 0.0 INCH 5 = HAIL
GRTST 24HR 0.0 6 = FREEZING RAIN OR DRIZZLE
GRTST DEPTH: 0 7 = DUSTSTORM OR SANDSTORM:
VSBY 1/2 MILE OR LESS
8 = SMOKE OR HAZE
[NO. OF DAYS WITH] [WEATHER - DAYS WITH] 9 = BLOWING SNOW
X = TORNADO
MAX 32 OR BELOW: 0 0.01 INCH OR MORE: 8
MAX 90 OR ABOVE: 0 0.10 INCH OR MORE: 6
MIN 32 OR BELOW: 0 0.50 INCH OR MORE: 3
MIN 0 OR BELOW: 0 1.00 INCH OR MORE: 2
[HDD (BASE 65) ]
TOTAL THIS MO. 36 CLEAR (SCALE 0-3) 16
DPTR FM NORMAL -7 PTCLDY (SCALE 4-7) 11
TOTAL FM JUL 1 36 CLOUDY (SCALE 8-10) 3
DPTR FM NORMAL -9
[CDD (BASE 65) ]
TOTAL THIS MO. 158
DPTR FM NORMAL 25 [PRESSURE DATA]
TOTAL FM JAN 1 1322 HIGHEST SLP 30.07 ON 1
DPTR FM NORMAL 235 LOWEST SLP 29.58 ON 29
[REMARKS]
#FINAL-09-20#