000
CXUS51 KOKX 010702
CF6NYC
PRELIMINARY LOCAL CLIMATOLOGICAL DATA (WS FORM: F-6)
STATION: CENTRAL PARK NY
MONTH: MARCH
YEAR: 2020
LATITUDE: 40 46 N
LONGITUDE: 73 58 W
TEMPERATURE IN F: :PCPN: SNOW: WIND :SUNSHINE: SKY :PK WND
================================================================================
1 2 3 4 5 6A 6B 7 8 9 10 11 12 13 14 15 16 17 18
12Z AVG MX 2MIN
DY MAX MIN AVG DEP HDD CDD WTR SNW DPTH SPD SPD DIR MIN PSBL S-S WX SPD DR
================================================================================
1 44 25 35 -3 30 0 0.00 0.0 0 6.1 15 280 M M 0 25 270
2 58 40 49 11 16 0 0.00 0.0 0 6.5 15 220 M M 2 23 220
3 59 49 54 15 11 0 0.26 0.0 0 6.1 20 260 M M 5 1 32 280
4 56 45 51 12 14 0 T 0.0 0 10.2 22 280 M M 2 35 280
5 51 39 45 6 20 0 0.00 0.0 0 5.4 15 300 M M 0 23 310
6 45 37 41 2 24 0 0.37 0.0 0 7.7 17 30 M M 6 1 29 30
7 48 36 42 2 23 0 0.00 0.0 0 7.6 17 20 M M 3 28 10
8 59 35 47 7 18 0 0.00 0.0 0 6.6 15 240 M M 2 23 240
9 72 47 60 20 5 0 0.00 0.0 0 7.4 15 240 M M 0 28 230
10 65 54 60 20 5 0 T 0.0 0 7.5 17 240 M M 5 27 240
11 57 43 50 9 15 0 0.00 0.0 0 4.6 17 310 M M 2 26 310
12 50 43 47 6 18 0 0.03 0.0 0 5.2 12 60 M M 8 1 16 50
13 70 45 58 17 7 0 0.26 0.0 0 8.8 21 250 M M 5 1 33 260
14 57 43 50 8 15 0 0.00 0.0 0 7.3 18 300 M M 2 30 310
15 54 40 47 5 18 0 0.00 0.0 0 6.3 15 30 M M 4 8 22 20
16 45 33 39 -3 26 0 0.00 0.0 0 8.9 16 40 M M 4 26 40
17 54 41 48 5 17 0 0.16 0.0 0 4.3 14 260 M M 9 18 21 250
18 54 41 48 5 17 0 T 0.0 0 4.4 13 140 M M 1 19 150
19 52 41 47 4 18 0 0.93 0.0 0 4.7 16 70 M M 10 1 21 60
20 77 47 62 18 3 0 T 0.0 0 5.9 18 280 M M 8 18 34 250
21 65 40 53 9 12 0 0.00 0.0 0 7.8 16 40 M M 2 23 50
22 45 33 39 -5 26 0 0.00 0.0 0 10.1 17 50 M M 4 25 20
23 41 36 39 -6 26 0 1.16 T 0 9.1 20 40 M M 9 1 31 30
24 55 36 46 1 19 0 0.00 0.0 0 6.7 15 40 M M 2 20 300
25 45 40 43 -2 22 0 0.01 0.0 0 9.9 22 50 M M 7 33 60
26 60 38 49 3 16 0 0.00 0.0 0 4.4 14 50 M M 0 20 220
27 69 50 60 14 5 0 T 0.0 0 4.9 13 60 M M 3 20 20
28 54 44 49 3 16 0 0.45 0.0 0 7.4 17 70 M M 7 1 25 70
29 47 44 46 -1 19 0 0.05 0.0 0 11.6 21 60 M M 10 1 29 40
30 52 41 47 0 18 0 0.04 0.0 0 4.7 13 50 M M 10 1 16 50
31 49 41 45 -3 20 0 0.06 0.0 0 6.8 16 50 M M 10 1 21 40
================================================================================
SM 1709 1267 519 0 3.78 T 214.9 M 142
================================================================================
AV 55.1 40.9 6.9 FASTST M M 5 MAX(MPH)
MISC ----> # 22 280 # 35 280
================================================================================
NOTES:
# LAST OF SEVERAL OCCURRENCES
COLUMN 17 PEAK WIND IN M.P.H.
PRELIMINARY LOCAL CLIMATOLOGICAL DATA (WS FORM: F-6) , PAGE 2
STATION: CENTRAL PARK NY
MONTH: MARCH
YEAR: 2020
LATITUDE: 40 46 N
LONGITUDE: 73 58 W
[TEMPERATURE DATA] [PRECIPITATION DATA] SYMBOLS USED IN COLUMN 16
AVERAGE MONTHLY: 48.0 TOTAL FOR MONTH: 3.78 1 = FOG OR MIST
DPTR FM NORMAL: 5.5 DPTR FM NORMAL: -0.58 2 = FOG REDUCING VISIBILITY
HIGHEST: 77 ON 20 GRTST 24HR 1.16 ON 23-23 TO 1/4 MILE OR LESS
LOWEST: 25 ON 1 3 = THUNDER
SNOW, ICE PELLETS, HAIL 4 = ICE PELLETS
TOTAL MONTH: T 5 = HAIL
GRTST 24HR T ON 23-23 6 = FREEZING RAIN OR DRIZZLE
GRTST DEPTH: 0 7 = DUSTSTORM OR SANDSTORM:
VSBY 1/2 MILE OR LESS
8 = SMOKE OR HAZE
[NO. OF DAYS WITH] [WEATHER - DAYS WITH] 9 = BLOWING SNOW
X = TORNADO
MAX 32 OR BELOW: 0 0.01 INCH OR MORE: 12
MAX 90 OR ABOVE: 0 0.10 INCH OR MORE: 7
MIN 32 OR BELOW: 1 0.50 INCH OR MORE: 2
MIN 0 OR BELOW: 0 1.00 INCH OR MORE: 1
[HDD (BASE 65) ]
TOTAL THIS MO. 519 CLEAR (SCALE 0-3) 13
DPTR FM NORMAL -181 PTCLDY (SCALE 4-7) 12
TOTAL FM JUL 1 3656 CLOUDY (SCALE 8-10) 6
DPTR FM NORMAL -566
[CDD (BASE 65) ]
TOTAL THIS MO. 0
DPTR FM NORMAL -1 [PRESSURE DATA]
TOTAL FM JAN 1 0 HIGHEST SLP M ON M
DPTR FM NORMAL -1 LOWEST SLP 29.45 ON 3
[REMARKS]
#FINAL-03-20#