000
CXUS51 KOKX 011753
CLMNYC
CLIMATE REPORT
NATIONAL WEATHER SERVICE NEW YORK, NY
152 PM EDT SUN OCT 01 2023
...................................
...THE CENTRAL PARK NY CLIMATE SUMMARY FOR THE MONTH OF SEPTEMBER 2023...
CLIMATE NORMAL PERIOD 1991 TO 2020
CLIMATE RECORD PERIOD 1869 TO 2023
WEATHER OBSERVED NORMAL DEPART LAST YEAR`S
VALUE DATE(S) VALUE FROM VALUE DATE(S)
NORMAL
................................................................
TEMPERATURE (F)
RECORD
HIGH 102 09/02/1953
LOW 39 09/30/1912
HIGHEST 93 09/06 MM MM 90 09/04
09/07
LOWEST 50 09/27 MM MM 49 09/24
AVG. MAXIMUM 75.7 76.2 -0.5 76.9
AVG. MINIMUM 63.1 62.3 0.8 62.2
MEAN 69.4 69.2 0.2 69.5
DAYS MAX >= 90 4 1.1 2.9 1
DAYS MAX <= 32 0 0.0 0.0 0
DAYS MIN <= 32 0 0.0 0.0 0
DAYS MIN <= 0 0 0.0 0.0 0
PRECIPITATION (INCHES)
RECORD
MAXIMUM 16.85 1882
MINIMUM 0.21 1884
TOTALS 14.25 4.31 9.94 4.10
DAILY AVG. 0.48 0.14 0.34 0.14
DAYS >= .01 14 8.8 5.2 8
DAYS >= .10 12 6.2 5.8 7
DAYS >= .50 7 2.7 4.3 3
DAYS >= 1.00 5 1.3 3.7 1
GREATEST
24 HR. TOTAL 5.85 09/28 TO 09/29 1.11 09/25 TO 09/25
STORM TOTAL 5.85 1.11
(MM/DD(HH)) MM
DEGREE DAYS
HEATING TOTAL 39 32 7 31
SINCE 7/1 39 30 9 MM
COOLING TOTAL 177 159 18 174
SINCE 1/1 1195 1199 -4 MM
................................................................
WIND (MPH)
AVERAGE WIND SPEED 4.6
HIGHEST WIND SPEED/DIRECTION 23/060 DATE 09/25
HIGHEST GUST SPEED/DIRECTION 37/040 DATE 09/25
AVERAGE RH (PERCENT) 71
WEATHER CONDITIONS. NUMBER OF DAYS WITH
THUNDERSTORM 5 MIXED PRECIP 0
HEAVY RAIN 7 RAIN 9
LIGHT RAIN 15 FREEZING RAIN 0
LT FREEZING RAIN 0 HAIL 0
HEAVY SNOW 0 SNOW 0
LIGHT SNOW 0 SLEET 0
FOG 15 FOG W/VIS <= 1/4 MILE 4
HAZE 6
- INDICATES NEGATIVE NUMBERS.
R INDICATES RECORD WAS SET OR TIED.
MM INDICATES DATA IS MISSING.
T INDICATES TRACE AMOUNT.
$$