000
CXUS55 KPSR 011011
CF6NYL
PRELIMINARY LOCAL CLIMATOLOGICAL DATA (WS FORM: F-6)
STATION: YUMA AZ
MONTH: NOVEMBER
YEAR: 2023
LATITUDE: 32 39 N
LONGITUDE: 114 37 W
TEMPERATURE IN F: :PCPN: SNOW: WIND :SUNSHINE: SKY :PK WND
================================================================================
1 2 3 4 5 6A 6B 7 8 9 10 11 12 13 14 15 16 17 18
12Z AVG MX 2MIN
DY MAX MIN AVG DEP HDD CDD WTR SNW DPTH SPD SPD DIR MIN PSBL S-S WX SPD DR
================================================================================
1 85 58 72 0 0 7 0.00 M M 7.3 18 20 M M 1 24 40
2 85 55 70 -2 0 5 0.00 M M 3.8 12 30 M M 0 15 40
3 88 55 72 1 0 7 0.00 M M 5.2 14 30 M M 0 16 350
4 90 57 74 3 0 9 0.00 M M 5.7 15 30 M M 0 18 50
5 92 58 75 5 0 10 0.00 M M 3.8 12 350 M M 0 15 350
6 92 59 76 6 0 11 0.00 0.0 M 3.7 10 210 M M 0 12 200
7 85 59 72 2 0 7 0.00 0.0 M 6.9 18 290 M M 0 25 290
8 78 58 68 -1 0 3 0.00 0.0 M 9.5 23 10 M M 0 33 350
9 77 52 65 -4 0 0 0.00 0.0 0 9.5 20 10 M M 0 29 20
10 78 47 63 -5 2 0 0.00 0.0 0 6.5 17 340 M M 0 24 20
11 80 50 65 -3 0 0 0.00 0.0 0 6.6 14 40 M M 0 17 350
12 84 54 69 1 0 4 0.00 M M 6.0 17 40 M M 0 23 50
13 83 53 68 1 0 3 0.00 M M 3.5 9 30 M M 0 13 360
14 81 53 67 0 0 2 0.00 0.0 0 2.3 7 30 M M 4 10 30
15 79 57 68 2 0 3 0.07 M M 4.6 15 260 M M 5 138 21 250
16 71 58 65 -1 0 0 0.00 0.0 0 5.6 12 80 M M 8 1 14 80
17 79 53 66 1 0 1 0.00 0.0 0 3.2 9 20 M M 4 12 15 30
18 77 60 69 4 0 4 0.25 0.0 0 5.2 14 290 M M 3 1 20 280
19 79 56 68 3 0 3 0.00 M M 7.1 12 330 M M 0 25 270
20 M M M M M M 0.00 M M 13.2 21 350 M M 0 32 350
21 79 M M M M M 0.00 M M 11.7 22 30 M M 0 27 30
22 79 55 67 4 0 2 0.00 M M 7.2 15 20 M M 1 20 20
23 75 52 64 1 1 0 0.00 M M 6.2 16 150 M M 0 20 140
24 73 51 62 0 3 0 0.00 M M 6.1 14 320 M M 1 20 280
25 70 54 62 0 3 0 0.00 M M 10.2 21 10 M M 2 27 20
26 69 48 59 -3 6 0 0.00 M M 9.6 18 20 M M 0 25 30
27 71 57 64 3 1 0 0.00 M M 10.8 22 360 M M 3 30 360
28 75 55 65 4 0 0 0.00 M M 7.0 14 350 M M 2 17 360
29 71 47 59 -1 6 0 0.00 M M 7.0 15 280 M M 2 22 280
30 67 48 58 -2 7 0 0.00 M M 4.6 13 280 M M 5 19 280
================================================================================
SM 2292 1519 29 81 0.32 0.0 199.7 M 41
================================================================================
AV 79.0 54.3 6.7 FASTST M M 1 MAX(MPH)
MISC ----> 23 10 33 350
================================================================================
NOTES:
# LAST OF SEVERAL OCCURRENCES
COLUMN 17 PEAK WIND IN M.P.H.
PRELIMINARY LOCAL CLIMATOLOGICAL DATA (WS FORM: F-6) , PAGE 2
STATION: YUMA AZ
MONTH: NOVEMBER
YEAR: 2023
LATITUDE: 32 39 N
LONGITUDE: 114 37 W
[TEMPERATURE DATA] [PRECIPITATION DATA] SYMBOLS USED IN COLUMN 16
AVERAGE MONTHLY: 66.6 TOTAL FOR MONTH: 0.32 1 = FOG OR MIST
DPTR FM NORMAL: 0.5 DPTR FM NORMAL: 0.09 2 = FOG REDUCING VISIBILITY
HIGHEST: 92 ON 6, 5 GRTST 24HR 0.25 ON 18-18 TO 1/4 MILE OR LESS
LOWEST: 47 ON 29,10 3 = THUNDER
SNOW, ICE PELLETS, HAIL 4 = ICE PELLETS
TOTAL MONTH: 0.0 INCH 5 = HAIL
GRTST 24HR 0.0 6 = FREEZING RAIN OR DRIZZLE
GRTST DEPTH: 0 7 = DUSTSTORM OR SANDSTORM:
VSBY 1/2 MILE OR LESS
8 = SMOKE OR HAZE
[NO. OF DAYS WITH] [WEATHER - DAYS WITH] 9 = BLOWING SNOW
X = TORNADO
MAX 32 OR BELOW: 0 0.01 INCH OR MORE: 2
MAX 90 OR ABOVE: 3 0.10 INCH OR MORE: 1
MIN 32 OR BELOW: 0 0.50 INCH OR MORE: 0
MIN 0 OR BELOW: 0 1.00 INCH OR MORE: 0
[HDD (BASE 65) ]
TOTAL THIS MO. 29 CLEAR (SCALE 0-3) 24
DPTR FM NORMAL -35 PTCLDY (SCALE 4-7) 5
TOTAL FM JUL 1 29 CLOUDY (SCALE 8-10) 1
DPTR FM NORMAL -37
[CDD (BASE 65) ]
TOTAL THIS MO. 81
DPTR FM NORMAL -14 [PRESSURE DATA]
TOTAL FM JAN 1 4497 HIGHEST SLP 30.25 ON 21
DPTR FM NORMAL -205 LOWEST SLP 29.71 ON 23
[REMARKS]
#FINAL-11-23#