000
CXUS56 KMTR 010900
CF6OAK
PRELIMINARY LOCAL CLIMATOLOGICAL DATA (WS FORM: F-6)
STATION: OAKLAND AIRPORT
MONTH: AUGUST
YEAR: 2021
LATITUDE: 37 43 N
LONGITUDE: 122 13 W
TEMPERATURE IN F: :PCPN: SNOW: WIND :SUNSHINE: SKY :PK WND
================================================================================
1 2 3 4 5 6A 6B 7 8 9 10 11 12 13 14 15 16 17 18
12Z AVG MX 2MIN
DY MAX MIN AVG DEP HDD CDD WTR SNW DPTH SPD SPD DIR MIN PSBL S-S WX SPD DR
================================================================================
1 72 60 66 2 0 1 0.00 M M 10.0 20 270 M M 5 22 280
2 74 57 66 2 0 1 0.00 M M 10.9 18 290 M M 5 20 280
3 71 57 64 0 1 0 0.00 M M 9.1 21 290 M M 6 23 290
4 68 57 63 -1 2 0 0.00 M M 10.7 22 280 M M 8 1 25 290
5 68 59 64 0 1 0 T M M 10.8 18 270 M M 9 8 22 280
6 75 58 67 3 0 2 0.00 M M 9.2 17 280 M M 6 20 290
7 74 56 65 1 0 0 0.00 M M 9.2 21 310 M M 6 26 300
8 75 58 67 3 0 2 0.00 M M 8.8 21 310 M M 6 25 310
9 72 56 64 0 1 0 0.00 M M 9.2 22 300 M M 5 25 310
10 78 58 68 4 0 3 0.00 M M 8.8 20 300 M M 4 23 300
11 72 58 65 1 0 0 0.00 M M 10.5 22 290 M M 2 24 290
12 73 60 67 3 0 2 0.00 M M 10.0 21 290 M M 6 24 300
13 71 58 65 1 0 0 0.00 M M 10.2 22 280 M M 5 24 280
14 71 59 65 0 0 0 0.00 M M 9.9 21 300 M M 6 24 290
15 72 60 66 1 0 1 0.00 M M 8.7 22 290 M M 8 24 290
16 73 59 66 1 0 1 0.00 M M 8.3 20 280 M M 4 22 280
17 71 59 65 0 0 0 0.00 M M 10.0 18 250 M M 4 24 230
18 74 57 66 1 0 1 0.00 M M 8.4 18 300 M M 8 23 300
19 72 59 66 1 0 1 0.00 M M 8.9 18 300 M M 8 24 290
20 69 61 65 0 0 0 0.00 M M 9.0 18 280 M M 9 23 310
21 70 60 65 0 0 0 0.00 M M 11.6 20 210 M M 7 25 220
22 72 58 65 0 0 0 0.00 M M 8.0 18 300 M M 7 22 310
23 72 58 65 0 0 0 0.00 M M 7.9 18 290 M M 6 23 280
24 71 59 65 0 0 0 0.00 M M 9.1 18 290 M M 6 22 320
25 70 55 63 -2 2 0 0.00 M M 9.7 18 290 M M 6 24 260
26 78 53 66 1 0 1 0.00 M M 7.0 16 290 M M 3 19 290
27 87 57 72 7 0 7 0.00 M M 6.3 16 310 M M 2 19 310
28 89 59 74 9 0 9 0.00 M M 6.1 16 310 M M 2 18 20 300
29 77 59 68 3 0 3 0.00 M M 10.2 20 300 M M 3 22 310
30 73 56 65 0 0 0 0.00 M M 8.1 21 290 M M 5 8 24 290
31 71 53 62 -3 3 0 0.00 M M 8.1 18 290 M M 2 23 280
================================================================================
SM 2275 1793 10 35 T M 282.7 M 169
================================================================================
AV 73.4 57.8 9.1 FASTST M M 5 MAX(MPH)
MISC ----> # 22 280 26 300
================================================================================
NOTES:
# LAST OF SEVERAL OCCURRENCES
COLUMN 17 PEAK WIND IN M.P.H.
PRELIMINARY LOCAL CLIMATOLOGICAL DATA (WS FORM: F-6) , PAGE 2
STATION: OAKLAND AIRPORT
MONTH: AUGUST
YEAR: 2021
LATITUDE: 37 43 N
LONGITUDE: 122 13 W
[TEMPERATURE DATA] [PRECIPITATION DATA] SYMBOLS USED IN COLUMN 16
AVERAGE MONTHLY: 65.6 TOTAL FOR MONTH: T 1 = FOG OR MIST
DPTR FM NORMAL: 1.0 DPTR FM NORMAL: -0.04 2 = FOG REDUCING VISIBILITY
HIGHEST: 89 ON 28 GRTST 24HR T ON 4- 4 TO 1/4 MILE OR LESS
LOWEST: 53 ON 31,26 3 = THUNDER
SNOW, ICE PELLETS, HAIL 4 = ICE PELLETS
TOTAL MONTH: M 5 = HAIL
GRTST 24HR M ON M 6 = FREEZING RAIN OR DRIZZLE
GRTST DEPTH: M ON M 7 = DUSTSTORM OR SANDSTORM:
VSBY 1/2 MILE OR LESS
8 = SMOKE OR HAZE
[NO. OF DAYS WITH] [WEATHER - DAYS WITH] 9 = BLOWING SNOW
X = TORNADO
MAX 32 OR BELOW: 0 0.01 INCH OR MORE: 0
MAX 90 OR ABOVE: 0 0.10 INCH OR MORE: 0
MIN 32 OR BELOW: 0 0.50 INCH OR MORE: 0
MIN 0 OR BELOW: 0 1.00 INCH OR MORE: 0
[HDD (BASE 65) ]
TOTAL THIS MO. 10 CLEAR (SCALE 0-3) 6
DPTR FM NORMAL -40 PTCLDY (SCALE 4-7) 22
TOTAL FM JUL 1 64 CLOUDY (SCALE 8-10) 3
DPTR FM NORMAL -57
[CDD (BASE 65) ]
TOTAL THIS MO. 35
DPTR FM NORMAL -4 [PRESSURE DATA]
TOTAL FM JAN 1 87 HIGHEST SLP M ON M
DPTR FM NORMAL -18 LOWEST SLP 29.68 ON 27
[REMARKS]
#FINAL-08-21#