199
CXUS56 KMTR 010845
CF6OAK
PRELIMINARY LOCAL CLIMATOLOGICAL DATA (WS FORM: F-6)
STATION: OAKLAND AIRPORT
MONTH: NOVEMBER
YEAR: 2020
LATITUDE: 37 43 N
LONGITUDE: 122 13 W
TEMPERATURE IN F: :PCPN: SNOW: WIND :SUNSHINE: SKY :PK WND
================================================================================
1 2 3 4 5 6A 6B 7 8 9 10 11 12 13 14 15 16 17 18
12Z AVG MX 2MIN
DY MAX MIN AVG DEP HDD CDD WTR SNW DPTH SPD SPD DIR MIN PSBL S-S WX SPD DR
================================================================================
1 78 47 63 5 2 0 0.00 M M 2.8 10 300 M M 4 8 13 310
2 81 48 65 7 0 0 0.00 M M 3.8 17 290 M M 2 20 290
3 68 49 59 2 6 0 0.00 M M 6.5 21 290 M M 3 18 24 290
4 73 52 63 6 2 0 0.00 M M 4.1 12 290 M M 4 1 13 290
5 80 53 67 10 0 2 0.00 M M 4.5 18 280 M M 3 18 22 280
6 65 52 59 2 6 0 0.00 M M 14.6 31 270 M M 6 34 270
7 64 49 57 1 8 0 0.00 M M 9.7 22 270 M M 5 25 270
8 62 44 53 -3 12 0 T M M 13.7 30 280 M M 3 36 300
9 61 37 49 -7 16 0 0.00 M M 4.6 12 290 M M 3 14 280
10 62 39 51 -5 14 0 T M M 5.4 15 290 M M 5 16 290
11 64 47 56 1 9 0 T M M 3.4 10 290 M M 9 13 30
12 65 40 53 -2 12 0 0.00 M M 5.0 13 280 M M 3 16 300
13 62 46 54 -1 11 0 0.02 M M 8.2 22 200 M M 7 18 28 190
14 63 46 55 0 10 0 0.00 M M 4.6 12 270 M M 4 128 13 250
15 67 41 54 0 11 0 0.00 M M 3.8 12 310 M M 1 1 14 310
16 75 49 62 8 3 0 0.00 M M 5.3 14 80 M M 3 1 16 80
17 68 53 61 7 4 0 0.07 M M 12.3 31 190 M M 8 1 37 190
18 66 49 58 4 7 0 0.08 M M 7.9 17 180 M M 8 18 20 170
19 63 47 55 2 10 0 0.00 M M 4.9 15 300 M M 5 128 18 300
20 66 42 54 1 11 0 0.00 M M 4.3 14 300 M M 2 18 30
21 66 41 54 1 11 0 0.00 M M 3.6 14 280 M M 5 16 290
22 61 38 50 -3 15 0 0.00 M M 4.6 25 270 M M 4 28 270
23 62 48 55 3 10 0 T M M 4.6 13 260 M M 5 15 270
24 67 41 54 2 11 0 0.00 M M 5.3 17 280 M M 2 18 19 280
25 65 47 56 4 9 0 0.00 M M 7.4 16 290 M M 3 18 21 320
26 69 40 55 3 10 0 0.00 M M 8.3 24 20 M M 0 33 30
27 65 41 53 1 12 0 0.00 M M 5.1 16 80 M M 1 22 70
28 64 37 51 0 14 0 0.00 M M 4.3 13 310 M M 0 14 310
29 64 37 51 0 14 0 0.00 M M 3.0 9 280 M M 4 11 260
30 64 37 51 0 14 0 0.00 M M 4.2 12 300 M M 2 13 300
================================================================================
SM 2000 1337 274 2 0.17 M 179.8 M 114
================================================================================
AV 66.7 44.6 6.0 FASTST M M 4 MAX(MPH)
MISC ----> # 31 270 37 190
================================================================================
NOTES:
# LAST OF SEVERAL OCCURRENCES
COLUMN 17 PEAK WIND IN M.P.H.
PRELIMINARY LOCAL CLIMATOLOGICAL DATA (WS FORM: F-6) , PAGE 2
STATION: OAKLAND AIRPORT
MONTH: NOVEMBER
YEAR: 2020
LATITUDE: 37 43 N
LONGITUDE: 122 13 W
[TEMPERATURE DATA] [PRECIPITATION DATA] SYMBOLS USED IN COLUMN 16
AVERAGE MONTHLY: 55.6 TOTAL FOR MONTH: 0.17 1 = FOG OR MIST
DPTR FM NORMAL: 1.4 DPTR FM NORMAL: -2.28 2 = FOG REDUCING VISIBILITY
HIGHEST: 81 ON 2 GRTST 24HR 0.15 ON 17-18 TO 1/4 MILE OR LESS
LOWEST: 37 ON 30,29 3 = THUNDER
SNOW, ICE PELLETS, HAIL 4 = ICE PELLETS
TOTAL MONTH: M 5 = HAIL
GRTST 24HR M ON M 6 = FREEZING RAIN OR DRIZZLE
GRTST DEPTH: M ON M 7 = DUSTSTORM OR SANDSTORM:
VSBY 1/2 MILE OR LESS
8 = SMOKE OR HAZE
[NO. OF DAYS WITH] [WEATHER - DAYS WITH] 9 = BLOWING SNOW
X = TORNADO
MAX 32 OR BELOW: 0 0.01 INCH OR MORE: 3
MAX 90 OR ABOVE: 0 0.10 INCH OR MORE: 0
MIN 32 OR BELOW: 0 0.50 INCH OR MORE: 0
MIN 0 OR BELOW: 0 1.00 INCH OR MORE: 0
[HDD (BASE 65) ]
TOTAL THIS MO. 274 CLEAR (SCALE 0-3) 12
DPTR FM NORMAL -49 PTCLDY (SCALE 4-7) 16
TOTAL FM JUL 1 307 CLOUDY (SCALE 8-10) 2
DPTR FM NORMAL -368
[CDD (BASE 65) ]
TOTAL THIS MO. 2
DPTR FM NORMAL 1 [PRESSURE DATA]
TOTAL FM JAN 1 575 HIGHEST SLP M ON M
DPTR FM NORMAL 437 LOWEST SLP 29.67 ON 7
[REMARKS]
#FINAL-11-20#