000
CXUS56 KMTR 011000
CF6OAK
PRELIMINARY LOCAL CLIMATOLOGICAL DATA (WS FORM: F-6)
STATION: OAKLAND AIRPORT
MONTH: MARCH
YEAR: 2020
LATITUDE: 37 43 N
LONGITUDE: 122 13 W
TEMPERATURE IN F: :PCPN: SNOW: WIND :SUNSHINE: SKY :PK WND
================================================================================
1 2 3 4 5 6A 6B 7 8 9 10 11 12 13 14 15 16 17 18
12Z AVG MX 2MIN
DY MAX MIN AVG DEP HDD CDD WTR SNW DPTH SPD SPD DIR MIN PSBL S-S WX SPD DR
================================================================================
1 63 42 53 0 12 0 0.00 0.0 0 9.9 28 10 M M 6 34 10
2 77 54 66 13 0 1 0.00 0.0 0 10.8 23 20 M M 1 29 20
3 73 46 60 7 5 0 0.00 0.0 0 6.1 14 50 M M 1 16 50
4 77 47 62 9 3 0 0.00 0.0 0 4.6 13 300 M M 3 1 15 310
5 66 51 59 5 6 0 0.00 0.0 0 6.9 18 270 M M 7 18 22 260
6 61 53 57 3 8 0 0.00 0.0 0 12.4 20 240 M M 9 22 240
7 59 48 54 0 11 0 0.07 M 0 8.1 14 200 M M 9 1 19 200
8 60 44 52 -2 13 0 0.00 0.0 0 4.6 13 250 M M 8 15 250
9 69 49 59 5 6 0 0.00 0.0 0 6.1 15 300 M M 7 8 17 300
10 71 52 62 8 3 0 T M M 4.9 14 200 M M 6 16 200
11 71 53 62 8 3 0 T M M 6.7 16 290 M M 5 19 290
12 71 48 60 6 5 0 0.00 M M 5.5 14 280 M M 2 12 16 290
13 65 49 57 3 8 0 0.00 M M 11.9 30 220 M M 4 1 34 220
14 56 51 54 0 11 0 0.45 M M 11.5 24 230 M M 9 1 29 220
15 57 48 53 -1 12 0 0.42 M M 12.9 27 220 M M 9 31 220
16 56 44 50 -4 15 0 0.19 M M 7.4 12 40 M M 8 M M
17 58 43 51 -3 14 0 0.00 M M 7.4 17 280 M M 7 21 290
18 59 48 54 0 11 0 T M M 8.1 15 180 M M 9 18 180
19 64 46 55 1 10 0 0.00 M M 6.0 15 270 M M 7 21 250
20 65 45 55 0 10 0 0.00 M M 6.9 15 280 M M 5 19 250
21 64 46 55 0 10 0 T M M 4.7 12 290 M M 6 13 290
22 69 47 58 3 7 0 0.00 M M 4.9 17 280 M M 5 21 290
23 57 50 54 -1 11 0 0.00 M M 10.7 18 270 M M 8 20 260
24 59 49 54 -1 11 0 0.18 M M 12.5 25 210 M M 9 1 29 210
25 59 44 52 -3 13 0 T M M 9.4 25 280 M M 6 30 290
26 62 38 50 -5 15 0 0.00 M M 8.4 23 290 M M 3 26 290
27 61 41 51 -4 14 0 0.00 M M 10.4 21 270 M M 5 24 280
28 60 51 56 1 9 0 0.17 M M 7.8 14 260 M M 10 1 17 270
29 63 53 58 2 7 0 0.03 M M 8.8 17 280 M M 8 1 19 280
30 65 52 59 3 6 0 0.00 M M 7.5 17 280 M M 5 19 290
31 67 50 59 3 6 0 0.00 M M 8.5 21 290 M M 5 24 280
================================================================================
SM 1984 1482 275 1 1.51 0.0 252.3 M 192
================================================================================
AV 64.0 47.8 8.1 FASTST M M 6 MAX(MPH)
MISC ----> 30 220 # 34 10
================================================================================
NOTES:
# LAST OF SEVERAL OCCURRENCES
COLUMN 17 PEAK WIND IN M.P.H.
PRELIMINARY LOCAL CLIMATOLOGICAL DATA (WS FORM: F-6) , PAGE 2
STATION: OAKLAND AIRPORT
MONTH: MARCH
YEAR: 2020
LATITUDE: 37 43 N
LONGITUDE: 122 13 W
[TEMPERATURE DATA] [PRECIPITATION DATA] SYMBOLS USED IN COLUMN 16
AVERAGE MONTHLY: 55.9 TOTAL FOR MONTH: 1.51 1 = FOG OR MIST
DPTR FM NORMAL: 1.5 DPTR FM NORMAL: -1.57 2 = FOG REDUCING VISIBILITY
HIGHEST: 77 ON 4, 2 GRTST 24HR 0.58 ON 14-15 TO 1/4 MILE OR LESS
LOWEST: 38 ON 26 3 = THUNDER
SNOW, ICE PELLETS, HAIL 4 = ICE PELLETS
TOTAL MONTH: 0.0 INCH 5 = HAIL
GRTST 24HR 0.0 6 = FREEZING RAIN OR DRIZZLE
GRTST DEPTH: 0 7 = DUSTSTORM OR SANDSTORM:
VSBY 1/2 MILE OR LESS
8 = SMOKE OR HAZE
[NO. OF DAYS WITH] [WEATHER - DAYS WITH] 9 = BLOWING SNOW
X = TORNADO
MAX 32 OR BELOW: 0 0.01 INCH OR MORE: 7
MAX 90 OR ABOVE: 0 0.10 INCH OR MORE: 5
MIN 32 OR BELOW: 0 0.50 INCH OR MORE: 0
MIN 0 OR BELOW: 0 1.00 INCH OR MORE: 0
[HDD (BASE 65) ]
TOTAL THIS MO. 275 CLEAR (SCALE 0-3) 4
DPTR FM NORMAL -56 PTCLDY (SCALE 4-7) 18
TOTAL FM JUL 1 1737 CLOUDY (SCALE 8-10) 9
DPTR FM NORMAL -617
[CDD (BASE 65) ]
TOTAL THIS MO. 1
DPTR FM NORMAL 0 [PRESSURE DATA]
TOTAL FM JAN 1 1 HIGHEST SLP M ON M
DPTR FM NORMAL 0 LOWEST SLP 29.71 ON 13
[REMARKS]
#FINAL-03-20#