000
CXUS54 KMAF 011851
CF6ODO
PRELIMINARY LOCAL CLIMATOLOGICAL DATA (WS FORM: F-6)
STATION: ODESSA SCHLEYMEYER
MONTH: DECEMBER
YEAR: 2020
LATITUDE: 31 55 N
LONGITUDE: 102 23 W
TEMPERATURE IN F: :PCPN: SNOW: WIND :SUNSHINE: SKY :PK WND
================================================================================
1 2 3 4 5 6A 6B 7 8 9 10 11 12 13 14 15 16 17 18
12Z AVG MX 2MIN
DY MAX MIN AVG DEP HDD CDD WTR SNW DPTH SPD SPD DIR MIN PSBL S-S WX SPD DR
================================================================================
1 66 35 51 3 14 0 0.00 M M 11.5 23 220 M M 0 28 220
2 46 28 37 -11 28 0 0.00 M M 14.1 25 10 M M 2 34 10
3 46 26 36 -11 29 0 0.00 M M 9.1 17 20 M M 0 22 20
4 56 22 39 -8 26 0 0.00 M M 4.4 10 330 M M 0 12 300
5 45 33 39 -8 26 0 T M M 6.6 16 210 M M 9 19 360
6 63 32 48 1 17 0 0.00 M M 7.6 15 290 M M 0 18 290
7 69 31 50 4 15 0 0.00 M M 4.8 12 350 M M 0 14 290
8 72 32 52 6 13 0 0.00 M M 5.9 12 320 M M 0 17 230
9 71 35 53 7 12 0 0.00 M M 6.8 15 240 M M 0 20 240
10 81 43 62 16 3 0 0.14 M M 8.9 24 310 M M 2 18 31 300
11 66 47 57 11 8 0 0.01 M M 11.4 25 260 M M 2 8 33 260
12 60 32 46 1 19 0 0.00 M M 9.1 17 150 M M 0 21 160
13 52 26 39 -6 26 0 0.00 M M 16.1 37 360 M M 3 8 46 10
14 51 21 36 -9 29 0 0.00 M M 10.8 23 170 M M 0 31 160
15 50 30 40 -5 25 0 0.00 M M 14.1 32 320 M M 0 8 41 320
16 56 22 39 -6 26 0 0.00 M M 5.2 15 220 M M 0 8 19 220
17 59 24 42 -3 23 0 0.00 M M 9.0 22 180 M M 0 29 190
18 62 42 52 7 13 0 0.00 M M 11.4 21 190 M M 0 8 26 190
19 58 32 45 0 20 0 0.00 M M 9.8 18 360 M M 0 23 10
20 60 35 48 3 17 0 0.00 M M 8.7 17 310 M M 0 21 30
21 67 30 49 5 16 0 0.00 M M 5.6 10 230 M M 0 14 200
22 70 39 55 11 10 0 0.00 M M 11.0 22 210 M M 0 26 210
23 61 30 46 2 19 0 0.00 M M 13.1 29 40 M M 1 8 39 40
24 57 21 39 -5 26 0 0.00 M M 9.2 22 320 M M 0 8 27 310
25 61 27 44 0 21 0 0.00 M M 7.5 21 210 M M 0 24 210
26 67 37 52 8 13 0 0.00 M M 10.1 21 230 M M 0 25 220
27 70 35 53 9 12 0 0.00 M M 6.9 15 90 M M 0 18 90
28 61 38 50 6 15 0 0.00 M M 13.7 23 140 M M 0 28 140
29 71 52 62 18 3 0 0.00 M M 17.4 31 190 M M 5 8 38 190
30 55 31 43 -1 22 0 0.05 M M 16.6 32 40 M M 10 1 39 40
31 38 30 34 -10 31 0 T M M 10.4 18 360 M M 10 1 23 40
================================================================================
SM 1867 998 577 0 0.20 M 306.8 M 44
================================================================================
AV 60.2 32.2 9.9 FASTST M M 1 MAX(MPH)
MISC ----> 37 360 46 10
================================================================================
NOTES:
# LAST OF SEVERAL OCCURRENCES
COLUMN 17 PEAK WIND IN M.P.H.
PRELIMINARY LOCAL CLIMATOLOGICAL DATA (WS FORM: F-6) , PAGE 2
STATION: ODESSA SCHLEYMEYER
MONTH: DECEMBER
YEAR: 2020
LATITUDE: 31 55 N
LONGITUDE: 102 23 W
[TEMPERATURE DATA] [PRECIPITATION DATA] SYMBOLS USED IN COLUMN 16
AVERAGE MONTHLY: 46.2 TOTAL FOR MONTH: 0.20 1 = FOG OR MIST
DPTR FM NORMAL: 0.9 DPTR FM NORMAL: -0.42 2 = FOG REDUCING VISIBILITY
HIGHEST: 81 ON 10 GRTST 24HR 0.15 ON 10-11 TO 1/4 MILE OR LESS
LOWEST: 21 ON 24,14 3 = THUNDER
SNOW, ICE PELLETS, HAIL 4 = ICE PELLETS
TOTAL MONTH: M 5 = HAIL
GRTST 24HR M ON M 6 = FREEZING RAIN OR DRIZZLE
GRTST DEPTH: M ON M 7 = DUSTSTORM OR SANDSTORM:
VSBY 1/2 MILE OR LESS
8 = SMOKE OR HAZE
[NO. OF DAYS WITH] [WEATHER - DAYS WITH] 9 = BLOWING SNOW
X = TORNADO
MAX 32 OR BELOW: 0 0.01 INCH OR MORE: 3
MAX 90 OR ABOVE: 0 0.10 INCH OR MORE: 1
MIN 32 OR BELOW: 19 0.50 INCH OR MORE: 0
MIN 0 OR BELOW: 0 1.00 INCH OR MORE: 0
[HDD (BASE 65) ]
TOTAL THIS MO. 577 CLEAR (SCALE 0-3) 27
DPTR FM NORMAL -32 PTCLDY (SCALE 4-7) 1
TOTAL FM JUL 1 960 CLOUDY (SCALE 8-10) 3
DPTR FM NORMAL -97
[CDD (BASE 65) ]
TOTAL THIS MO. 0
DPTR FM NORMAL 0 [PRESSURE DATA]
TOTAL FM JAN 1 2899 HIGHEST SLP 30.46 ON 24
DPTR FM NORMAL 443 LOWEST SLP 29.65 ON 29
[REMARKS]
#FINAL-12-20#