000
CXUS54 KMAF 011510
CF6ODO
PRELIMINARY LOCAL CLIMATOLOGICAL DATA (WS FORM: F-6)
STATION: ODESSA SCHLEYMEYER
MONTH: AUGUST
YEAR: 2020
LATITUDE: 31 55 N
LONGITUDE: 102 23 W
TEMPERATURE IN F: :PCPN: SNOW: WIND :SUNSHINE: SKY :PK WND
================================================================================
1 2 3 4 5 6A 6B 7 8 9 10 11 12 13 14 15 16 17 18
12Z AVG MX 2MIN
DY MAX MIN AVG DEP HDD CDD WTR SNW DPTH SPD SPD DIR MIN PSBL S-S WX SPD DR
================================================================================
1 98 70 84 0 0 19 0.00 M M 5.9 16 130 M M 1 20 120
2 99 70 85 1 0 20 0.00 M M 8.8 26 120 M M 1 34 120
3 93 68 81 -3 0 16 0.00 M M 9.3 26 50 M M 2 33 340
4 101 69 85 1 0 20 0.00 M M 10.3 21 180 M M 0 26 170
5 104 77 91 7 0 26 0.00 M M 14.6 23 180 M M 0 37 160
6 101 76 89 6 0 24 0.00 M M 15.3 24 190 M M 0 29 180
7 99 76 88 5 0 23 0.00 M M 15.9 23 190 M M 0 30 170
8 98 75 87 4 0 22 0.00 M M 12.8 21 170 M M 0 28 170
9 99 74 87 4 0 22 0.00 M M 14.3 23 150 M M 0 34 180
10 101 74 88 5 0 23 0.00 M M 14.3 21 170 M M 0 29 190
11 102 76 89 6 0 24 0.00 M M 13.6 22 200 M M 0 29 200
12 104 78 91 8 0 26 0.00 M M 13.1 21 180 M M 0 25 180
13 104 77 91 8 0 26 0.00 M M 13.6 21 190 M M 0 27 190
14 107 78 93 10 0 28 0.00 M M 9.3 17 190 M M 0 22 170
15 104 80 92 9 0 27 0.00 M M 8.8 28 90 M M 0 38 33 80
16 99 76 88 5 0 23 T M M 10.7 26 80 M M 1 3 33 90
17 92 67 80 -3 0 15 T M M 8.6 22 140 M M 1 13 32 90
18 95 67 81 -1 0 16 0.00 M M 7.1 17 70 M M 1 22 60
19 98 68 83 1 0 18 0.00 M M 6.9 16 160 M M 0 21 150
20 100 75 88 6 0 23 0.00 M M 11.8 25 140 M M 0 32 130
21 98 70 84 2 0 19 0.00 M M 10.6 18 150 M M 0 24 150
22 98 71 85 3 0 20 0.00 M M 8.4 17 160 M M 0 31 130
23 97 72 85 3 0 20 0.00 M M 10.5 17 150 M M 0 23 80
24 94 71 83 1 0 18 0.00 M M 9.4 20 150 M M 0 26 100
25 94 69 82 1 0 17 0.00 M M 6.8 16 140 M M 1 26 190
26 96 70 83 2 0 18 0.00 M M 7.3 15 110 M M 1 21 130
27 98 72 85 4 0 20 0.00 M M 8.5 15 120 M M 0 22 110
28 102 74 88 7 0 23 0.00 M M 9.8 20 170 M M 0 26 180
29 103 78 91 10 0 26 0.00 M M 12.1 22 150 M M 0 26 200
30 103 77 90 10 0 25 0.00 M M 10.6 21 170 M M 0 30 150
31 100 77 89 9 0 24 T M M 12.7 28 330 M M 2 33 330
================================================================================
SM 3081 2272 0 671 T M 331.7 M 11
================================================================================
AV 99.4 73.3 10.7 FASTST M M 0 MAX(MPH)
MISC ----> # 28 90 37 160
================================================================================
NOTES:
# LAST OF SEVERAL OCCURRENCES
COLUMN 17 PEAK WIND IN M.P.H.
PRELIMINARY LOCAL CLIMATOLOGICAL DATA (WS FORM: F-6) , PAGE 2
STATION: ODESSA SCHLEYMEYER
MONTH: AUGUST
YEAR: 2020
LATITUDE: 31 55 N
LONGITUDE: 102 23 W
[TEMPERATURE DATA] [PRECIPITATION DATA] SYMBOLS USED IN COLUMN 16
AVERAGE MONTHLY: 86.3 TOTAL FOR MONTH: T 1 = FOG OR MIST
DPTR FM NORMAL: 3.9 DPTR FM NORMAL: -1.69 2 = FOG REDUCING VISIBILITY
HIGHEST: 107 ON 14 GRTST 24HR T ON 16-16 TO 1/4 MILE OR LESS
LOWEST: 67 ON 18,17 3 = THUNDER
SNOW, ICE PELLETS, HAIL 4 = ICE PELLETS
TOTAL MONTH: 0.0 INCH 5 = HAIL
GRTST 24HR M ON M 6 = FREEZING RAIN OR DRIZZLE
GRTST DEPTH: 0 7 = DUSTSTORM OR SANDSTORM:
VSBY 1/2 MILE OR LESS
8 = SMOKE OR HAZE
[NO. OF DAYS WITH] [WEATHER - DAYS WITH] 9 = BLOWING SNOW
X = TORNADO
MAX 32 OR BELOW: 0 0.01 INCH OR MORE: 0
MAX 90 OR ABOVE: 31 0.10 INCH OR MORE: 0
MIN 32 OR BELOW: 0 0.50 INCH OR MORE: 0
MIN 0 OR BELOW: 0 1.00 INCH OR MORE: 0
[HDD (BASE 65) ]
TOTAL THIS MO. 0 CLEAR (SCALE 0-3) 31
DPTR FM NORMAL 0 PTCLDY (SCALE 4-7) 0
TOTAL FM JUL 1 0 CLOUDY (SCALE 8-10) 0
DPTR FM NORMAL 0
[CDD (BASE 65) ]
TOTAL THIS MO. 671
DPTR FM NORMAL 132 [PRESSURE DATA]
TOTAL FM JAN 1 2432 HIGHEST SLP 30.16 ON 17
DPTR FM NORMAL 407 LOWEST SLP 29.56 ON 30
[REMARKS]
#FINAL-08-20#