167
CXUS53 KGID 011130
CF6ODX
PRELIMINARY LOCAL CLIMATOLOGICAL DATA (WS FORM: F-6)
STATION: ORD NE
MONTH: MARCH
YEAR: 2021
LATITUDE: 41 37 N
LONGITUDE: 98 57 W
TEMPERATURE IN F: :PCPN: SNOW: WIND :SUNSHINE: SKY :PK WND
================================================================================
1 2 3 4 5 6A 6B 7 8 9 10 11 12 13 14 15 16 17 18
12Z AVG MX 2MIN
DY MAX MIN AVG DEP HDD CDD WTR SNW DPTH SPD SPD DIR MIN PSBL S-S WX SPD DR
================================================================================
1 50 22 36 4 29 0 0.00 M M 6.8 17 250 M M 0 22 250
2 68 27 48 16 17 0 0.00 M M 10.1 24 230 M M 0 32 260
3 67 22 45 13 20 0 0.00 M M 5.5 15 190 M M 0 20 190
4 67 22 45 12 20 0 0.00 M M 4.6 17 140 M M 0 24 130
5 63 23 43 10 22 0 0.00 M M 4.1 10 150 M M 0 18 16 170
6 72 25 49 15 16 0 0.00 M M 9.9 23 190 M M 0 1 31 180
7 70 35 53 19 12 0 0.00 M M 8.3 26 210 M M 0 32 210
8 69 28 49 15 16 0 0.00 M M 9.7 25 170 M M 0 36 160
9 77 31 54 19 11 0 0.00 M M 9.2 21 20 M M 0 12 30 40
10 51 30 41 6 24 0 T M M 15.4 30 30 M M 9 1 41 50
11 53 23 38 2 27 0 0.00 M M 5.1 15 330 M M 0 19 320
12 56 20 38 2 27 0 0.00 M M 5.2 18 140 M M 2 27 130
13 46 41 44 8 21 0 1.17 M M 8.5 21 60 M M 10 13 31 60
14 41 36 39 2 26 0 1.55 M M 20.5 41 90 M M 10 1 61 90
15 43 33 38 1 27 0 0.12 M M 6.1 12 120 M M 10 1 17 110
16 42 35 39 1 26 0 0.14 M M 9.0 17 350 M M 10 1 22 360
17 39 31 35 -3 30 0 0.00 M M 14.8 26 350 M M 9 36 350
18 46 24 35 -4 30 0 0.00 M M 10.7 20 360 M M 7 28 20
19 55 20 38 -1 27 0 0.00 M M 9.8 23 170 M M 1 12 32 170
20 65 37 51 12 14 0 0.00 M M 17.8 30 190 M M 0 43 170
21 60 37 49 9 16 0 0.00 M 0 14.2 26 180 M M 1 41 180
22 48 33 41 1 24 0 0.38 M M 7.5 18 90 M M 7 1 26 90
23 44 37 41 0 24 0 1.11 M M 20.7 32 340 M M 10 1 44 330
24 45 29 37 -4 28 0 T M M 13.1 29 350 M M 6 39 350
25 53 25 39 -2 26 0 0.00 M M 6.1 16 180 M M 4 1 23 190
26 52 28 40 -2 25 0 0.07 M M 6.1 16 150 M M 5 12 23 170
27 56 27 42 0 23 0 0.01 M M 12.3 31 340 M M 6 39 320
28 68 22 45 3 20 0 0.00 M M 7.0 18 230 M M 0 31 220
29 80 41 61 18 4 0 0.00 M M 15.2 37 350 M M 0 53 360
30 48 25 37 -6 28 0 0.00 M M 15.6 32 360 M M 4 47 360
31 50 15 33 -11 32 0 0.00 M M 10.7 29 320 M M 1 38 340
================================================================================
SM 1744 884 692 0 4.55 M 319.6 M 112
================================================================================
AV 56.3 28.5 10.3 FASTST M M 4 MAX(MPH)
MISC ----> 41 90 61 90
================================================================================
NOTES:
# LAST OF SEVERAL OCCURRENCES
COLUMN 17 PEAK WIND IN M.P.H.
PRELIMINARY LOCAL CLIMATOLOGICAL DATA (WS FORM: F-6) , PAGE 2
STATION: ORD NE
MONTH: MARCH
YEAR: 2021
LATITUDE: 41 37 N
LONGITUDE: 98 57 W
[TEMPERATURE DATA] [PRECIPITATION DATA] SYMBOLS USED IN COLUMN 16
AVERAGE MONTHLY: 42.4 TOTAL FOR MONTH: 4.55 1 = FOG OR MIST
DPTR FM NORMAL: 4.7 DPTR FM NORMAL: 3.10 2 = FOG REDUCING VISIBILITY
HIGHEST: 80 ON 29 GRTST 24HR 2.53 ON 13-14 TO 1/4 MILE OR LESS
LOWEST: 15 ON 31 3 = THUNDER
SNOW, ICE PELLETS, HAIL 4 = ICE PELLETS
TOTAL MONTH: M 5 = HAIL
GRTST 24HR M ON M 6 = FREEZING RAIN OR DRIZZLE
GRTST DEPTH: 0 7 = DUSTSTORM OR SANDSTORM:
VSBY 1/2 MILE OR LESS
8 = SMOKE OR HAZE
[NO. OF DAYS WITH] [WEATHER - DAYS WITH] 9 = BLOWING SNOW
X = TORNADO
MAX 32 OR BELOW: 0 0.01 INCH OR MORE: 8
MAX 90 OR ABOVE: 0 0.10 INCH OR MORE: 6
MIN 32 OR BELOW: 21 0.50 INCH OR MORE: 3
MIN 0 OR BELOW: 0 1.00 INCH OR MORE: 3
[HDD (BASE 65) ]
TOTAL THIS MO. 692 CLEAR (SCALE 0-3) 17
DPTR FM NORMAL -154 PTCLDY (SCALE 4-7) 7
TOTAL FM JUL 1 5723 CLOUDY (SCALE 8-10) 7
DPTR FM NORMAL -140
[CDD (BASE 65) ]
TOTAL THIS MO. 0
DPTR FM NORMAL 0 [PRESSURE DATA]
TOTAL FM JAN 1 0 HIGHEST SLP 30.55 ON 31
DPTR FM NORMAL 0 LOWEST SLP 29.35 ON 29
[REMARKS]
SUBSTITUTED PRECIPITATION AMOUNT (1.11) FOR 03/23/2021 FROM LOCAL
COOPERATIVE OBSERVER (ORD #2, SITE 25-6336) DUE TO THE AUTOMATED
GAUGE UNDER-CATCHING RAINFALL.
#FINAL-03-21#