000
CXUS53 KOAX 010930
CF6OFK
PRELIMINARY LOCAL CLIMATOLOGICAL DATA (WS FORM: F-6)
STATION: NORFOLK NE
MONTH: MARCH
YEAR: 2022
LATITUDE: 41 58 N
LONGITUDE: 97 26 W
TEMPERATURE IN F: :PCPN: SNOW: WIND :SUNSHINE: SKY :PK WND
================================================================================
1 2 3 4 5 6A 6B 7 8 9 10 11 12 13 14 15 16 17 18
12Z AVG MX 2MIN
DY MAX MIN AVG DEP HDD CDD WTR SNW DPTH SPD SPD DIR MIN PSBL S-S WX SPD DR
================================================================================
1 73 27 50 19 15 0 0.00 0.0 0 7.3 21 300 M M 1 27 310
2 77 30 54 22 11 0 0.00 0.0 0 9.4 24 10 M M 3 32 300
3 47 25 36 4 29 0 0.00 0.0 0 10.5 20 90 M M 4 26 90
4 62 28 45 12 20 0 0.00 0.0 0 11.9 21 140 M M 1 29 130
5 45 25 35 2 30 0 0.20 0.1 T 16.6 29 310 M M 9 1368 40 320
6 30 20 25 -9 40 0 T T 0 17.7 26 340 M M 6 39 330
7 37 18 28 -6 37 0 T 0.1 T 12.1 26 330 M M 2 34 330
8 47 16 32 -2 33 0 0.00 0.0 T 10.5 25 330 M M 3 31 320
9 24 17 21 -14 44 0 0.01 T 0 12.5 21 350 M M 7 8 30 360
10 33 17 25 -10 40 0 0.00 0.0 0 6.6 17 230 M M 5 23 240
11 21 3 12 -24 53 0 0.00 0.0 0 13.7 26 340 M M 0 36 330
12 43 -1 21 -15 44 0 0.00 0.0 0 12.4 26 210 M M 1 36 200
13 66 28 47 10 18 0 0.00 0.0 0 8.9 21 140 M M 0 26 160
14 52 27 40 3 25 0 0.00 0.0 0 15.1 30 360 M M 1 40 350
15 64 18 41 3 24 0 0.00 0.0 0 10.9 22 180 M M 1 18 30 180
16 69 39 54 16 11 0 0.00 0.0 0 11.4 23 360 M M 2 32 190
17 51 40 46 8 19 0 0.00 0.0 0 12.5 25 10 M M 9 34 10
18 56 25 41 2 24 0 0.00 0.0 0 10.4 25 340 M M 0 34 350
19 68 20 44 5 21 0 0.00 0.0 0 5.5 21 290 M M 1 27 290
20 79 28 54 14 11 0 0.00 0.0 0 14.2 33 160 M M 0 51 140
21 64 38 51 11 14 0 0.10 0.0 0 17.4 26 340 M M 4 37 200
22 49 36 43 3 22 0 0.12 T 0 24.2 41 350 M M 7 59 340
23 42 33 38 -3 27 0 0.00 0.0 0 24.4 36 340 M M 10 47 350
24 50 30 40 -1 25 0 0.00 0.0 0 11.8 22 330 M M 6 27 330
25 56 28 42 0 23 0 0.00 0.0 0 18.5 37 330 M M 0 51 330
26 45 26 36 -6 29 0 0.00 0.0 0 10.1 16 360 M M 2 24 20
27 42 23 33 -9 32 0 0.00 0.0 0 6.6 14 80 M M 4 21 80
28 55 23 39 -4 26 0 0.00 0.0 0 15.6 28 130 M M 0 37 120
29 65 35 50 7 15 0 0.02 0.0 0 18.4 32 350 M M 2 3 41 350
30 37 30 34 -10 31 0 0.01 T 0 23.5 33 340 M M 10 1 46 320
31 48 22 35 -9 30 0 0.00 0.0 0 13.7 30 350 M M 5 40 350
================================================================================
SM 1597 774 823 0 0.46 0.2 414.3 M 106
================================================================================
AV 51.5 25.0 13.4 FASTST M M 3 MAX(MPH)
MISC ----> 41 350 59 340
================================================================================
NOTES:
# LAST OF SEVERAL OCCURRENCES
COLUMN 17 PEAK WIND IN M.P.H.
PRELIMINARY LOCAL CLIMATOLOGICAL DATA (WS FORM: F-6) , PAGE 2
STATION: NORFOLK NE
MONTH: MARCH
YEAR: 2022
LATITUDE: 41 58 N
LONGITUDE: 97 26 W
[TEMPERATURE DATA] [PRECIPITATION DATA] SYMBOLS USED IN COLUMN 16
AVERAGE MONTHLY: 38.2 TOTAL FOR MONTH: 0.46 1 = FOG OR MIST
DPTR FM NORMAL: 0.4 DPTR FM NORMAL: -0.98 2 = FOG REDUCING VISIBILITY
HIGHEST: 79 ON 20 GRTST 24HR 0.22 ON 21-22 TO 1/4 MILE OR LESS
LOWEST: -1 ON 12 3 = THUNDER
SNOW, ICE PELLETS, HAIL 4 = ICE PELLETS
TOTAL MONTH: 0.2 INCH 5 = HAIL
GRTST 24HR 0.1 ON 5- 5 6 = FREEZING RAIN OR DRIZZLE
GRTST DEPTH: T 7 = DUSTSTORM OR SANDSTORM:
VSBY 1/2 MILE OR LESS
8 = SMOKE OR HAZE
[NO. OF DAYS WITH] [WEATHER - DAYS WITH] 9 = BLOWING SNOW
X = TORNADO
MAX 32 OR BELOW: 3 0.01 INCH OR MORE: 6
MAX 90 OR ABOVE: 0 0.10 INCH OR MORE: 3
MIN 32 OR BELOW: 25 0.50 INCH OR MORE: 0
MIN 0 OR BELOW: 1 1.00 INCH OR MORE: 0
[HDD (BASE 65) ]
TOTAL THIS MO. 823 CLEAR (SCALE 0-3) 18
DPTR FM NORMAL -21 PTCLDY (SCALE 4-7) 9
TOTAL FM JUL 1 5154 CLOUDY (SCALE 8-10) 4
DPTR FM NORMAL -747
[CDD (BASE 65) ]
TOTAL THIS MO. 0
DPTR FM NORMAL -1 [PRESSURE DATA]
TOTAL FM JAN 1 0 HIGHEST SLP 30.44 ON 11
DPTR FM NORMAL -1 LOWEST SLP 29.24 ON 29
[REMARKS]
#FINAL-03-22#