000
CXHW52 PHFO 011250
CF6OGG
PRELIMINARY LOCAL CLIMATOLOGICAL DATA (WS FORM: F-6)
STATION: KAHULUI HI
MONTH: MARCH
YEAR: 2024
LATITUDE: 20 53 N
LONGITUDE: 156 26 W
TEMPERATURE IN F: :PCPN: SNOW: WIND :SUNSHINE: SKY :PK WND
================================================================================
1 2 3 4 5 6A 6B 7 8 9 10 11 12 13 14 15 16 17 18
12Z AVG MX 2MIN
DY MAX MIN AVG DEP HDD CDD WTR SNW DPTH SPD SPD DIR MIN PSBL S-S WX SPD DR
================================================================================
1 81 65 73 0 0 8 0.00 M M 16.3 29 40 M M 2 43 30
2 82 67 75 2 0 10 0.00 M M 16.2 30 30 M M 1 39 60
3 80 62 71 -2 0 6 0.00 M M 13.4 25 20 M M 3 32 50
4 83 68 76 3 0 11 T M M 16.1 30 40 M M 3 41 60
5 80 69 75 2 0 10 0.00 M M 17.3 28 30 M M 3 39 30
6 77 67 72 -2 0 7 0.16 M M 15.8 28 40 M M 4 1 41 40
7 80 68 74 0 0 9 T M M 16.6 29 30 M M 4 39 40
8 79 66 73 -1 0 8 0.02 M M 17.1 28 40 M M 6 1 37 30
9 79 69 74 0 0 9 T M M 17.7 29 40 M M 4 40 40
10 79 68 74 0 0 9 T M M 18.6 28 40 M M 2 40 60
11 77 68 73 -1 0 8 0.00 M M 13.8 23 30 M M 3 33 60
12 86 65 76 2 0 11 T M M 5.6 17 190 M M 2 24 190
13 83 65 74 0 0 9 0.13 M M 5.7 16 340 M M 4 1 25 310
14 75 67 71 -3 0 6 0.25 M M 10.6 20 360 M M 10 18 29 10
15 69 64 67 -7 0 2 0.27 M M 9.9 20 20 M M 10 1 24 10
16 77 64 71 -3 0 6 0.00 M M 9.2 22 20 M M 7 26 20
17 79 67 73 -1 0 8 T M M 14.1 21 30 M M 6 27 30
18 81 67 74 0 0 9 T M M 13.9 24 30 M M 5 33 40
19 79 64 72 -2 0 7 T M M 12.5 25 30 M M 2 32 30
20 79 64 72 -2 0 7 T M M 13.1 24 30 M M 5 31 20
21 79 64 72 -2 0 7 0.08 M M 12.7 24 30 M M 3 18 32 40
22 81 66 74 0 0 9 0.02 M M 14.8 29 30 M M 1 40 30
23 80 67 74 0 0 9 T M M 20.4 32 60 M M 3 49 70
24 83 69 76 2 0 11 0.00 M M 16.2 30 60 M M 3 43 60
25 85 61 73 -1 0 8 0.00 M M 9.5 24 30 M M 2 32 30
26 83 65 74 0 0 9 0.00 M M 13.6 25 30 M M 3 35 40
27 82 65 74 -1 0 9 0.00 M M 18.3 30 30 M M 3 42 40
28 82 70 76 1 0 11 T M M 22.7 33 50 M M 2 49 40
29 82 70 76 1 0 11 T M M 19.8 29 50 M M 3 43 40
30 83 69 76 1 0 11 T M M 16.3 28 50 M M 3 40 70
31 85 67 76 1 0 11 0.00 M M 13.5 25 30 M M 3 32 40
================================================================================
SM 2490 2057 0 266 0.93 M 451.3 M 115
================================================================================
AV 80.3 66.4 14.6 FASTST M M 4 MAX(MPH)
MISC ----> 33 50 # 49 70
================================================================================
NOTES:
# LAST OF SEVERAL OCCURRENCES
COLUMN 17 PEAK WIND IN M.P.H.
PRELIMINARY LOCAL CLIMATOLOGICAL DATA (WS FORM: F-6) , PAGE 2
STATION: KAHULUI HI
MONTH: MARCH
YEAR: 2024
LATITUDE: 20 53 N
LONGITUDE: 156 26 W
[TEMPERATURE DATA] [PRECIPITATION DATA] SYMBOLS USED IN COLUMN 16
AVERAGE MONTHLY: 73.3 TOTAL FOR MONTH: 0.93 1 = FOG OR MIST
DPTR FM NORMAL: -0.7 DPTR FM NORMAL: -1.71 2 = FOG REDUCING VISIBILITY
HIGHEST: 86 ON 12 GRTST 24HR 0.48 ON 14-15 TO 1/4 MILE OR LESS
LOWEST: 61 ON 25 3 = THUNDER
SNOW, ICE PELLETS, HAIL 4 = ICE PELLETS
TOTAL MONTH: M 5 = HAIL
GRTST 24HR M ON M 6 = FREEZING RAIN OR DRIZZLE
GRTST DEPTH: M ON M 7 = DUSTSTORM OR SANDSTORM:
VSBY 1/2 MILE OR LESS
8 = SMOKE OR HAZE
[NO. OF DAYS WITH] [WEATHER - DAYS WITH] 9 = BLOWING SNOW
X = TORNADO
MAX 32 OR BELOW: 0 0.01 INCH OR MORE: 7
MAX 90 OR ABOVE: 0 0.10 INCH OR MORE: 4
MIN 32 OR BELOW: 0 0.50 INCH OR MORE: 0
MIN 0 OR BELOW: 0 1.00 INCH OR MORE: 0
[HDD (BASE 65) ]
TOTAL THIS MO. 0 CLEAR (SCALE 0-3) 14
DPTR FM NORMAL 0 PTCLDY (SCALE 4-7) 15
TOTAL FM JUL 1 0 CLOUDY (SCALE 8-10) 2
DPTR FM NORMAL 0
[CDD (BASE 65) ]
TOTAL THIS MO. 266
DPTR FM NORMAL -13 [PRESSURE DATA]
TOTAL FM JAN 1 724 HIGHEST SLP 30.28 ON 24
DPTR FM NORMAL -24 LOWEST SLP 29.94 ON 16
[REMARKS]
#FINAL-03-24#