000
CXHW52 PHFO 011250
CF6OGG
PRELIMINARY LOCAL CLIMATOLOGICAL DATA (WS FORM: F-6)
STATION: KAHULUI HI
MONTH: MARCH
YEAR: 2022
LATITUDE: 20 53 N
LONGITUDE: 156 26 W
TEMPERATURE IN F: :PCPN: SNOW: WIND :SUNSHINE: SKY :PK WND
================================================================================
1 2 3 4 5 6A 6B 7 8 9 10 11 12 13 14 15 16 17 18
12Z AVG MX 2MIN
DY MAX MIN AVG DEP HDD CDD WTR SNW DPTH SPD SPD DIR MIN PSBL S-S WX SPD DR
================================================================================
1 83 66 75 2 0 10 0.00 M M 7.0 16 40 M M 4 21 20
2 85 63 74 1 0 9 0.00 M M 6.0 14 10 M M 2 18 10
3 84 64 74 1 0 9 T M M 7.7 15 350 M M 3 19 20
4 80 64 72 -1 0 7 0.06 M M 7.1 20 40 M M 3 24 360
5 82 61 72 -1 0 7 0.00 M M 7.3 17 30 M M 3 21 20
6 86 59 73 -1 0 8 0.00 M M 6.2 16 30 M M 1 20 30
7 84 59 72 -2 0 7 0.00 M M 7.5 15 30 M M 1 21 350
8 84 66 75 1 0 10 0.00 M M 10.0 24 30 M M 2 29 40
9 89 63 76 2 0 11 0.00 M M 9.9 26 40 M M 3 32 40
10 92 65 79 5 0 14 T M M 8.2 24 20 M M 2 28 20
11 88 64 76 2 0 11 0.00 M M 12.5 30 40 M M 1 37 30
12 87 65 76 2 0 11 0.00 M M 14.4 25 50 M M 1 34 70
13 89 63 76 2 0 11 0.00 M M 10.1 24 40 M M 2 31 40
14 86 63 75 1 0 10 0.00 M M 11.1 26 40 M M 2 33 40
15 89 60 75 1 0 10 0.00 M M 7.5 20 40 M M 2 22 40
16 91 65 78 4 0 13 0.00 M M 9.9 23 40 M M 2 32 30
17 88 65 77 3 0 12 0.00 M M 13.8 23 40 M M 2 28 40
18 85 70 78 4 0 13 0.00 M M 17.1 29 30 M M 3 36 40
19 88 69 79 5 0 14 0.00 M M 10.4 23 30 M M 5 29 60
20 87 70 79 5 0 14 T M M 6.5 15 240 M M 7 22 260
21 88 72 80 6 0 15 T M M 8.5 18 50 M M 5 22 330
22 86 68 77 3 0 12 T M M 16.0 28 40 M M 3 35 50
23 85 71 78 4 0 13 0.05 M M 18.0 30 40 M M 4 18 37 50
24 85 71 78 4 0 13 T M M 17.7 31 40 M M 2 36 40
25 85 72 79 5 0 14 0.00 M M 18.2 29 30 M M 3 33 40
26 82 69 76 2 0 11 0.06 M M 10.4 23 40 M M 6 18 27 40
27 87 58 73 -2 0 8 0.00 M M 11.5 24 30 M M 1 27 30
28 87 59 73 -2 0 8 0.00 M M 8.4 22 40 M M 2 26 40
29 87 63 75 0 0 10 T M M 9.3 22 70 M M 2 33 60
30 84 66 75 0 0 10 0.01 M M 10.1 22 60 M M 3 29 50
31 84 66 75 0 0 10 0.01 M M 14.7 29 40 M M 4 8 35 40
================================================================================
SM 2667 2019 0 335 0.19 M 333.0 M 86
================================================================================
AV 86.0 65.1 10.7 FASTST M M 3 MAX(MPH)
MISC ----> 31 40 # 37 30
================================================================================
NOTES:
# LAST OF SEVERAL OCCURRENCES
COLUMN 17 PEAK WIND IN M.P.H.
PRELIMINARY LOCAL CLIMATOLOGICAL DATA (WS FORM: F-6) , PAGE 2
STATION: KAHULUI HI
MONTH: MARCH
YEAR: 2022
LATITUDE: 20 53 N
LONGITUDE: 156 26 W
[TEMPERATURE DATA] [PRECIPITATION DATA] SYMBOLS USED IN COLUMN 16
AVERAGE MONTHLY: 75.6 TOTAL FOR MONTH: 0.19 1 = FOG OR MIST
DPTR FM NORMAL: 1.6 DPTR FM NORMAL: -2.45 2 = FOG REDUCING VISIBILITY
HIGHEST: 92 ON 10 GRTST 24HR 0.06 ON 3- 4 TO 1/4 MILE OR LESS
LOWEST: 58 ON 27 3 = THUNDER
SNOW, ICE PELLETS, HAIL 4 = ICE PELLETS
TOTAL MONTH: M 5 = HAIL
GRTST 24HR M ON M 6 = FREEZING RAIN OR DRIZZLE
GRTST DEPTH: M ON M 7 = DUSTSTORM OR SANDSTORM:
VSBY 1/2 MILE OR LESS
8 = SMOKE OR HAZE
[NO. OF DAYS WITH] [WEATHER - DAYS WITH] 9 = BLOWING SNOW
X = TORNADO
MAX 32 OR BELOW: 0 0.01 INCH OR MORE: 5
MAX 90 OR ABOVE: 2 0.10 INCH OR MORE: 0
MIN 32 OR BELOW: 0 0.50 INCH OR MORE: 0
MIN 0 OR BELOW: 0 1.00 INCH OR MORE: 0
[HDD (BASE 65) ]
TOTAL THIS MO. 0 CLEAR (SCALE 0-3) 23
DPTR FM NORMAL 0 PTCLDY (SCALE 4-7) 8
TOTAL FM JUL 1 0 CLOUDY (SCALE 8-10) 0
DPTR FM NORMAL 0
[CDD (BASE 65) ]
TOTAL THIS MO. 335
DPTR FM NORMAL 56 [PRESSURE DATA]
TOTAL FM JAN 1 827 HIGHEST SLP 30.19 ON 12
DPTR FM NORMAL 79 LOWEST SLP 29.90 ON 3
[REMARKS]
#FINAL-03-22#