000
CXUS53 KEAX 010736
CF6OJC
PRELIMINARY LOCAL CLIMATOLOGICAL DATA (WS FORM: F-6)
STATION: JOHNSON COUNTY EXECUTIVE KS
MONTH: AUGUST
YEAR: 2022
LATITUDE: 38 50 N
LONGITUDE: 94 44 W
TEMPERATURE IN F: :PCPN: SNOW: WIND :SUNSHINE: SKY :PK WND
================================================================================
1 2 3 4 5 6A 6B 7 8 9 10 11 12 13 14 15 16 17 18
12Z AVG MX 2MIN
DY MAX MIN AVG DEP HDD CDD WTR SNW DPTH SPD SPD DIR MIN PSBL S-S WX SPD DR
================================================================================
1 95 73 84 5 0 19 0.00 M M 7.1 14 210 M M 0 1 20 170
2 98 75 87 8 0 22 0.00 M M 9.9 17 170 M M 1 24 170
3 86 74 80 1 0 15 0.17 M M 7.2 18 310 M M 3 13 27 310
4 91 74 83 4 0 18 0.45 M M 4.0 12 300 M M 6 13 17 280
5 92 72 82 3 0 17 0.00 M M 6.0 14 170 M M 1 1 19 160
6 97 78 88 9 0 23 0.00 M M 11.0 18 170 M M 0 30 210
7 96 77 87 9 0 22 0.00 M M 9.3 15 160 M M 0 21 180
8 82 72 77 -1 0 12 0.00 M M 6.7 15 360 M M 6 8 19 360
9 89 69 79 1 0 14 0.00 M M 5.0 12 80 M M 3 17 20
10 89 65 77 -1 0 12 0.00 M M 5.6 13 40 M M 0 18 90
11 90 63 77 -1 0 12 0.00 M M 4.0 10 130 M M 0 8 15 140
12 89 66 78 0 0 13 0.00 M M 5.3 14 150 M M 0 19 180
13 95 68 82 4 0 17 0.00 M M 7.1 15 200 M M 0 23 230
14 96 74 85 7 0 20 0.00 M M 6.0 15 60 M M 0 21 60
15 89 71 80 2 0 15 0.00 M M 10.3 21 70 M M 0 28 60
16 73 65 69 -8 0 4 1.55 M M 9.9 17 120 M M 9 13 32 70
17 83 64 74 -3 0 9 0.00 M M 5.8 14 50 M M 2 1 20 90
18 84 64 74 -3 0 9 0.00 M M 2.6 10 150 M M 1 14 200
19 81 66 74 -3 0 9 0.31 M M 6.9 16 210 M M 4 13 25 190
20 86 65 76 -1 0 11 0.00 M M 8.7 15 270 M M 2 27 230
21 86 64 75 -1 0 10 0.00 M M 4.3 12 20 M M 2 17 30
22 86 66 76 0 0 11 0.00 M M 3.6 13 80 M M 2 22 60
23 86 63 75 -1 0 10 0.00 M M 2.8 12 90 M M 2 17 90
24 88 65 77 1 0 12 0.00 M M 3.2 10 170 M M 1 16 110
25 92 67 80 4 0 15 0.00 M M 5.0 13 330 M M 0 21 320
26 94 71 83 8 0 18 0.00 M M 4.8 9 150 M M 0 14 260
27 92 69 81 6 0 16 0.00 M M 8.4 16 170 M M 0 22 180
28 88 69 79 4 0 14 0.55 M M 10.4 21 170 M M 4 13 29 180
29 88 72 80 6 0 15 0.43 M M 5.8 22 160 M M 2 13 31 170
30 89 64 77 3 0 12 0.00 M M 4.5 14 20 M M 0 1 20 10
31 85 61 73 -1 0 8 0.00 M M 2.7 9 180 M M 0 13 170
================================================================================
SM 2755 2126 0 434 3.46 M 193.9 M 51
================================================================================
AV 88.9 68.6 6.3 FASTST M M 2 MAX(MPH)
MISC ----> 22 160 32 70
================================================================================
NOTES:
# LAST OF SEVERAL OCCURRENCES
COLUMN 17 PEAK WIND IN M.P.H.
PRELIMINARY LOCAL CLIMATOLOGICAL DATA (WS FORM: F-6) , PAGE 2
STATION: JOHNSON COUNTY EXECUTIVE KS
MONTH: AUGUST
YEAR: 2022
LATITUDE: 38 50 N
LONGITUDE: 94 44 W
[TEMPERATURE DATA] [PRECIPITATION DATA] SYMBOLS USED IN COLUMN 16
AVERAGE MONTHLY: 78.7 TOTAL FOR MONTH: 3.46 1 = FOG OR MIST
DPTR FM NORMAL: 1.7 DPTR FM NORMAL: -0.92 2 = FOG REDUCING VISIBILITY
HIGHEST: 98 ON 2 GRTST 24HR 1.55 ON 16-16 TO 1/4 MILE OR LESS
LOWEST: 61 ON 31 3 = THUNDER
SNOW, ICE PELLETS, HAIL 4 = ICE PELLETS
TOTAL MONTH: M 5 = HAIL
GRTST 24HR M ON M 6 = FREEZING RAIN OR DRIZZLE
GRTST DEPTH: M ON M 7 = DUSTSTORM OR SANDSTORM:
VSBY 1/2 MILE OR LESS
8 = SMOKE OR HAZE
[NO. OF DAYS WITH] [WEATHER - DAYS WITH] 9 = BLOWING SNOW
X = TORNADO
MAX 32 OR BELOW: 0 0.01 INCH OR MORE: 6
MAX 90 OR ABOVE: 12 0.10 INCH OR MORE: 6
MIN 32 OR BELOW: 0 0.50 INCH OR MORE: 2
MIN 0 OR BELOW: 0 1.00 INCH OR MORE: 1
[HDD (BASE 65) ]
TOTAL THIS MO. 0 CLEAR (SCALE 0-3) 25
DPTR FM NORMAL -1 PTCLDY (SCALE 4-7) 5
TOTAL FM JUL 1 0 CLOUDY (SCALE 8-10) 1
DPTR FM NORMAL 0
[CDD (BASE 65) ]
TOTAL THIS MO. 434
DPTR FM NORMAL 61 [PRESSURE DATA]
TOTAL FM JAN 1 1478 HIGHEST SLP M ON M
DPTR FM NORMAL 307 LOWEST SLP 29.68 ON 28
[REMARKS]
#FINAL-08-22#