000
CXUS56 KSGX 011145
CF6OKB
PRELIMINARY LOCAL CLIMATOLOGICAL DATA (WS FORM: F-6)
STATION: OCEANSIDE AIRPORT CA
MONTH: NOVEMBER
YEAR: 2021
LATITUDE: 33 13 N
LONGITUDE: 117 21 W
TEMPERATURE IN F: :PCPN: SNOW: WIND :SUNSHINE: SKY :PK WND
================================================================================
1 2 3 4 5 6A 6B 7 8 9 10 11 12 13 14 15 16 17 18
12Z AVG MX 2MIN
DY MAX MIN AVG DEP HDD CDD WTR SNW DPTH SPD SPD DIR MIN PSBL S-S WX SPD DR
================================================================================
1 70 50 60 -1 5 0 0.00 M M 3.3 16 290 M M 3 18 24 290
2 66 49 58 -2 7 0 0.00 M M 4.1 13 240 M M 9 18 16 240
3 66 54 60 0 5 0 0.00 M M 3.9 13 230 M M 8 18 15 230
4 66 56 61 1 4 0 0.00 M M 4.1 12 240 M M 8 18 14 300
5 67 53 60 0 5 0 0.00 M M 2.7 13 240 M M 8 128 15 250
6 67 57 62 2 3 0 0.00 M M 4.1 12 250 M M 7 18 15 250
7 67 53 60 1 5 0 0.00 M M 3.7 14 260 M M 7 1 18 250
8 67 51 59 0 6 0 0.00 M M 4.2 13 240 M M 6 18 15 250
9 68 52 60 1 5 0 0.00 M M 5.3 16 260 M M 3 18 20 290
10 71 50 61 2 4 0 0.00 M M 3.4 15 260 M M 3 1 19 270
11 88 46 67 9 0 2 0.00 M M 3.2 16 290 M M 0 1 22 280
12 95 49 72 14 0 7 0.00 M M 3.2 17 240 M M 0 21 240
13 88 49 69 11 0 4 0.00 M M 3.5 13 260 M M 0 14 260
14 85 45 65 7 0 0 0.00 M M 2.9 12 250 M M 0 15 260
15 79 43 61 4 4 0 0.00 M M 3.0 14 240 M M 3 12 16 240
16 64 50 57 0 8 0 0.00 M M 3.5 12 230 M M 8 128 13 230
17 67 48 58 1 7 0 0.00 M M 3.6 12 250 M M 2 18 15 260
18 65 43 54 -3 11 0 0.00 M M 3.3 13 250 M M 8 128 15 250
19 66 50 58 2 7 0 0.00 M M 2.8 12 260 M M 6 18 16 230
20 66 52 59 3 6 0 0.00 M M 3.9 13 250 M M 4 18 16 240
21 88 40 64 8 1 0 0.00 M M 4.0 13 240 M M 0 128 18 40
22 85 49 67 11 0 2 0.00 M M 4.2 14 270 M M 0 17 270
23 73 43 58 2 7 0 0.00 M M 3.2 14 230 M M 2 1 17 250
24 72 43 58 3 7 0 0.00 M M 4.0 13 240 M M 1 1 17 260
25 81 40 61 6 4 0 0.00 M M 6.4 18 40 M M 0 28 20
26 81 43 62 7 3 0 0.00 M M 5.1 17 300 M M 0 22 290
27 77 39 58 3 7 0 0.00 M M 2.4 10 250 M M 0 12 250
28 73 37 55 0 10 0 0.00 M M 2.9 12 230 M M 2 128 14 250
29 76 38 57 3 8 0 0.00 M M 2.9 13 240 M M 3 12 14 240
30 65 37 51 -3 14 0 0.00 M M 2.1 12 240 M M 1 18 14 240
================================================================================
SM 2209 1409 153 15 0.00 M 108.9 M 102
================================================================================
AV 73.6 47.0 3.6 FASTST M M 3 MAX(MPH)
MISC ----> 18 40 28 20
================================================================================
NOTES:
# LAST OF SEVERAL OCCURRENCES
COLUMN 17 PEAK WIND IN M.P.H.
PRELIMINARY LOCAL CLIMATOLOGICAL DATA (WS FORM: F-6) , PAGE 2
STATION: OCEANSIDE AIRPORT CA
MONTH: NOVEMBER
YEAR: 2021
LATITUDE: 33 13 N
LONGITUDE: 117 21 W
[TEMPERATURE DATA] [PRECIPITATION DATA] SYMBOLS USED IN COLUMN 16
AVERAGE MONTHLY: 60.3 TOTAL FOR MONTH: 0.00 1 = FOG OR MIST
DPTR FM NORMAL: 2.9 DPTR FM NORMAL: -0.79 2 = FOG REDUCING VISIBILITY
HIGHEST: 95 ON 12 GRTST 24HR 0.00 ON 1- 1 TO 1/4 MILE OR LESS
LOWEST: 37 ON 30,28 3 = THUNDER
SNOW, ICE PELLETS, HAIL 4 = ICE PELLETS
TOTAL MONTH: M 5 = HAIL
GRTST 24HR M ON M 6 = FREEZING RAIN OR DRIZZLE
GRTST DEPTH: M ON M 7 = DUSTSTORM OR SANDSTORM:
VSBY 1/2 MILE OR LESS
8 = SMOKE OR HAZE
[NO. OF DAYS WITH] [WEATHER - DAYS WITH] 9 = BLOWING SNOW
X = TORNADO
MAX 32 OR BELOW: 0 0.01 INCH OR MORE: 0
MAX 90 OR ABOVE: 1 0.10 INCH OR MORE: 0
MIN 32 OR BELOW: 0 0.50 INCH OR MORE: 0
MIN 0 OR BELOW: 0 1.00 INCH OR MORE: 0
[HDD (BASE 65) ]
TOTAL THIS MO. 153 CLEAR (SCALE 0-3) 14
DPTR FM NORMAL -81 PTCLDY (SCALE 4-7) 13
TOTAL FM JUL 1 256 CLOUDY (SCALE 8-10) 3
DPTR FM NORMAL -68
[CDD (BASE 65) ]
TOTAL THIS MO. 15
DPTR FM NORMAL 10 [PRESSURE DATA]
TOTAL FM JAN 1 585 HIGHEST SLP 30.23 ON 9
DPTR FM NORMAL 76 LOWEST SLP 29.91 ON 23
[REMARKS]
#FINAL-11-21#