000
CXUS56 KSGX 011245
CF6OKB
PRELIMINARY LOCAL CLIMATOLOGICAL DATA (WS FORM: F-6)
STATION: OCEANSIDE AIRPORT CA
MONTH: JUNE
YEAR: 2020
LATITUDE: 33 13 N
LONGITUDE: 117 21 W
TEMPERATURE IN F: :PCPN: SNOW: WIND :SUNSHINE: SKY :PK WND
================================================================================
1 2 3 4 5 6A 6B 7 8 9 10 11 12 13 14 15 16 17 18
12Z AVG MX 2MIN
DY MAX MIN AVG DEP HDD CDD WTR SNW DPTH SPD SPD DIR MIN PSBL S-S WX SPD DR
================================================================================
1 76 54 65 2 0 0 0.00 0.0 0 5.7 18 250 M M 0 18 24 260
2 77 55 66 2 0 1 0.00 0.0 0 3.7 13 270 M M 0 18 14 290
3 83 60 72 8 0 7 0.00 0.0 0 5.7 14 240 M M 2 18 20 240
4 71 63 67 3 0 2 0.00 0.0 0 5.2 12 210 M M 10 18 15 200
5 73 63 68 4 0 3 0.06 0.0 0 6.2 13 250 M M 10 1 17 250
6 72 58 65 1 0 0 0.09 0.0 0 5.2 14 250 M M 8 1 18 250
7 75 53 64 0 1 0 0.00 0.0 0 6.2 16 290 M M 3 18 21 250
8 84 48 66 2 0 1 0.00 0.0 0 6.1 20 290 M M 0 18 28 310
9 94 47 71 7 0 6 0.00 0.0 0 6.7 18 280 M M 0 8 24 280
10 90 50 70 5 0 5 0.00 0.0 0 4.4 15 240 M M 0 18 19 250
11 82 51 67 2 0 2 0.00 0.0 0 3.8 12 210 M M 2 18 16 230
12 73 60 67 2 0 2 0.00 0.0 0 5.3 15 240 M M 6 18 19 230
13 75 57 66 1 0 1 0.00 0.0 0 5.9 15 250 M M 4 18 19 250
14 74 56 65 0 0 0 0.00 0.0 0 5.7 13 240 M M 3 18 18 250
15 75 57 66 1 0 1 0.00 0.0 0 4.9 14 240 M M 7 18 19 250
16 75 64 70 5 0 5 0.00 0.0 0 6.5 13 260 M M 8 18 23 210
17 74 60 67 1 0 2 0.00 0.0 0 6.3 13 230 M M 7 18 19 250
18 73 63 68 2 0 3 0.00 0.0 0 5.3 12 240 M M 7 18 16 250
19 75 63 69 3 0 4 0.00 0.0 0 4.9 13 250 M M 8 18 18 250
20 74 64 69 3 0 4 0.00 0.0 0 6.7 15 260 M M 9 18 20 280
21 74 65 70 4 0 5 0.00 0.0 0 4.9 12 230 M M 9 18 17 240
22 73 65 69 3 0 4 0.00 0.0 0 4.3 12 270 M M 10 18 15 250
23 75 65 70 4 0 5 0.00 0.0 0 4.5 13 260 M M 10 18 18 240
24 71 63 67 1 0 2 0.00 0.0 0 4.3 14 250 M M 10 18 17 230
25 71 60 66 -1 0 1 0.00 0.0 0 3.3 12 270 M M 9 18 15 250
26 76 62 69 2 0 4 0.00 0.0 0 4.5 14 240 M M 7 18 18 260
27 76 65 71 4 0 6 0.00 0.0 0 5.2 14 250 M M 7 18 19 250
28 73 64 69 2 0 4 T 0.0 0 6.6 14 260 M M 10 18 18 260
29 74 56 65 -2 0 0 0.07 0.0 0 4.8 15 240 M M 6 18 21 250
30 75 55 65 -2 0 0 0.00 0.0 0 5.4 17 250 M M 8 18 22 250
================================================================================
SM 2283 1766 1 80 0.22 0.0 158.2 M 180
================================================================================
AV 76.1 58.9 5.3 FASTST M M 6 MAX(MPH)
MISC ----> # 20 290 # 28 310
================================================================================
NOTES:
# LAST OF SEVERAL OCCURRENCES
COLUMN 17 PEAK WIND IN M.P.H.
PRELIMINARY LOCAL CLIMATOLOGICAL DATA (WS FORM: F-6) , PAGE 2
STATION: OCEANSIDE AIRPORT CA
MONTH: JUNE
YEAR: 2020
LATITUDE: 33 13 N
LONGITUDE: 117 21 W
[TEMPERATURE DATA] [PRECIPITATION DATA] SYMBOLS USED IN COLUMN 16
AVERAGE MONTHLY: 67.5 TOTAL FOR MONTH: 0.22 1 = FOG OR MIST
DPTR FM NORMAL: 2.2 DPTR FM NORMAL: 0.11 2 = FOG REDUCING VISIBILITY
HIGHEST: 94 ON 9 GRTST 24HR 0.09 ON 6- 6 TO 1/4 MILE OR LESS
LOWEST: 47 ON 9 3 = THUNDER
SNOW, ICE PELLETS, HAIL 4 = ICE PELLETS
TOTAL MONTH: 0.0 INCH 5 = HAIL
GRTST 24HR 0.0 6 = FREEZING RAIN OR DRIZZLE
GRTST DEPTH: 0 7 = DUSTSTORM OR SANDSTORM:
VSBY 1/2 MILE OR LESS
8 = SMOKE OR HAZE
[NO. OF DAYS WITH] [WEATHER - DAYS WITH] 9 = BLOWING SNOW
X = TORNADO
MAX 32 OR BELOW: 0 0.01 INCH OR MORE: 3
MAX 90 OR ABOVE: 2 0.10 INCH OR MORE: 0
MIN 32 OR BELOW: 0 0.50 INCH OR MORE: 0
MIN 0 OR BELOW: 0 1.00 INCH OR MORE: 0
[HDD (BASE 65) ]
TOTAL THIS MO. 1 CLEAR (SCALE 0-3) 9
DPTR FM NORMAL -26 PTCLDY (SCALE 4-7) 11
TOTAL FM JUL 1 1551 CLOUDY (SCALE 8-10) 10
DPTR FM NORMAL -477
[CDD (BASE 65) ]
TOTAL THIS MO. 80
DPTR FM NORMAL 42 [PRESSURE DATA]
TOTAL FM JAN 1 136 HIGHEST SLP 30.07 ON 12
DPTR FM NORMAL 88 LOWEST SLP 29.79 ON 28
[REMARKS]
#FINAL-06-20#