000
CXUS54 KOUN 011227
CF6OKC
PRELIMINARY LOCAL CLIMATOLOGICAL DATA (WS FORM: F-6)
STATION: OKLAHOMA CITY
MONTH: APRIL
YEAR: 2021
LATITUDE: 35 24 N
LONGITUDE: 97 36 W
TEMPERATURE IN F: :PCPN: SNOW: WIND :SUNSHINE: SKY :PK WND
================================================================================
1 2 3 4 5 6A 6B 7 8 9 10 11 12 13 14 15 16 17 18
12Z AVG MX 2MIN
DY MAX MIN AVG DEP HDD CDD WTR SNW DPTH SPD SPD DIR MIN PSBL S-S WX SPD DR
================================================================================
1 64 37 51 -6 14 0 0.00 0.0 0 7.3 16 150 M M 1 19 130
2 68 36 52 -5 13 0 0.00 0.0 0 15.1 26 180 M M 6 33 180
3 74 43 59 2 6 0 0.00 0.0 0 12.8 23 190 M M 0 29 200
4 73 46 60 2 5 0 0.00 0.0 0 12.2 22 190 M M 5 1 26 190
5 79 53 66 8 0 1 0.00 0.0 0 17.4 31 180 M M 4 38 180
6 78 59 69 11 0 4 T 0.0 0 23.7 35 180 M M 5 41 180
7 69 48 59 1 6 0 T 0.0 0 19.2 31 300 M M 4 39 300
8 79 44 62 3 3 0 0.00 0.0 0 12.7 22 210 M M 1 28 300
9 75 48 62 3 3 0 T 0.0 0 14.1 39 340 M M 7 49 340
10 67 41 54 -5 11 0 0.00 0.0 0 13.8 25 320 M M 2 30 320
11 82 37 60 0 5 0 0.00 0.0 0 12.6 26 220 M M 0 33 210
12 66 52 59 -1 6 0 0.00 0.0 0 17.3 30 40 M M 8 38 30
13 71 47 59 -1 6 0 0.13 0.0 0 16.7 24 50 M M 7 13 32 50
14 57 46 52 -8 13 0 0.63 0.0 0 12.3 21 110 M M 10 1 25 120
15 56 48 52 -9 13 0 0.08 0.0 0 9.9 23 60 M M 10 26 50
16 51 43 47 -14 18 0 0.39 0.0 0 12.7 26 340 M M 10 13 34 340
17 55 37 46 -15 19 0 0.00 0.0 0 12.8 21 350 M M 7 27 340
18 63 38 51 -11 14 0 0.00 0.0 0 7.3 20 300 M M 3 26 250
19 74 38 56 -6 9 0 0.00 0.0 0 7.9 18 230 M M 1 24 210
20 53 32 43 -19 22 0 0.00 0.0 0 17.4 30 360 M M 6 37 360
21 59 29 44 -19 21 0 0.00 0.0 0 6.1 14 50 M M 5 20 40
22 59 45 52 -11 13 0 T 0.0 0 12.6 23 160 M M 10 29 160
23 64 50 57 -6 8 0 0.97 0.0 0 9.6 31 50 M M 10 13 36 50
24 68 48 58 -6 7 0 0.07 0.0 0 9.8 36 50 M M 6 13 43 50
25 77 45 61 -3 4 0 0.00 0.0 0 17.3 29 180 M M 2 35 170
26 80 62 71 7 0 6 0.00 0.0 0 22.0 31 180 M M 8 42 170
27 76 64 70 6 0 5 0.28 0.0 0 16.1 38 130 M M 9 1 46 140
28 71 60 66 1 0 1 0.64 0.0 0 9.7 26 350 M M 9 13 35 340
29 75 57 66 1 0 1 0.00 0.0 0 13.4 23 340 M M 7 28 20
30 80 54 67 2 0 2 0.00 0.0 0 6.8 14 70 M M 4 19 110
================================================================================
SM 2063 1387 239 20 3.19 0.0 398.6 M 167
================================================================================
AV 68.8 46.2 13.3 FASTST M M 6 MAX(MPH)
MISC ----> 39 340 49 340
================================================================================
NOTES:
# LAST OF SEVERAL OCCURRENCES
COLUMN 17 PEAK WIND IN M.P.H.
PRELIMINARY LOCAL CLIMATOLOGICAL DATA (WS FORM: F-6) , PAGE 2
STATION: OKLAHOMA CITY
MONTH: APRIL
YEAR: 2021
LATITUDE: 35 24 N
LONGITUDE: 97 36 W
[TEMPERATURE DATA] [PRECIPITATION DATA] SYMBOLS USED IN COLUMN 16
AVERAGE MONTHLY: 57.5 TOTAL FOR MONTH: 3.19 1 = FOG OR MIST
DPTR FM NORMAL: -3.5 DPTR FM NORMAL: 0.12 2 = FOG REDUCING VISIBILITY
HIGHEST: 82 ON 11 GRTST 24HR 1.04 ON 23-24 TO 1/4 MILE OR LESS
LOWEST: 29 ON 21 3 = THUNDER
SNOW, ICE PELLETS, HAIL 4 = ICE PELLETS
TOTAL MONTH: 0.0 INCH 5 = HAIL
GRTST 24HR 0.0 6 = FREEZING RAIN OR DRIZZLE
GRTST DEPTH: 0 7 = DUSTSTORM OR SANDSTORM:
VSBY 1/2 MILE OR LESS
8 = SMOKE OR HAZE
[NO. OF DAYS WITH] [WEATHER - DAYS WITH] 9 = BLOWING SNOW
X = TORNADO
MAX 32 OR BELOW: 0 0.01 INCH OR MORE: 8
MAX 90 OR ABOVE: 0 0.10 INCH OR MORE: 6
MIN 32 OR BELOW: 2 0.50 INCH OR MORE: 3
MIN 0 OR BELOW: 0 1.00 INCH OR MORE: 0
[HDD (BASE 65) ]
TOTAL THIS MO. 239 CLEAR (SCALE 0-3) 7
DPTR FM NORMAL 66 PTCLDY (SCALE 4-7) 15
TOTAL FM JUL 1 3703 CLOUDY (SCALE 8-10) 8
DPTR FM NORMAL 371
[CDD (BASE 65) ]
TOTAL THIS MO. 20
DPTR FM NORMAL -33 [PRESSURE DATA]
TOTAL FM JAN 1 25 HIGHEST SLP 30.57 ON 1
DPTR FM NORMAL -41 LOWEST SLP 29.54 ON 9
[REMARKS]
#FINAL-04-21#