000
CXUS54 KOUN 011216
CLMOKC
CLIMATE REPORT
NATIONAL WEATHER SERVICE NORMAN OK
716 AM CDT MON APR 01 2024
...................................
...THE OKLAHOMA CITY CLIMATE SUMMARY FOR THE MONTH OF MARCH 2024...
CLIMATE NORMAL PERIOD 1991 TO 2020
CLIMATE RECORD PERIOD 1890 TO 2024
WEATHER OBSERVED NORMAL DEPART LAST YEAR`S
VALUE DATE(S) VALUE FROM VALUE
NORMAL
..............................................................
TEMPERATURE (F)
RECORD
HIGH 97 03/19/1907
LOW 1 03/11/1948
HIGHEST 83 83 0 80
LOWEST 28 20 8 24
AVG. MAXIMUM 66.9 62.9 4.0 61.0
AVG. MINIMUM 42.8 39.5 3.3 39.4
MEAN 54.9 51.2 3.7 50.2
DAYS MAX >= 90 0 0.2 -0.2 0
DAYS MAX <= 32 0 0.4 -0.4 0
DAYS MIN <= 32 5 6.4 -1.4 5
DAYS MIN <= 0 0 0.0 0.0 0
PRECIPITATION (INCHES)
RECORD
MAXIMUM 8.02 2007
MINIMUM 0.02 1911
1940
TOTALS 1.68 2.55 -0.87 2.97
DAILY AVG. 0.05 0.08 -0.03 0.10
DAYS >= .01 7 6.9 0.1 7
DAYS >= .10 4 4.5 -0.5 5
DAYS >= .50 1 1.7 -0.7 2
DAYS >= 1.00 0 0.7 -0.7 1
GREATEST
24 HR. TOTAL 0.82 03/21 TO 03/21
03/21 TO 03/22
SNOWFALL (INCHES)
TOTALS 0.1 0.8 -0.7
SINCE 7/1 3.4 6.7 -3.3
DEGREE DAYS
HEATING TOTAL 316 437 -121 459
SINCE 7/1 2899 3356 -457
COOLING TOTAL 10 9 1 5
SINCE 1/1 11 10 1
..............................................................
WIND (MPH)
AVERAGE WIND SPEED 12.8
HIGHEST WIND SPEED/DIRECTION 40/150 DATE 03/24
HIGHEST GUST SPEED/DIRECTION 52/150 DATE 03/24
WEATHER CONDITIONS. NUMBER OF DAYS WITH
THUNDERSTORM 3 MIXED PRECIP 0
HEAVY RAIN 1 RAIN 3
LIGHT RAIN 8 FREEZING RAIN 0
LT FREEZING RAIN 0 HAIL 1
HEAVY SNOW 0 SNOW 0
LIGHT SNOW 1 SLEET 0
FOG 10 FOG W/VIS <= 1/4 MILE 2
HAZE 0
- INDICATES NEGATIVE NUMBERS.
R INDICATES RECORD WAS SET OR TIED.
MM INDICATES DATA IS MISSING.
T INDICATES TRACE AMOUNT.
..............................................................
RECORDS/REMARKS
TIED RECORD WARM MINIMUM TEMPERATURE OF 62 DEGREES ON MARCH 31.
JAN-MAR 2024 PRECIPITATION TOTAL IS 4.73 INCHES.
$$