000
CXUS55 KGGW 010910
CF6OLF
PRELIMINARY LOCAL CLIMATOLOGICAL DATA (WS FORM: F-6)
STATION: WOLF POINT MT
MONTH: FEBRUARY
YEAR: 2022
LATITUDE: 48 5 N
LONGITUDE: 105 35 W
TEMPERATURE IN F: :PCPN: SNOW: WIND :SUNSHINE: SKY :PK WND
================================================================================
1 2 3 4 5 6A 6B 7 8 9 10 11 12 13 14 15 16 17 18
12Z AVG MX 2MIN
DY MAX MIN AVG DEP HDD CDD WTR SNW DPTH SPD SPD DIR MIN PSBL S-S WX SPD DR
================================================================================
1 9 -6 2 -12 63 0 0.00 M M 13.9 30 310 M M 3 8 39 310
2 4 -11 -3 -18 68 0 0.00 M M 6.7 12 230 M M 1 14 240
3 16 -11 3 -12 62 0 T M M 8.8 22 260 M M 6 26 340
4 28 -4 12 -3 53 0 0.00 M M 6.5 14 70 M M 6 18 120
5 40 26 33 18 32 0 T M M 13.4 30 330 M M 6 38 330
6 39 28 34 19 31 0 0.00 M M 9.5 20 270 M M 7 25 260
7 48 24 36 20 29 0 0.00 M M 10.1 24 290 M M 0 35 300
8 43 31 37 21 28 0 0.00 M M 12.4 21 290 M M 3 31 260
9 40 24 32 16 33 0 0.08 M M 4.1 9 230 M M 5 12 13 60
10 48 32 40 24 25 0 0.00 M M 13.7 25 290 M M 7 36 270
11 37 16 27 11 38 0 T M M 9.6 24 340 M M 9 1 30 340
12 39 13 26 9 39 0 0.00 M M 8.3 29 330 M M 4 37 340
13 49 15 32 15 33 0 0.00 M M 11.0 31 310 M M 4 49 300
14 29 17 23 6 42 0 0.00 M M 14.3 25 90 M M 5 33 90
15 34 18 26 8 39 0 T M M 9.3 22 320 M M 8 8 27 310
16 26 10 18 0 47 0 0.00 M M 8.0 16 10 M M 5 20 30
17 39 10 25 7 40 0 T M M 8.1 21 250 M M 9 8 28 250
18 40 12 26 7 39 0 0.04 M M 12.9 26 300 M M 10 18 36 340
19 56 13 35 16 30 0 T M M 9.1 44 280 M M 5 56 290
20 42 1 22 3 43 0 T M M 20.7 31 290 M M 10 8 39 300
21 1 -9 -4 -24 69 0 T M M 13.3 22 60 M M 10 8 29 60
22 1 -15 -7 -27 72 0 0.00 M M 4.8 12 280 M M 4 17 280
23 5 -20 -7 -27 72 0 0.00 M M 3.9 10 230 M M 0 14 200
24 10 -12 -1 -22 66 0 0.00 M M 5.6 10 260 M M 0 14 250
25 29 -14 8 -13 57 0 T M M 4.7 14 240 M M 1 18 18 230
26 40 4 22 0 43 0 0.00 M M 9.9 21 270 M M 0 26 280
27 50 16 33 11 32 0 0.00 M M 6.7 20 260 M M 0 25 260
28 49 28 39 16 26 0 0.00 M M 5.6 14 250 M M 2 1 18 230
================================================================================
SM 891 236 1251 0 0.12 M 264.9 M 130
================================================================================
AV 31.8 8.4 9.5 FASTST M M 5 MAX(MPH)
MISC ----> 44 280 56 290
================================================================================
NOTES:
# LAST OF SEVERAL OCCURRENCES
COLUMN 17 PEAK WIND IN M.P.H.
PRELIMINARY LOCAL CLIMATOLOGICAL DATA (WS FORM: F-6) , PAGE 2
STATION: WOLF POINT MT
MONTH: FEBRUARY
YEAR: 2022
LATITUDE: 48 5 N
LONGITUDE: 105 35 W
[TEMPERATURE DATA] [PRECIPITATION DATA] SYMBOLS USED IN COLUMN 16
AVERAGE MONTHLY: 20.1 TOTAL FOR MONTH: 0.12 1 = FOG OR MIST
DPTR FM NORMAL: 2.2 DPTR FM NORMAL: -0.03 2 = FOG REDUCING VISIBILITY
HIGHEST: 56 ON 19 GRTST 24HR 0.08 ON 9- 9 TO 1/4 MILE OR LESS
LOWEST: -20 ON 23 3 = THUNDER
SNOW, ICE PELLETS, HAIL 4 = ICE PELLETS
TOTAL MONTH: M 5 = HAIL
GRTST 24HR M ON M 6 = FREEZING RAIN OR DRIZZLE
GRTST DEPTH: M ON M 7 = DUSTSTORM OR SANDSTORM:
VSBY 1/2 MILE OR LESS
8 = SMOKE OR HAZE
[NO. OF DAYS WITH] [WEATHER - DAYS WITH] 9 = BLOWING SNOW
X = TORNADO
MAX 32 OR BELOW: 11 0.01 INCH OR MORE: 2
MAX 90 OR ABOVE: 0 0.10 INCH OR MORE: 0
MIN 32 OR BELOW: 28 0.50 INCH OR MORE: 0
MIN 0 OR BELOW: 9 1.00 INCH OR MORE: 0
[HDD (BASE 65) ]
TOTAL THIS MO. 1251 CLEAR (SCALE 0-3) 9
DPTR FM NORMAL -69 PTCLDY (SCALE 4-7) 13
TOTAL FM JUL 1 6215 CLOUDY (SCALE 8-10) 6
DPTR FM NORMAL -182
[CDD (BASE 65) ]
TOTAL THIS MO. 0
DPTR FM NORMAL 0 [PRESSURE DATA]
TOTAL FM JAN 1 0 HIGHEST SLP M ON M
DPTR FM NORMAL 0 LOWEST SLP 29.43 ON 19
[REMARKS]
#FINAL-02-22#