000
CXUS55 KSEW 010930
CF6OLM
PRELIMINARY LOCAL CLIMATOLOGICAL DATA (WS FORM: F-6)
STATION: OLYMPIA WA AIRPORT
MONTH: MAY
YEAR: 2021
LATITUDE: 46 58 N
LONGITUDE: 122 54 W
TEMPERATURE IN F: :PCPN: SNOW: WIND :SUNSHINE: SKY :PK WND
================================================================================
1 2 3 4 5 6A 6B 7 8 9 10 11 12 13 14 15 16 17 18
12Z AVG MX 2MIN
DY MAX MIN AVG DEP HDD CDD WTR SNW DPTH SPD SPD DIR MIN PSBL S-S WX SPD DR
================================================================================
1 63 38 51 0 14 0 0.00 M M 5.9 16 240 M M 5 21 250
2 64 35 50 -2 15 0 0.00 M M 3.5 12 290 M M 4 14 100
3 57 44 51 -1 14 0 0.08 M M 6.8 13 210 M M 8 1 16 220
4 64 42 53 1 12 0 0.00 M M 3.0 10 320 M M 6 1 16 280
5 71 38 55 3 10 0 0.00 M M 5.1 14 20 M M 0 1 17 30
6 65 43 54 2 11 0 0.11 M M 6.9 18 240 M M 4 1 28 250
7 57 42 50 -3 15 0 0.48 M M 9.7 22 290 M M 6 1 32 280
8 54 39 47 -6 18 0 0.00 M M 6.4 14 190 M M 8 19 210
9 65 47 56 3 9 0 T M M 2.7 12 10 M M 9 1 14 10
10 68 41 55 1 10 0 0.00 M M 4.1 13 320 M M 6 18 16 320
11 72 37 55 1 10 0 0.00 M M 4.0 13 340 M M 1 12 17 330
12 73 48 61 7 4 0 0.00 M M 4.2 13 30 M M 4 15 30
13 74 42 58 4 7 0 0.00 M M 4.7 14 360 M M 2 12 19 80
14 77 40 59 5 6 0 0.00 M M 4.2 13 10 M M 1 1 17 350
15 77 41 59 4 6 0 0.00 M M 3.1 10 10 M M 2 1 16 60
16 79 42 61 6 4 0 0.00 M M 4.6 12 220 M M 2 12 17 10
17 61 46 54 -1 11 0 0.04 M M 10.0 20 210 M M 8 1 35 220
18 60 37 49 -6 16 0 0.07 M M 7.3 17 260 M M 4 18 24 240
19 56 34 45 -10 20 0 0.17 M M 4.0 15 360 M M 5 1 20 340
20 63 35 49 -7 16 0 0.15 M M 6.0 17 240 M M 7 8 23 220
21 64 37 51 -5 14 0 0.00 M M 2.9 8 250 M M 5 1 11 280
22 68 39 54 -2 11 0 0.00 M M 3.2 10 240 M M 5 1 14 190
23 60 50 55 -1 10 0 0.00 M M 11.8 23 230 M M 9 1 27 230
24 60 49 55 -1 10 0 0.15 M M 8.2 17 190 M M 9 18 21 190
25 62 50 56 0 9 0 0.01 M M 6.8 15 230 M M 9 20 190
26 66 50 58 2 7 0 0.00 M M 5.0 13 190 M M 6 17 230
27 58 48 53 -4 12 0 0.55 M M 11.2 21 190 M M 9 18 28 240
28 65 47 56 -1 9 0 T M M 8.0 15 280 M M 5 1 22 220
29 75 41 58 1 7 0 0.00 M M 5.4 15 50 M M 0 21 50
30 76 43 60 3 5 0 0.00 M M 3.5 12 350 M M 0 14 30
31 82 45 64 7 1 0 0.00 M M 4.9 12 60 M M 0 14 60
================================================================================
SM 2056 1310 323 0 1.81 M 177.1 M 149
================================================================================
AV 66.3 42.3 5.7 FASTST M M 5 MAX(MPH)
MISC ----> 23 230 35 220
================================================================================
NOTES:
# LAST OF SEVERAL OCCURRENCES
COLUMN 17 PEAK WIND IN M.P.H.
PRELIMINARY LOCAL CLIMATOLOGICAL DATA (WS FORM: F-6) , PAGE 2
STATION: OLYMPIA WA AIRPORT
MONTH: MAY
YEAR: 2021
LATITUDE: 46 58 N
LONGITUDE: 122 54 W
[TEMPERATURE DATA] [PRECIPITATION DATA] SYMBOLS USED IN COLUMN 16
AVERAGE MONTHLY: 54.3 TOTAL FOR MONTH: 1.81 1 = FOG OR MIST
DPTR FM NORMAL: -0.2 DPTR FM NORMAL: -0.45 2 = FOG REDUCING VISIBILITY
HIGHEST: 82 ON 31 GRTST 24HR 0.59 ON 6- 7 TO 1/4 MILE OR LESS
LOWEST: 34 ON 19 3 = THUNDER
SNOW, ICE PELLETS, HAIL 4 = ICE PELLETS
TOTAL MONTH: M 5 = HAIL
GRTST 24HR M ON M 6 = FREEZING RAIN OR DRIZZLE
GRTST DEPTH: M ON M 7 = DUSTSTORM OR SANDSTORM:
VSBY 1/2 MILE OR LESS
8 = SMOKE OR HAZE
[NO. OF DAYS WITH] [WEATHER - DAYS WITH] 9 = BLOWING SNOW
X = TORNADO
MAX 32 OR BELOW: 0 0.01 INCH OR MORE: 10
MAX 90 OR ABOVE: 0 0.10 INCH OR MORE: 6
MIN 32 OR BELOW: 0 0.50 INCH OR MORE: 1
MIN 0 OR BELOW: 0 1.00 INCH OR MORE: 0
[HDD (BASE 65) ]
TOTAL THIS MO. 323 CLEAR (SCALE 0-3) 9
DPTR FM NORMAL -3 PTCLDY (SCALE 4-7) 16
TOTAL FM JUL 1 4901 CLOUDY (SCALE 8-10) 6
DPTR FM NORMAL -285
[CDD (BASE 65) ]
TOTAL THIS MO. 0
DPTR FM NORMAL -2 [PRESSURE DATA]
TOTAL FM JAN 1 0 HIGHEST SLP M ON M
DPTR FM NORMAL -2 LOWEST SLP 29.83 ON 5
[REMARKS]
#FINAL-05-21#