000
CXUS53 KOAX 022034
CLAOMA
CLIMATE REPORT
NATIONAL WEATHER SERVICE OMAHA/VALLEY NE
234 PM CST SUN JAN 02 2022
...................................
...THE OMAHA NE CLIMATE SUMMARY FOR THE YEAR OF 2021...
CLIMATE NORMAL PERIOD 1991 TO 2020
CLIMATE RECORD PERIOD 1871 TO 2022
WEATHER OBSERVED NORMAL DEPART
VALUE DATE(S) VALUE FROM
NORMAL
................................................
TEMPERATURE (F)
HIGHEST 105 06/17
LOWEST -23 02/16
AVG. MAXIMUM 64.7 62.8 1.9
AVG. MINIMUM 43.5 42.1 1.4
MEAN 54.1 52.4 1.7
DAYS MAX >= 90 49
DAYS MAX <= 32 33
DAYS MIN <= 32 116
DAYS MIN <= 0 10
PRECIPITATION (INCHES)
TOTALS 33.21 31.86 1.35
DAYS >= .01 84
DAYS >= .10 49
DAYS >= .50 20
DAYS >= 1.00 10
GREATEST
24 HR. TOTAL 2.64
STORM TOTAL 2.64
(MM/DD(HH))
SNOWFALL (INCHES)
TOTALS 34.3 27.1 7.2
DAYS >= TRACE 30
DAYS >= 1.0 7
GREATEST
SNOW DEPTH 12 01/26
24 HR TOTAL 12.5 01/25 TO 01/26
STORM TOTAL 12.5
(MM/DD(HH))
DEGREE DAYS
HEATING TOTAL 5353 5833 -480
COOLING TOTAL 1537 1294 243
................................................
WIND (MPH)
HIGHEST WIND SPEED/DIRECTION 67/360 DATE 07/09
HIGHEST GUST SPEED/DIRECTION 96/010 DATE 07/09
WEATHER CONDITIONS. NUMBER OF DAYS WITH
THUNDERSTORM 48 MIXED PRECIP 0
HEAVY RAIN 21 RAIN 33
LIGHT RAIN 95 FREEZING RAIN 0
LT FREEZING RAIN 4 HAIL 3
HEAVY SNOW 4 SNOW 7
LIGHT SNOW 28 SLEET 1
FOG 118 FOG W/VIS <= 1/4 MILE 16
HAZE 47
- INDICATES NEGATIVE NUMBERS.
R INDICATES RECORD WAS SET OR TIED.
MM INDICATES DATA IS MISSING.
T INDICATES TRACE AMOUNT.
&&
2021 IN OMAHA WAS WARMER AND WETTER THAN NORMAL. THE YEAR ENDED UP 1.7
DEGREES ABOVE NORMAL FOR AVERAGE TEMPERATURE AND 1.35 INCHES ABOVE NORMAL
FOR PRECIPITATION. SNOWFALL FOR THE YEAR WAS 7.2 INCHES ABOVE NORMAL.
THE YEAR RANKED AS THE 6TH WARMEST YEAR ON RECORD. IT WAS THE 42ND WETTEST
YEAR AND THE 40TH SNOWIEST YEAR. A PEAK WIND GUST OF 96 MPH WAS RECORDED
ON JULY 9, WHICH SET AN ALL TIME RECORD FOR WIND SPEED.
TEMPERATURES PRECIPITATION
AVG. DEPARMAXMIN TOTALDEPARSNOW DEPARTSTORM PEAK
DAYS WIND
JAN 28.5 5.0 52 6 1.52 0.8016.0 9.9 0 60
FEB 16.3 -11.8 54-23 1.14 0.2917.4 11.3 0 47
MAR 46.1 6.6 78 22 4.58 2.59 0.0 -4.2 1 59
APR 53.2 1.5 92 20 1.21-1.75 0.1 -0.9 2 47
MAY 62.1 -1.5 88 34 3.40-1.26 0.0 0.1 7 48
JUN 77.7 3.8105 51 3.79-0.65 0.0 0.0 9 66
JUL 77.7 -0.4 99 57 4.44 0.89 0.0 0.0 7 96
AUG 78.0 2.3 97 57 5.31 0.71 0.0 0.0 13 53
SEP 71.0 3.4 94 43 2.35-0.61 0.0 0.0 4 39
OCT 57.9 3.5 86 33 4.75 2.43 0.0 0.0 4 45
NOV 44.5 4.3 71 23 0.34-1.11 T -1.7 0 53
DEC 35.9 7.2 74 9 0.38-0.84 0.8 -5.0 1 74
YEAR 54.11.7105-23 33.21 1.3534.3 7.2 48 96
150 YEARS OF RECORD (1871 TO 2021)
OMAHA DAILY RECORDS
DATE RECORD TYPE READING PREVIOUS RECORD
JANUARY25 PRECIPITATION 0.91 0.52 IN 1941
JANUARY25 SNOWFALL 11.9 7.1 IN 1941
FEBRUARY 13 COOL MAX TEMP 5 8 IN 1949
FEBRUARY 15 MINIMUM TEMP -19 -12 IN 1936
FEBRUARY 15 MIN MAX TEMP -3 -1 IN 1936
FEBRUARY 16 MINIMUM TEMP -23 -17 IN 1979
MARCH 9 WARM MIN TEMP 50 46 IN 1902
MARCH 14 PRECIPITATION 2.58 1.10 IN 1923
MARCH 23 PRECIPITATION 1.03 0.99 IN 1973
JUNE 10 WARM MIN TEMP 75 75 IN 1933
JUNE 17 MAXIMUM TEMPERATURE 105 100 IN 1918
JUNE 17 WARM MIN TEMP 80 79 IN 2018
SEPTEMBER 27 MAXIMUM TEMPERATURE 93 92 IN 1956
OCTOBER 24 PRECIPITATION 2.28 1.6 IN 1997
NOVEMBER 23 MAXIMUM TEMPERATURE 67 64 IN 2006
DECEMBER 2 MAXIMUM TEMPERATURE 68 67 IN 1973
DECEMBER 15 MAXIMUM TEMPERATURE 74 61 IN 2002
OMAHA MONTHLY RECORDS (TOP 20 LISTED)
TEMPERATURE PRECIPITATION SNOWFALL
JAN -- 11TH WETTEST 9TH SNOWIEST
FEB 6TH COLDEST -- 9TH SNOWIEST
MAR 8TH WARMEST 4TH WETTEST DRIEST ON RECORD
APR -- -- --
MAY -- -- --
JUN 9TH WARMEST -- --
JUL -- -- --
AUG 18TH WARMEST -- --
SEP 12TH WARMEST -- --
OCT -- 13TH WETTEST --
NOV 14TH WARMEST -- 10TH DRIEST
DEC 5TH WARMEST -- 20TH DRIEST
$$
DEWALD