000
CXUS53 KOAX 011339
CLMOMA
CLIMATE REPORT
NATIONAL WEATHER SERVICE OMAHA/VALLEY NE
839 AM CDT FRI SEP 01 2023
...................................
...THE OMAHA NE CLIMATE SUMMARY FOR THE MONTH OF AUGUST 2023...
CLIMATE NORMAL PERIOD 1991 TO 2020
CLIMATE RECORD PERIOD 1871 TO 2023
WEATHER OBSERVED NORMAL DEPART
VALUE DATE(S) VALUE FROM
NORMAL
................................................
TEMPERATURE (F)
HIGHEST 104 08/24
LOWEST 55 08/15
AVG. MAXIMUM 86.7 85.8 0.9
AVG. MINIMUM 66.4 65.6 0.8
MEAN 76.5 75.7 0.8
DAYS MAX >= 90 8
DAYS MAX <= 32 0
DAYS MIN <= 32 0
DAYS MIN <= 0 0
PRECIPITATION (INCHES)
RECORD
MAXIMUM 12.50 1903
MINIMUM 0.18 1913
TOTALS 3.55 4.60 -1.05
DAYS >= .01 11
DAYS >= .10 5
DAYS >= .50 1
DAYS >= 1.00 1
GREATEST
24 HR. TOTAL 2.35 08/01 TO 08/02
SNOWFALL (INCHES)
RECORDS
TOTAL T 2005
TOTALS 0.0 0.0 0.0
SINCE 7/1 T
DAYS >= 1.0 0
GREATEST
SNOW DEPTH 0
24 HR TOTAL MM
DEGREE DAYS
HEATING TOTAL 0 3 -3
SINCE 7/1 1 0 1
COOLING TOTAL 365 335 30
SINCE 1/1 1182 1124 58
................................................
WIND (MPH)
AVERAGE WIND SPEED 8.1
HIGHEST WIND SPEED/DIRECTION 29/250 DATE 08/09
HIGHEST GUST SPEED/DIRECTION 42/260 DATE 08/09
SKY COVER
AVERAGE SKY COVER 0.45
WEATHER CONDITIONS. NUMBER OF DAYS WITH
THUNDERSTORM 8 MIXED PRECIP 0
HEAVY RAIN 2 RAIN 4
LIGHT RAIN 11 FREEZING RAIN 0
LT FREEZING RAIN 0 HAIL 0
HEAVY SNOW 0 SNOW 0
LIGHT SNOW 0 SLEET 0
FOG 14 FOG W/VIS <= 1/4 MILE 1
HAZE 4
- INDICATES NEGATIVE NUMBERS.
R INDICATES RECORD WAS SET OR TIED.
MM INDICATES DATA IS MISSING.
T INDICATES TRACE AMOUNT.
&&
AUGUST IN OMAHA WAS WARMER AND DRIER THAN NORMAL. THE MONTH ENDED UP
0.8 DEGREES ABOVE NORMAL FOR AVERAGE TEMPERATURE AND 1.05 INCHES
BELOW NORMAL FOR PRECIPITATION.
NEW DAILY RECORDS FOR AUGUST 2023
DATE RECORD VALUE PREVIOUS RECORD
AUG 22 MAX MINIMUM TEMPERATURE 80 76 IN 1975
AUG 24 MAX MINIMUM TEMPERATURE 76 76 IN 2021
$$
DEWALD