000
CXAK59 PAFG 050756
CLMOME
CLIMATE REPORT
NATIONAL WEATHER SERVICE FAIRBANKS AK
1056 PM AKST SUN FEB 04 2024
...................................
...THE NOME AK CLIMATE SUMMARY FOR THE MONTH OF JANUARY 2024...
CLIMATE NORMAL PERIOD 1991 TO 2020
CLIMATE RECORD PERIOD 1906 TO 2024
WEATHER OBSERVED NORMAL DEPART LAST YEAR`S
VALUE DATE(S) VALUE FROM VALUE DATE(S)
NORMAL
................................................................
TEMPERATURE (F)
RECORD
HIGH 51 01/27/2014
LOW -54 01/28/1989
01/27/1989
HIGHEST 34 01/15 MM MM 35 01/29
LOWEST -37 01/30 MM MM -27 01/20
AVG. MAXIMUM 16.3 13.2 3.1 14.2
AVG. MINIMUM 0.8 -2.0 2.8 -1.2
MEAN 8.5 5.6 2.9 6.5
DAYS MAX >= 90 0 0.0 0.0 0
DAYS MAX <= 32 29 27.9 1.1 30
DAYS MIN <= 32 31 30.9 0.1 31
DAYS MIN <= 0 13 16.6 -3.6 15
PRECIPITATION (INCHES)
RECORD
MAXIMUM 4.48 1937
MINIMUM T
TOTALS 1.65 0.94 0.71 1.12
DAILY AVG. 0.05 0.03 0.02 0.04
DAYS >= .01 11 10.0 1.0 16
DAYS >= .10 3 3.4 -0.4 5
DAYS >= .50 1 0.1 0.9 0
DAYS >= 1.00 0 0.0 0.0 0
GREATEST
24 HR. TOTAL 0.63 01/11 TO 01/11 0.28
DEGREE DAYS
HEATING TOTAL 1743 1841 -98 1805
SINCE 7/1 7391 7570 -179 MM
COOLING TOTAL 0 0 0 0
SINCE 1/1 0 0 0 MM
................................................................
WIND (MPH)
AVERAGE WIND SPEED 11.0
HIGHEST WIND SPEED/DIRECTION 44/090 DATE 01/07
HIGHEST GUST SPEED/DIRECTION 60/090 DATE 01/07
SKY COVER
AVERAGE SKY COVER 0.53
NUMBER OF DAYS FAIR 10
WEATHER CONDITIONS. NUMBER OF DAYS WITH
THUNDERSTORM 0 MIXED PRECIP 0
HEAVY RAIN 0 RAIN 0
LIGHT RAIN 1 FREEZING RAIN 0
LT FREEZING RAIN 4 HAIL 0
HEAVY SNOW 2 SNOW 6
LIGHT SNOW 21 SLEET 0
FOG 20 FOG W/VIS <= 1/4 MILE 5
HAZE 9
- INDICATES NEGATIVE NUMBERS.
R INDICATES RECORD WAS SET OR TIED.
MM INDICATES DATA IS MISSING.
T INDICATES TRACE AMOUNT.
$$