000
CXUS56 KOTX 011010
CF6OMK
PRELIMINARY LOCAL CLIMATOLOGICAL DATA (WS FORM: F-6)
STATION: OMAK WA AIRPORT
MONTH: FEBRUARY
YEAR: 2022
LATITUDE: 48 27 N
LONGITUDE: 119 31 W
TEMPERATURE IN F: :PCPN: SNOW: WIND :SUNSHINE: SKY :PK WND
================================================================================
1 2 3 4 5 6A 6B 7 8 9 10 11 12 13 14 15 16 17 18
12Z AVG MX 2MIN
DY MAX MIN AVG DEP HDD CDD WTR SNW DPTH SPD SPD DIR MIN PSBL S-S WX SPD DR
================================================================================
1 31 10 21 -9 44 0 0.00 M M 5.2 20 350 M M 6 18 25 350
2 25 16 21 -9 44 0 0.00 M M 9.5 21 10 M M 6 25 10
3 28 10 19 -11 46 0 0.00 M M 1.5 9 350 M M 8 10 360
4 31 24 28 -2 37 0 0.00 M M 5.6 17 210 M M 10 1 21 210
5 31 27 29 -1 36 0 0.00 M M 2.0 8 230 M M 10 1 9 210
6 31 26 29 -1 36 0 0.00 M M 1.6 7 180 M M 10 12 8 160
7 37 23 30 -1 35 0 0.00 M M 4.9 15 180 M M 5 1 20 180
8 37 19 28 -3 37 0 0.00 M M 2.3 8 300 M M 2 8 290
9 37 19 28 -3 37 0 0.00 M M 2.2 8 300 M M 0 9 300
10 42 18 30 -1 35 0 0.00 M M 4.5 21 350 M M 0 1 22 360
11 47 23 35 4 30 0 0.00 M M 10.7 25 350 M M 0 1 31 350
12 M 17 M M M M 0.00 M M 5.7 17 10 M M 0 20 10
13 33 9 21 -11 44 0 0.00 M M 1.2 7 240 M M 0 8 70
14 35 19 27 -5 38 0 0.01 M M 4.9 15 10 M M 7 1 19 330
15 41 21 31 -1 34 0 0.00 M M 2.7 13 350 M M 5 128 13 350
16 46 26 36 3 29 0 0.00 M M 7.2 20 10 M M 3 23 10
17 40 20 30 -3 35 0 0.00 M M 2.7 8 300 M M 0 8 280
18 42 21 32 -1 33 0 0.00 M M 2.2 12 360 M M 0 12 360
19 44 26 35 2 30 0 0.00 M M 3.9 20 160 M M 0 21 150
20 43 24 34 0 31 0 0.00 M M 5.4 16 10 M M 5 18 10
21 34 21 28 -6 37 0 0.00 M M 21.0 35 10 M M 8 42 10
22 25 16 21 -13 44 0 0.00 M M 16.1 30 10 M M 5 37 360
23 24 9 17 -18 48 0 T M M 5.9 15 360 M M 4 1 17 360
24 32 15 24 -11 41 0 T M M 7.7 16 360 M M 3 1 18 360
25 26 7 17 -18 48 0 0.00 M M 4.3 15 210 M M 6 17 210
26 33 16 25 -11 40 0 0.01 M M 3.4 12 190 M M 5 1 14 190
27 37 29 33 -3 32 0 0.09 M M 6.4 15 200 M M 10 1 18 200
28 38 33 36 0 29 0 0.15 M M 2.5 8 170 M M 10 126 11 250
================================================================================
SM 950 544 1010 0 0.26 M 153.2 M 128
================================================================================
AV 35.2 19.4 5.5 FASTST M M 5 MAX(MPH)
MISC ----> 35 10 42 10
================================================================================
NOTES:
# LAST OF SEVERAL OCCURRENCES
COLUMN 17 PEAK WIND IN M.P.H.
PRELIMINARY LOCAL CLIMATOLOGICAL DATA (WS FORM: F-6) , PAGE 2
STATION: OMAK WA AIRPORT
MONTH: FEBRUARY
YEAR: 2022
LATITUDE: 48 27 N
LONGITUDE: 119 31 W
[TEMPERATURE DATA] [PRECIPITATION DATA] SYMBOLS USED IN COLUMN 16
AVERAGE MONTHLY: 27.3 TOTAL FOR MONTH: 0.26 1 = FOG OR MIST
DPTR FM NORMAL: -5.2 DPTR FM NORMAL: -0.65 2 = FOG REDUCING VISIBILITY
HIGHEST: 47 ON 11 GRTST 24HR 0.18 ON 27-28 TO 1/4 MILE OR LESS
LOWEST: 7 ON 25 3 = THUNDER
SNOW, ICE PELLETS, HAIL 4 = ICE PELLETS
TOTAL MONTH: M 5 = HAIL
GRTST 24HR M ON M 6 = FREEZING RAIN OR DRIZZLE
GRTST DEPTH: M ON M 7 = DUSTSTORM OR SANDSTORM:
VSBY 1/2 MILE OR LESS
8 = SMOKE OR HAZE
[NO. OF DAYS WITH] [WEATHER - DAYS WITH] 9 = BLOWING SNOW
X = TORNADO
MAX 32 OR BELOW: 10 0.01 INCH OR MORE: 4
MAX 90 OR ABOVE: 0 0.10 INCH OR MORE: 1
MIN 32 OR BELOW: 27 0.50 INCH OR MORE: 0
MIN 0 OR BELOW: 0 1.00 INCH OR MORE: 0
[HDD (BASE 65) ]
TOTAL THIS MO. 1010 CLEAR (SCALE 0-3) 11
DPTR FM NORMAL 100 PTCLDY (SCALE 4-7) 11
TOTAL FM JUL 1 4788 CLOUDY (SCALE 8-10) 6
DPTR FM NORMAL 78
[CDD (BASE 65) ]
TOTAL THIS MO. 0
DPTR FM NORMAL 0 [PRESSURE DATA]
TOTAL FM JAN 1 0 HIGHEST SLP M ON M
DPTR FM NORMAL 0 LOWEST SLP 29.77 ON 19
[REMARKS]
#FINAL-02-22#